000
CDUS42 KRAH 292056
CLIGSO


CLIMATE REPORT
NATIONAL WEATHER SERVICE RALEIGH NC
453 PM EDT FRI APR 29 2016


...................................

...THE PIEDMONT TRIAD INTL AIRPORT NC CLIMATE SUMMARY FOR APRIL 29 2016...
VALID TODAY AS OF 0400 PM LOCAL TIME.

CLIMATE NORMAL PERIOD 1981 TO 2010
CLIMATE RECORD PERIOD 1903 TO 2016


WEATHER ITEM   OBSERVED TIME   RECORD YEAR NORMAL DEPARTURE LAST
                VALUE   (LST)  VALUE       VALUE  FROM      YEAR
                                                  NORMAL
..................................................................
TEMPERATURE (F)
 TODAY
  MAXIMUM         82    259 PM  93    1915  74      8       67
  MINIMUM         59    719 AM  35    1973  51      8       45
  AVERAGE         71                        62      9       56

PRECIPITATION (IN)
  TODAY            0.00          1.80 1999   0.12  -0.12     0.00
  MONTH TO DATE    2.05                      3.47  -1.42     2.48
  SINCE MAR 1      4.01                      7.20  -3.19     5.20
  SINCE JAN 1     10.15                     13.22  -3.07     9.88

SNOWFALL (IN)
  TODAY            0.0           0.0    MM   0.0    0.0      0.0
  MONTH TO DATE    0.0                       0.1   -0.1      0.0
  SINCE MAR 1      0.0                       0.9   -0.9       T
  SINCE JUL 1      4.5                       7.6   -3.1      9.6
  SNOW DEPTH       0

DEGREE DAYS
 HEATING
  TODAY            0                         4     -4        9
  MONTH TO DATE  182                       216    -34      158
  SINCE MAR 1    450                       686   -236      586
  SINCE JUL 1   2836                      3541   -705     3671

 COOLING
  TODAY            6                         2      4        0
  MONTH TO DATE   51                        35     16       35
  SINCE MAR 1     77                        40     37       37
  SINCE JAN 1     77                        40     37       37
..................................................................


WIND (MPH)
  HIGHEST WIND SPEED    15   HIGHEST WIND DIRECTION    NE (30)
  HIGHEST GUST SPEED    20   HIGHEST GUST DIRECTION    NW (320)
  AVERAGE WIND SPEED     6.0


SKY COVER
  POSSIBLE SUNSHINE  MM
  AVERAGE SKY COVER 0.8


WEATHER CONDITIONS
 THE FOLLOWING WEATHER WAS RECORDED TODAY.
  FOG
  FOG W/VISIBILITY <= 1/4 MILE
  HAZE


RELATIVE HUMIDITY (PERCENT)
 HIGHEST   100          1200 AM
 LOWEST     34           300 PM
 AVERAGE    67

..........................................................


THE PIEDMONT TRIAD INTL AIRPORT NC CLIMATE NORMALS FOR TOMORROW
                         NORMAL    RECORD    YEAR
 MAXIMUM TEMPERATURE (F)   74        91      1915
                                             1914
 MINIMUM TEMPERATURE (F)   51        33      1961


SUNRISE AND SUNSET
APRIL 29 2016.........SUNRISE   629 AM EDT   SUNSET   806 PM EDT
APRIL 30 2016.........SUNRISE   628 AM EDT   SUNSET   807 PM EDT


-  INDICATES NEGATIVE NUMBERS.
R  INDICATES RECORD WAS SET OR TIED.
MM INDICATES DATA IS MISSING.
T  INDICATES TRACE AMOUNT.




$$
