000
CDUS42 KRAH 240740
CLIGSO


CLIMATE REPORT
NATIONAL WEATHER SERVICE RALEIGH NC
237 AM EST WED JAN 24 2018


...................................

...THE PIEDMONT TRIAD INTL AIRPORT NC CLIMATE SUMMARY FOR JANUARY 23 2018...

CLIMATE NORMAL PERIOD 1981 TO 2010
CLIMATE RECORD PERIOD 1903 TO 2018


WEATHER ITEM   OBSERVED TIME   RECORD YEAR NORMAL DEPARTURE LAST
                VALUE   (LST)  VALUE       VALUE  FROM      YEAR
                                                  NORMAL
..................................................................
TEMPERATURE (F)
 YESTERDAY
  MAXIMUM         67    212 PM  73    1967  49     18       55
  MINIMUM         40   1156 PM   6    1936  30     10       42
  AVERAGE         54                        39     15       49

PRECIPITATION (IN)
  YESTERDAY        0.40          1.23 2002   0.10   0.30     0.89
  MONTH TO DATE    2.38                      2.30   0.08     5.10
  SINCE DEC 1      3.98                      5.28  -1.30     6.80
  SINCE JAN 1      2.38                      2.30   0.08     5.10

SNOWFALL (IN)
  YESTERDAY        0.0           4.0  1940   0.1   -0.1      0.0
  MONTH TO DATE    7.0                       2.5    4.5      8.0
  SINCE DEC 1      9.2                       3.3    5.9      8.0
  SINCE JUL 1      9.2                       3.4    5.8      8.0
  SNOW DEPTH       0

DEGREE DAYS
 HEATING
  YESTERDAY       11                        26    -15       16
  MONTH TO DATE  719                       598    121      478
  SINCE DEC 1   1449                      1332    117     1163
  SINCE JUL 1   2076                      2012     64     1613

 COOLING
  YESTERDAY        0                         0      0        0
  MONTH TO DATE    0                         0      0        0
  SINCE DEC 1      0                         1     -1        0
  SINCE JAN 1      0                         0      0        0
..................................................................


WIND (MPH)
  HIGHEST WIND SPEED    35   HIGHEST WIND DIRECTION    SW (230)
  HIGHEST GUST SPEED    47   HIGHEST GUST DIRECTION     W (250)
  AVERAGE WIND SPEED    16.7


SKY COVER
  POSSIBLE SUNSHINE  MM
  AVERAGE SKY COVER 0.5


WEATHER CONDITIONS
 THE FOLLOWING WEATHER WAS RECORDED YESTERDAY.
  HEAVY RAIN
  LIGHT RAIN
  FOG


RELATIVE HUMIDITY (PERCENT)
 HIGHEST   100           100 AM
 LOWEST     28           200 PM
 AVERAGE    64

..........................................................


THE PIEDMONT TRIAD INTL AIRPORT NC CLIMATE NORMALS FOR TODAY
                         NORMAL    RECORD    YEAR
 MAXIMUM TEMPERATURE (F)   49        76      1967
 MINIMUM TEMPERATURE (F)   30         4      1963


SUNRISE AND SUNSET
JANUARY 24 2018.......SUNRISE   726 AM EST   SUNSET   538 PM EST
JANUARY 25 2018.......SUNRISE   725 AM EST   SUNSET   539 PM EST


-  INDICATES NEGATIVE NUMBERS.
R  INDICATES RECORD WAS SET OR TIED.
MM INDICATES DATA IS MISSING.
T  INDICATES TRACE AMOUNT.




$$
