000
CDUS42 KRAH 262046
CLIGSO


CLIMATE REPORT
NATIONAL WEATHER SERVICE RALEIGH NC
444 PM EDT THU MAY 26 2016


...................................

...THE PIEDMONT TRIAD INTL AIRPORT NC CLIMATE SUMMARY FOR MAY 26 2016...
VALID TODAY AS OF 0400 PM LOCAL TIME.

CLIMATE NORMAL PERIOD 1981 TO 2010
CLIMATE RECORD PERIOD 1903 TO 2016


WEATHER ITEM   OBSERVED TIME   RECORD YEAR NORMAL DEPARTURE LAST
                VALUE   (LST)  VALUE       VALUE  FROM      YEAR
                                                  NORMAL
..................................................................
TEMPERATURE (F)
 TODAY
  MAXIMUM         86    333 PM  95    1926  80      6       85
                                      1914
                                      1911
  MINIMUM         63    337 AM  42    1930  59      4       65
                                      1925
  AVERAGE         75                        70      5       75

PRECIPITATION (IN)
  TODAY            0.00          1.97 1987   0.12  -0.12     0.02
  MONTH TO DATE    8.49                      2.77   5.72     2.66
  SINCE MAR 1     12.65                     10.07   2.58     7.88
  SINCE JAN 1     18.79                     16.09   2.70    12.56

DEGREE DAYS
 HEATING
  TODAY            0                         1     -1        0
  MONTH TO DATE   67                        62      5       20
  SINCE MAR 1    520                       753   -233      610
  SINCE JUL 1   2906                      3608   -702     3695

 COOLING
  TODAY           10                         6      4       10
  MONTH TO DATE   78                        90    -12      141
  SINCE MAR 1    155                       128     27      178
  SINCE JAN 1    155                       128     27      178
..................................................................


WIND (MPH)
  HIGHEST WIND SPEED    14   HIGHEST WIND DIRECTION     W (260)
  HIGHEST GUST SPEED    18   HIGHEST GUST DIRECTION     W (260)
  AVERAGE WIND SPEED     5.6


SKY COVER
  POSSIBLE SUNSHINE  MM
  AVERAGE SKY COVER 0.7


WEATHER CONDITIONS
 THE FOLLOWING WEATHER WAS RECORDED TODAY.
  NO SIGNIFICANT WEATHER WAS OBSERVED.


RELATIVE HUMIDITY (PERCENT)
 HIGHEST    87           400 AM
 LOWEST     44           100 PM
 AVERAGE    66

..........................................................


THE PIEDMONT TRIAD INTL AIRPORT NC CLIMATE NORMALS FOR TOMORROW
                         NORMAL    RECORD    YEAR
 MAXIMUM TEMPERATURE (F)   80       100      1911
 MINIMUM TEMPERATURE (F)   60        40      1961
                                             1910


SUNRISE AND SUNSET
MAY 26 2016...........SUNRISE   606 AM EDT   SUNSET   828 PM EDT
MAY 27 2016...........SUNRISE   606 AM EDT   SUNSET   828 PM EDT


-  INDICATES NEGATIVE NUMBERS.
R  INDICATES RECORD WAS SET OR TIED.
MM INDICATES DATA IS MISSING.
T  INDICATES TRACE AMOUNT.




$$
