000
CDUS42 KRAH 230529
CLIGSO


CLIMATE REPORT
NATIONAL WEATHER SERVICE RALEIGH NC
128 AM EDT TUE SEP 23 2014


...................................

...THE PIEDMONT TRIAD INTL AIRPORT NC CLIMATE SUMMARY FOR SEPTEMBER 22 2014...

CLIMATE NORMAL PERIOD 1981 TO 2010
CLIMATE RECORD PERIOD 1903 TO 2014


WEATHER ITEM   OBSERVED TIME   RECORD YEAR NORMAL DEPARTURE LAST
                VALUE   (LST)  VALUE       VALUE  FROM      YEAR
                                                  NORMAL
..................................................................
TEMPERATURE (F)
 YESTERDAY
  MAXIMUM         76    247 PM  95    1931  78     -2       77
  MINIMUM         57    615 AM  39    1918  58     -1       59
  AVERAGE         67                        68     -1       68

PRECIPITATION (IN)
  YESTERDAY        0.00          5.11 1979   0.12  -0.12     0.00
  MONTH TO DATE    2.57                      3.23  -0.66     2.13
  SINCE SEP 1      2.57                      3.23  -0.66     2.13
  SINCE JAN 1     28.45                     32.02  -3.57    40.52

DEGREE DAYS
 HEATING
  YESTERDAY        0                         2     -2        0
  MONTH TO DATE    0                        11    -11        2
  SINCE SEP 1      0                        11    -11        2
  SINCE JUL 1      0                        12    -12        4

 COOLING
  YESTERDAY        2                         4     -2        3
  MONTH TO DATE  187                       157     30      169
  SINCE SEP 1    187                       157     30      169
  SINCE JAN 1   1440                      1419     21     1328
..................................................................


WIND (MPH)
  HIGHEST WIND SPEED    12   HIGHEST WIND DIRECTION     N (20)
  HIGHEST GUST SPEED    16   HIGHEST GUST DIRECTION    NE (30)
  AVERAGE WIND SPEED     6.2


SKY COVER
  POSSIBLE SUNSHINE  MM
  AVERAGE SKY COVER 0.4


WEATHER CONDITIONS
 THE FOLLOWING WEATHER WAS RECORDED YESTERDAY.
  NO SIGNIFICANT WEATHER WAS OBSERVED.


RELATIVE HUMIDITY (PERCENT)
 HIGHEST    77           600 AM
 LOWEST     43           300 PM
 AVERAGE    60

..........................................................


THE PIEDMONT TRIAD INTL AIRPORT NC CLIMATE NORMALS FOR TODAY
                         NORMAL    RECORD    YEAR
 MAXIMUM TEMPERATURE (F)   77        97      1931
 MINIMUM TEMPERATURE (F)   58        38      1983


SUNRISE AND SUNSET
SEPTEMBER 23 2014.....SUNRISE   708 AM EDT   SUNSET   715 PM EDT
SEPTEMBER 24 2014.....SUNRISE   709 AM EDT   SUNSET   714 PM EDT


-  INDICATES NEGATIVE NUMBERS.
R  INDICATES RECORD WAS SET OR TIED.
MM INDICATES DATA IS MISSING.
T  INDICATES TRACE AMOUNT.




$$
