000
CDUS42 KRAH 260120
CLIGSO


CLIMATE REPORT
NATIONAL WEATHER SERVICE RALEIGH NC
918 PM EDT SUN JUN 25 2017


...................................

...THE PIEDMONT TRIAD INTL AIRPORT NC CLIMATE SUMMARY FOR JUNE 25 2017...
VALID AS OF 0818 PM LOCAL TIME.

CLIMATE NORMAL PERIOD 1981 TO 2010
CLIMATE RECORD PERIOD 1903 TO 2017


WEATHER ITEM   OBSERVED TIME   RECORD YEAR NORMAL DEPARTURE LAST
                VALUE   (LST)  VALUE       VALUE  FROM      YEAR
                                                  NORMAL
..................................................................
TEMPERATURE (F)
 TODAY
  MAXIMUM         82    155 PM 101    1914  87     -5       84
  MINIMUM         69    536 AM  52    1936  68      1       69
  AVERAGE         76                        77     -1       77

PRECIPITATION (IN)
  TODAY            0.00          2.49 1980   0.12  -0.12      T
  MONTH TO DATE    9.81                      3.14   6.67     1.64
  SINCE JUN 1      9.81                      3.14   6.67     1.64
  SINCE JAN 1     30.84                     19.84  11.00    20.61

..................................................................


WIND (MPH)
  HIGHEST WIND SPEED    12   HIGHEST WIND DIRECTION    NW (300)
  HIGHEST GUST SPEED    16   HIGHEST GUST DIRECTION    NW (310)
  AVERAGE WIND SPEED     5.2


SKY COVER
  POSSIBLE SUNSHINE  MM
  AVERAGE SKY COVER 0.8


WEATHER CONDITIONS
 THE FOLLOWING WEATHER WAS RECORDED TODAY.
  NO SIGNIFICANT WEATHER WAS OBSERVED.


RELATIVE HUMIDITY (PERCENT)
 HIGHEST   100          1200 AM
 LOWEST     51           200 PM
 AVERAGE    76

..........................................................


THE PIEDMONT TRIAD INTL AIRPORT NC CLIMATE NORMALS FOR TOMORROW
                         NORMAL    RECORD    YEAR
 MAXIMUM TEMPERATURE (F)   87       102      1914
 MINIMUM TEMPERATURE (F)   68        50      1979


SUNRISE AND SUNSET
JUNE 25 2017..........SUNRISE   604 AM EDT   SUNSET   841 PM EDT
JUNE 26 2017..........SUNRISE   605 AM EDT   SUNSET   841 PM EDT


-  INDICATES NEGATIVE NUMBERS.
R  INDICATES RECORD WAS SET OR TIED.
MM INDICATES DATA IS MISSING.
T  INDICATES TRACE AMOUNT.




$$
