663
CDUS42 KGSP 060632
CLIGSP

CLIMATE REPORT
NATIONAL WEATHER SERVICE GREENVILLE-SPARTANBURG SC
133 AM EST SAT FEB 6 2016


...................................

...THE GREENVILLE-SPARTANBURG SC CLIMATE SUMMARY FOR FEBRUARY 5 2016...

CLIMATE NORMAL PERIOD 1981 TO 2010
CLIMATE RECORD PERIOD 1884 TO 2016


WEATHER ITEM   OBSERVED TIME   RECORD YEAR NORMAL DEPARTURE LAST
                VALUE   (LST)  VALUE       VALUE  FROM      YEAR
                                                  NORMAL
..................................................................
TEMPERATURE (F)
 YESTERDAY
  MAXIMUM         49    413 PM  74    1899  55     -6       49
  MINIMUM         32   1159 PM   7    1917  33     -1       28
  AVERAGE         41                        44     -3       39

PRECIPITATION (IN)
  YESTERDAY        T             2.19 2010   0.13  -0.13     0.00
  MONTH TO DATE    1.62                      0.67   0.95     0.88
  SINCE DEC 1     15.24                      8.60   6.64     8.37
  SINCE JAN 1      5.16                      4.49   0.67     4.74

SNOWFALL (IN)
  YESTERDAY        T             1.0  1893   0.0    0.0      0.0
  MONTH TO DATE    T                         0.2   -0.2      0.0
  SINCE DEC 1      2.2                       2.9   -0.7      0.0
  SINCE JUL 1      2.2                       3.0   -0.8       T
  SNOW DEPTH       0

DEGREE DAYS
 HEATING
  YESTERDAY       24                        21      3       26
  MONTH TO DATE   61                       106    -45      120
  SINCE DEC 1   1129                      1463   -334     1361
  SINCE JUL 1   1574                      2016   -442     1998

 COOLING
  YESTERDAY        0                         0      0        0
  MONTH TO DATE    0                         0      0        0
  SINCE DEC 1     11                         1     10        0
  SINCE JAN 1      0                         0      0        0
..................................................................


WIND (MPH)
  HIGHEST WIND SPEED    20   HIGHEST WIND DIRECTION     N (10)
  HIGHEST GUST SPEED    28   HIGHEST GUST DIRECTION     N (10)
  AVERAGE WIND SPEED     6.9


SKY COVER
  POSSIBLE SUNSHINE  MM
  AVERAGE SKY COVER 0.2


WEATHER CONDITIONS
 THE FOLLOWING WEATHER WAS RECORDED YESTERDAY.
  LIGHT SNOW


RELATIVE HUMIDITY (PERCENT)
 HIGHEST    52           300 AM
 LOWEST     26           200 PM
 AVERAGE    39

..........................................................


THE GREENVILLE-SPARTANBURG SC CLIMATE NORMALS FOR TODAY
                         NORMAL    RECORD    YEAR
 MAXIMUM TEMPERATURE (F)   55        73      1927
 MINIMUM TEMPERATURE (F)   33         8      1917


SUNRISE AND SUNSET
FEBRUARY  6 2016......SUNRISE   724 AM EST   SUNSET   602 PM EST
FEBRUARY  7 2016......SUNRISE   723 AM EST   SUNSET   603 PM EST


-  INDICATES NEGATIVE NUMBERS.
R  INDICATES RECORD WAS SET OR TIED.
MM INDICATES DATA IS MISSING.
T  INDICATES TRACE AMOUNT.

$$
