000
CDUS42 KGSP 022126
CLIGSP

CLIMATE REPORT
NATIONAL WEATHER SERVICE GREENVILLE-SPARTANBURG SC
426 PM EST MON MAR 2 2015


...................................

...THE GREENVILLE-SPARTANBURG SC CLIMATE SUMMARY FOR MARCH 2 2015...
VALID TODAY AS OF 0400 PM LOCAL TIME.

CLIMATE NORMAL PERIOD 1981 TO 2010
CLIMATE RECORD PERIOD 1884 TO 2015


WEATHER ITEM   OBSERVED TIME   RECORD YEAR NORMAL DEPARTURE LAST
                VALUE   (LST)  VALUE       VALUE  FROM      YEAR
                                                  NORMAL
..................................................................
TEMPERATURE (F)
 TODAY
  MAXIMUM         69    259 PM  81    1976  60      9       73
  MINIMUM         43    315 AM  16    1914  38      5       39
  AVERAGE         56                        49      7       56

PRECIPITATION (IN)
  TODAY            0.00          1.80 1960   0.14  -0.14     0.00
  MONTH TO DATE    0.13                      0.29  -0.16      T
  SINCE MAR 1      0.13                      0.29  -0.16      T
  SINCE JAN 1      7.45                      8.08  -0.63     6.24

SNOWFALL (IN)
  TODAY            0.0           7.5  1942   0.1   -0.1      0.0
  MONTH TO DATE    0.0                       0.1   -0.1       T
  SINCE MAR 1      0.0                       0.1   -0.1       T
  SINCE JUL 1      3.7                       3.9   -0.2      7.2
  SNOW DEPTH       0

DEGREE DAYS
 HEATING
  TODAY            9                        16     -7        9
  MONTH TO DATE   36                        32      4       27
  SINCE MAR 1     36                        32      4       27
  SINCE JUL 1   2650                      2481    169     2586

 COOLING
  TODAY            0                         0      0        0
  MONTH TO DATE    0                         0      0        0
  SINCE MAR 1      0                         0      0        0
  SINCE JAN 1      0                         0      0        0
..................................................................


WIND (MPH)
  HIGHEST WIND SPEED    15   HIGHEST WIND DIRECTION     N (20)
  HIGHEST GUST SPEED    18   HIGHEST GUST DIRECTION    SW (230)
  AVERAGE WIND SPEED     7.4


SKY COVER
  POSSIBLE SUNSHINE  MM
  AVERAGE SKY COVER 0.6


WEATHER CONDITIONS
 THE FOLLOWING WEATHER WAS RECORDED TODAY.
  FOG
  FOG W/VISIBILITY <= 1/4 MILE
  HAZE


RELATIVE HUMIDITY (PERCENT)
 HIGHEST   100          1200 AM
 LOWEST     44           400 PM
 AVERAGE    72

..........................................................


THE GREENVILLE-SPARTANBURG SC CLIMATE NORMALS FOR TOMORROW
                         NORMAL    RECORD    YEAR
 MAXIMUM TEMPERATURE (F)   61        85      1976
 MINIMUM TEMPERATURE (F)   38        11      1980


SUNRISE AND SUNSET
MARCH  2 2015.........SUNRISE   657 AM EST   SUNSET   625 PM EST
MARCH  3 2015.........SUNRISE   656 AM EST   SUNSET   626 PM EST


-  INDICATES NEGATIVE NUMBERS.
R  INDICATES RECORD WAS SET OR TIED.
MM INDICATES DATA IS MISSING.
T  INDICATES TRACE AMOUNT.




$$
