000
CDUS42 KGSP 290635
CLIGSP

CLIMATE REPORT
NATIONAL WEATHER SERVICE GREENVILLE-SPARTANBURG SC
235 AM EDT SUN MAY 29 2016


...................................

...THE GREENVILLE-SPARTANBURG SC CLIMATE SUMMARY FOR MAY 28 2016...

CLIMATE NORMAL PERIOD 1981 TO 2010
CLIMATE RECORD PERIOD 1884 TO 2016


WEATHER ITEM   OBSERVED TIME   RECORD YEAR NORMAL DEPARTURE LAST
                VALUE   (LST)  VALUE       VALUE  FROM      YEAR
                                                  NORMAL
..................................................................
TEMPERATURE (F)
 YESTERDAY
  MAXIMUM         84    215 PM 100    1916  83      1       87
  MINIMUM         61    600 AM  43    1907  61      0       62
  AVERAGE         73                        72      1       75

PRECIPITATION (IN)
  YESTERDAY        0.00          3.97 1912   0.12  -0.12     0.00
  MONTH TO DATE    4.77                      3.38   1.39     2.98
  SINCE MAR 1      8.78                     11.26  -2.48    11.25
  SINCE JAN 1     17.04                     19.05  -2.01    18.57

SNOWFALL (IN)
  YESTERDAY        0.0           0.0    MM   0.0    0.0      0.0
  MONTH TO DATE    0.0                       0.0    0.0      0.0
  SINCE MAR 1      T                         0.9   -0.9      0.0
  SINCE JUL 1      2.6                       4.7   -2.1      3.7
  SNOW DEPTH       0

DEGREE DAYS
 HEATING
  YESTERDAY        0                         0      0        0
  MONTH TO DATE   34                        39     -5        8
  SINCE MAR 1    401                       596   -195      403
  SINCE JUL 1   2498                      3045   -547     3017

 COOLING
  YESTERDAY        8                         8      0       10
  MONTH TO DATE  128                       130     -2      190
  SINCE MAR 1    213                       178     35      246
  SINCE JAN 1    213                       178     35      246
..................................................................


WIND (MPH)
  HIGHEST WIND SPEED    12   HIGHEST WIND DIRECTION    SE (140)
  HIGHEST GUST SPEED    14   HIGHEST GUST DIRECTION    SE (140)
  AVERAGE WIND SPEED     3.3


SKY COVER
  POSSIBLE SUNSHINE  MM
  AVERAGE SKY COVER 0.2


WEATHER CONDITIONS
 THE FOLLOWING WEATHER WAS RECORDED YESTERDAY.
  FOG


RELATIVE HUMIDITY (PERCENT)
 HIGHEST    93           400 AM
 LOWEST     42          1100 AM
 AVERAGE    68

..........................................................


THE GREENVILLE-SPARTANBURG SC CLIMATE NORMALS FOR TODAY
                         NORMAL    RECORD    YEAR
 MAXIMUM TEMPERATURE (F)   84        98      1941
 MINIMUM TEMPERATURE (F)   61        44      1901


SUNRISE AND SUNSET
MAY 29 2016...........SUNRISE   617 AM EDT   SUNSET   836 PM EDT
MAY 30 2016...........SUNRISE   617 AM EDT   SUNSET   836 PM EDT


-  INDICATES NEGATIVE NUMBERS.
R  INDICATES RECORD WAS SET OR TIED.
MM INDICATES DATA IS MISSING.
T  INDICATES TRACE AMOUNT.

$$
