000
CDUS42 KGSP 300654
CLIGSP

CLIMATE REPORT
NATIONAL WEATHER SERVICE GREENVILLE-SPARTANBURG SC
253 AM EDT SAT MAY 30 2015


...................................

...THE GREENVILLE-SPARTANBURG SC CLIMATE SUMMARY FOR MAY 29 2015...

CLIMATE NORMAL PERIOD 1981 TO 2010
CLIMATE RECORD PERIOD 1884 TO 2015


WEATHER ITEM   OBSERVED TIME   RECORD YEAR NORMAL DEPARTURE LAST
                VALUE   (LST)  VALUE       VALUE  FROM      YEAR
                                                  NORMAL
..................................................................
TEMPERATURE (F)
 YESTERDAY
  MAXIMUM         83    502 PM  98    1941  84     -1       89
  MINIMUM         64    455 AM  44    1901  61      3       66
  AVERAGE         74                        72      2       78

PRECIPITATION (IN)
  YESTERDAY        T             1.45 1976   0.13  -0.13     0.16
  MONTH TO DATE    2.98                      3.51  -0.53     2.69
  SINCE MAR 1     11.25                     11.39  -0.14    11.83
  SINCE JAN 1     18.57                     19.18  -0.61    18.07

SNOWFALL (IN)
  YESTERDAY        0.0           0.0    MM   0.0    0.0      0.0
  MONTH TO DATE    0.0                       0.0    0.0      0.0
  SINCE MAR 1      0.0                       0.9   -0.9       T
  SINCE JUL 1      3.7                       4.7   -1.0      7.2
  SNOW DEPTH       0

DEGREE DAYS
 HEATING
  YESTERDAY        0                         0      0        0
  MONTH TO DATE    8                        39    -31       36
  SINCE MAR 1    403                       596   -193      649
  SINCE JUL 1   3017                      3045    -28     3208

 COOLING
  YESTERDAY        9                         8      1       13
  MONTH TO DATE  199                       138     61      194
  SINCE MAR 1    255                       186     69      236
  SINCE JAN 1    255                       186     69      236
..................................................................


WIND (MPH)
  HIGHEST WIND SPEED    13   HIGHEST WIND DIRECTION     S (170)
  HIGHEST GUST SPEED    15   HIGHEST GUST DIRECTION     S (180)
  AVERAGE WIND SPEED     3.0


SKY COVER
  POSSIBLE SUNSHINE  MM
  AVERAGE SKY COVER 0.4


WEATHER CONDITIONS
 THE FOLLOWING WEATHER WAS RECORDED YESTERDAY.
  LIGHT RAIN


RELATIVE HUMIDITY (PERCENT)
 HIGHEST   100           400 AM
 LOWEST     51           500 PM
 AVERAGE    76

..........................................................


THE GREENVILLE-SPARTANBURG SC CLIMATE NORMALS FOR TODAY
                         NORMAL    RECORD    YEAR
 MAXIMUM TEMPERATURE (F)   84        95      1914
 MINIMUM TEMPERATURE (F)   62        45      1893


SUNRISE AND SUNSET
MAY 30 2015...........SUNRISE   617 AM EDT   SUNSET   836 PM EDT
MAY 31 2015...........SUNRISE   617 AM EDT   SUNSET   837 PM EDT


-  INDICATES NEGATIVE NUMBERS.
R  INDICATES RECORD WAS SET OR TIED.
MM INDICATES DATA IS MISSING.
T  INDICATES TRACE AMOUNT.




$$
JPT
