000
CDUS42 KGSP 210630
CLIGSP

CLIMATE REPORT
NATIONAL WEATHER SERVICE GREENVILLE-SPARTANBURG SC
130 AM EST TUE NOV 21 2017


...................................

...THE GREENVILLE-SPARTANBURG SC CLIMATE SUMMARY FOR NOVEMBER 20 2017...

CLIMATE NORMAL PERIOD 1981 TO 2010
CLIMATE RECORD PERIOD 1884 TO 2017


WEATHER ITEM   OBSERVED TIME   RECORD YEAR NORMAL DEPARTURE LAST
                VALUE   (LST)  VALUE       VALUE  FROM      YEAR
                                                  NORMAL
..................................................................
TEMPERATURE (F)
 YESTERDAY
  MAXIMUM         57    325 PM  78    1942  62     -5       57
                                      1896
  MINIMUM         31    713 AM  19    1903  40     -9       28
  AVERAGE         44                        51     -7       43

PRECIPITATION (IN)
  YESTERDAY        0.00          1.10 1905   0.13  -0.13     0.00
  MONTH TO DATE    0.72                      2.33  -1.61     0.20
  SINCE SEP 1     12.22                      9.20   3.02     1.63
  SINCE JAN 1     50.19                     41.71   8.48    29.86

SNOWFALL (IN)
  YESTERDAY        0.0           T    1914   0.1   -0.1      0.0
  MONTH TO DATE    0.0                       0.1   -0.1      0.0
  SINCE SEP 1      0.0                       0.1   -0.1      0.0
  SINCE JUL 1      0.0                       0.1   -0.1      0.0
  SNOW DEPTH       0

DEGREE DAYS
 HEATING
  YESTERDAY       21                        14      7       22
  MONTH TO DATE  207                       225    -18      175
  SINCE SEP 1    352                       395    -43      217
  SINCE JUL 1    352                       395    -43      217

 COOLING
  YESTERDAY        0                         0      0        0
  MONTH TO DATE    8                         0      8       12
  SINCE SEP 1    336                       275     61      469
  SINCE JAN 1   1802                      1710     92     2188
..................................................................


WIND (MPH)
  HIGHEST WIND SPEED    12   HIGHEST WIND DIRECTION     S (200)
  HIGHEST GUST SPEED    14   HIGHEST GUST DIRECTION     N (20)
  AVERAGE WIND SPEED     2.2


SKY COVER
  POSSIBLE SUNSHINE  MM
  AVERAGE SKY COVER 0.0


WEATHER CONDITIONS
 THE FOLLOWING WEATHER WAS RECORDED YESTERDAY.
  NO SIGNIFICANT WEATHER WAS OBSERVED.


RELATIVE HUMIDITY (PERCENT)
 HIGHEST    79          1100 PM
 LOWEST     30           300 PM
 AVERAGE    55

..........................................................


THE GREENVILLE-SPARTANBURG SC CLIMATE NORMALS FOR TODAY
                         NORMAL    RECORD    YEAR
 MAXIMUM TEMPERATURE (F)   62        78      1942
 MINIMUM TEMPERATURE (F)   40        17      1914


SUNRISE AND SUNSET
NOVEMBER 21 2017......SUNRISE   709 AM EST   SUNSET   520 PM EST
NOVEMBER 22 2017......SUNRISE   710 AM EST   SUNSET   520 PM EST


-  INDICATES NEGATIVE NUMBERS.
R  INDICATES RECORD WAS SET OR TIED.
MM INDICATES DATA IS MISSING.
T  INDICATES TRACE AMOUNT.

$$
