000
CDUS42 KGSP 210656
CLIGSP

CLIMATE REPORT
NATIONAL WEATHER SERVICE GREENVILLE-SPARTANBURG SC
253 AM EDT MON APR 21 2014


...................................

...THE GREENVILLE-SPARTANBURG SC CLIMATE SUMMARY FOR APRIL 20 2014...

CLIMATE NORMAL PERIOD 1981 TO 2010
CLIMATE RECORD PERIOD 1884 TO 2014


WEATHER ITEM   OBSERVED TIME   RECORD YEAR NORMAL DEPARTURE LAST
                VALUE   (LST)  VALUE       VALUE  FROM      YEAR
                                                  NORMAL
..................................................................
TEMPERATURE (F)
 YESTERDAY
  MAXIMUM         71    428 PM  94    1917  74     -3       65
  MINIMUM         50    440 AM  25    1983  49      1       41
  AVERAGE         61                        62     -1       53

PRECIPITATION (IN)
  YESTERDAY        0.00          1.91 1920   0.11  -0.11     0.00
  MONTH TO DATE    4.85                      2.23   2.62     2.61
  SINCE MAR 1      8.94                      6.75   2.19     6.13
  SINCE JAN 1     15.18                     14.54   0.64    15.28

SNOWFALL (IN)
  YESTERDAY        0.0           T    1901   0.0    0.0      0.0
  MONTH TO DATE    0.0                       0.0    0.0      0.0
  SINCE MAR 1      T                         0.9   -0.9       T
  SINCE JUL 1      7.2                       4.7    2.5      2.0
  SNOW DEPTH       0

DEGREE DAYS
 HEATING
  YESTERDAY        4                         5     -1       12
  MONTH TO DATE  129                       134     -5       95
  SINCE MAR 1    606                       518     88      649
  SINCE JUL 1   3165                      2967    198     2835

 COOLING
  YESTERDAY        0                         2     -2        0
  MONTH TO DATE   20                        21     -1       35
  SINCE MAR 1     20                        29     -9       37
  SINCE JAN 1     20                        29     -9       37
..................................................................


WIND (MPH)
  HIGHEST WIND SPEED    22   HIGHEST WIND DIRECTION    NE (40)
  HIGHEST GUST SPEED    29   HIGHEST GUST DIRECTION    NE (30)
  AVERAGE WIND SPEED     9.2


SKY COVER
  POSSIBLE SUNSHINE  MM
  AVERAGE SKY COVER 0.3


WEATHER CONDITIONS
 THE FOLLOWING WEATHER WAS RECORDED YESTERDAY.
  NO SIGNIFICANT WEATHER WAS OBSERVED.


RELATIVE HUMIDITY (PERCENT)
 HIGHEST    83          1200 AM
 LOWEST     25           500 PM
 AVERAGE    54

..........................................................


THE GREENVILLE-SPARTANBURG SC CLIMATE NORMALS FOR TODAY
                         NORMAL    RECORD    YEAR
 MAXIMUM TEMPERATURE (F)   74        90      1963
                                             1917
 MINIMUM TEMPERATURE (F)   50        27      1983


SUNRISE AND SUNSET
APRIL 21 2014.........SUNRISE   650 AM EDT   SUNSET   806 PM EDT
APRIL 22 2014.........SUNRISE   648 AM EDT   SUNSET   807 PM EDT


-  INDICATES NEGATIVE NUMBERS.
R  INDICATES RECORD WAS SET OR TIED.
MM INDICATES DATA IS MISSING.
T  INDICATES TRACE AMOUNT.




$$
