000
CDUS42 KGSP 250632
CLIGSP

CLIMATE REPORT
NATIONAL WEATHER SERVICE GREENVILLE-SPARTANBURG SC
127 AM EST SUN JAN 25 2015


...................................

...THE GREENVILLE-SPARTANBURG SC CLIMATE SUMMARY FOR JANUARY 24 2015...

CLIMATE NORMAL PERIOD 1981 TO 2010
CLIMATE RECORD PERIOD 1884 TO 2015


WEATHER ITEM   OBSERVED TIME   RECORD YEAR NORMAL DEPARTURE LAST
                VALUE   (LST)  VALUE       VALUE  FROM      YEAR
                                                  NORMAL
..................................................................
TEMPERATURE (F)
 YESTERDAY
  MAXIMUM         56    338 PM  76    1967  53      3       31
  MINIMUM         34   1159 PM   9    2014  32      2        9
                                      1963
  AVERAGE         45                        42      3       20

PRECIPITATION (IN)
  YESTERDAY        0.20          2.49 2010   0.12   0.08     0.00
  MONTH TO DATE    3.86                      2.97   0.89     3.09
  SINCE DEC 1      7.49                      7.08   0.41     9.76
  SINCE JAN 1      3.86                      2.97   0.89     3.09

SNOWFALL (IN)
  YESTERDAY        0.0           3.8  1991   0.0    0.0      0.0
  MONTH TO DATE    0.0                       1.8   -1.8      0.0
  SINCE DEC 1      0.0                       2.2   -2.2      0.0
  SINCE JUL 1      T                         2.3   -2.3      0.1
  SNOW DEPTH       0

DEGREE DAYS
 HEATING
  YESTERDAY       20                        22     -2       45
  MONTH TO DATE  553                       551      2      673
  SINCE DEC 1   1076                      1201   -125     1232
  SINCE JUL 1   1713                      1754    -41     1836

 COOLING
  YESTERDAY        0                         0      0        0
  MONTH TO DATE    0                         0      0        0
  SINCE DEC 1      0                         1     -1        6
  SINCE JAN 1      0                         0      0        0
..................................................................


WIND (MPH)
  HIGHEST WIND SPEED    13   HIGHEST WIND DIRECTION    SW (210)
  HIGHEST GUST SPEED    17   HIGHEST GUST DIRECTION     W (280)
  AVERAGE WIND SPEED     5.8


SKY COVER
  POSSIBLE SUNSHINE  MM
  AVERAGE SKY COVER 0.4


WEATHER CONDITIONS
 THE FOLLOWING WEATHER WAS RECORDED YESTERDAY.
  LIGHT RAIN
  FOG


RELATIVE HUMIDITY (PERCENT)
 HIGHEST   100           200 AM
 LOWEST     28           500 PM
 AVERAGE    64

..........................................................


THE GREENVILLE-SPARTANBURG SC CLIMATE NORMALS FOR TODAY
                         NORMAL    RECORD    YEAR
 MAXIMUM TEMPERATURE (F)   53        74      1909
 MINIMUM TEMPERATURE (F)   32         9      1905


SUNRISE AND SUNSET
JANUARY 25 2015.......SUNRISE   732 AM EST   SUNSET   550 PM EST
JANUARY 26 2015.......SUNRISE   732 AM EST   SUNSET   552 PM EST


-  INDICATES NEGATIVE NUMBERS.
R  INDICATES RECORD WAS SET OR TIED.
MM INDICATES DATA IS MISSING.
T  INDICATES TRACE AMOUNT.

$$
07
