000
CDUS42 KGSP 010636 RRA
CLIGSP

CLIMATE REPORT
NATIONAL WEATHER SERVICE GREENVILLE-SPARTANBURG SC
233 AM EDT WED JUL 1 2015


...................................

...THE GREENVILLE-SPARTANBURG SC CLIMATE SUMMARY FOR JUNE 30 2015...

CLIMATE NORMAL PERIOD 1981 TO 2010
CLIMATE RECORD PERIOD 1884 TO 2015


WEATHER ITEM   OBSERVED TIME   RECORD YEAR NORMAL DEPARTURE LAST
                VALUE   (LST)  VALUE       VALUE  FROM      YEAR
                                                  NORMAL
..................................................................
TEMPERATURE (F)
 YESTERDAY
  MAXIMUM         91   1245 PM 103    2012  90      1       83
  MINIMUM         70    539 AM  55    1974  69      1       67
  AVERAGE         81                        79      2       75

PRECIPITATION (IN)
  YESTERDAY        0.01          1.14 1915   0.13  -0.12     0.03
  MONTH TO DATE    3.02                      3.80  -0.78     2.82
  SINCE JUN 1      3.02                      3.80  -0.78     2.82
  SINCE JAN 1     21.61                     23.23  -1.62    22.63

SNOWFALL (IN)
  YESTERDAY        0.0           0.0    MM   0.0    0.0      0.0
  MONTH TO DATE    0.0                       0.0    0.0      0.0
  SINCE JUN 1      0.0                       0.0    0.0      0.0
  SINCE JUL 1      3.7                       4.7   -1.0      7.2
  SNOW DEPTH       0

DEGREE DAYS
 HEATING
  YESTERDAY        0                         0      0        0
  MONTH TO DATE    0                         0      0        0
  SINCE JUN 1      0                         2     -2        0
  SINCE JUL 1   3017                      3046    -29     3208

 COOLING
  YESTERDAY       16                        14      2       10
  MONTH TO DATE  426                       351     75      384
  SINCE JUN 1    426                       351     75      384
  SINCE JAN 1    701                       552    149      640
..................................................................


WIND (MPH)
  HIGHEST WIND SPEED    18   HIGHEST WIND DIRECTION     S (200)
  HIGHEST GUST SPEED    30   HIGHEST GUST DIRECTION    SW (220)
  AVERAGE WIND SPEED     8.7


SKY COVER
  POSSIBLE SUNSHINE  MM
  AVERAGE SKY COVER 0.1


WEATHER CONDITIONS
 THE FOLLOWING WEATHER WAS RECORDED YESTERDAY.
  THUNDERSTORM
  LIGHT RAIN
  HAZE


RELATIVE HUMIDITY (PERCENT)
 HIGHEST    93          1100 PM
 LOWEST     43          1100 AM
 AVERAGE    68

..........................................................


THE GREENVILLE-SPARTANBURG SC CLIMATE NORMALS FOR TODAY
                         NORMAL    RECORD    YEAR
 MAXIMUM TEMPERATURE (F)   90       107      2012
 MINIMUM TEMPERATURE (F)   69        54      1979
                                             1885


SUNRISE AND SUNSET
JULY  1 2015..........SUNRISE   619 AM EDT   SUNSET   847 PM EDT
JULY  2 2015..........SUNRISE   619 AM EDT   SUNSET   846 PM EDT


-  INDICATES NEGATIVE NUMBERS.
R  INDICATES RECORD WAS SET OR TIED.
MM INDICATES DATA IS MISSING.
T  INDICATES TRACE AMOUNT.

$$
07
