000
CDUS45 KTFX 012227
CLIGTF


CLIMATE REPORT
NATIONAL WEATHER SERVICE GREAT FALLS MT
426 PM MDT WED JUL 1 2015


...................................

...THE GREAT FALLS MT CLIMATE SUMMARY FOR JULY 1 2015...
VALID TODAY AS OF 0400 PM LOCAL TIME.

CLIMATE NORMAL PERIOD 1981 TO 2010
CLIMATE RECORD PERIOD 1886 TO 2015


WEATHER ITEM   OBSERVED TIME   RECORD YEAR NORMAL DEPARTURE LAST
                VALUE   (LST)  VALUE       VALUE  FROM      YEAR
                                                  NORMAL
..................................................................
TEMPERATURE (F)
 TODAY
  MAXIMUM         90    149 PM  99    1990  79     11       77
  MINIMUM         54    405 AM  35    1894  49      5       46
  AVERAGE         72                        64      8       62

PRECIPITATION (IN)
  TODAY            0.00          0.88 2008   0.06  -0.06     0.00
  MONTH TO DATE    0.00                      0.06  -0.06     0.00
  SINCE OCT 1      9.19                     10.32  -1.13    13.34
  SINCE JAN 1      6.24                      8.32  -2.08    11.29

SNOWFALL (IN)
  TODAY            0.0           T    1954   0.0    0.0      0.0
  MONTH TO DATE    0.0                       0.0    0.0      0.0
  SINCE JUN 1      0.0                       0.3   -0.3      0.0
  SINCE JUL 1      0.0                       0.0    0.0      0.0
  SNOW DEPTH       0

DEGREE DAYS
 HEATING
  TODAY            0                         3     -3        3
  MONTH TO DATE    0                         3     -3        3
  SINCE JUN 1     82                       194   -112      226
  SINCE JUL 1      0                         3     -3        3

 COOLING
  TODAY            7                         2      5        0
  MONTH TO DATE    7                         2      5        0
  SINCE JUN 1    101                        34     67        0
  SINCE JAN 1    101                        41     60        0
..................................................................


WIND (MPH)
  HIGHEST WIND SPEED    33   HIGHEST WIND DIRECTION     N (10)
  HIGHEST GUST SPEED    40   HIGHEST GUST DIRECTION     N (10)
  AVERAGE WIND SPEED     8.1


SKY COVER
  AVERAGE SKY COVER 0.1


WEATHER CONDITIONS
 THE FOLLOWING WEATHER WAS RECORDED TODAY.
  HAZE


RELATIVE HUMIDITY (PERCENT)
 HIGHEST    86           400 AM
 LOWEST     23           200 PM
 AVERAGE    55

..........................................................


THE GREAT FALLS MT CLIMATE NORMALS FOR TOMORROW
                         NORMAL    RECORD    YEAR
 MAXIMUM TEMPERATURE (F)   79        99      2013
                                             1985
 MINIMUM TEMPERATURE (F)   49        40      2011
                                             1992
                                             1915


SUNRISE AND SUNSET
JULY  1 2015..........SUNRISE   532 AM MDT   SUNSET   926 PM MDT
JULY  2 2015..........SUNRISE   533 AM MDT   SUNSET   926 PM MDT


-  INDICATES NEGATIVE NUMBERS.
R  INDICATES RECORD WAS SET OR TIED.
MM INDICATES DATA IS MISSING.
T  INDICATES TRACE AMOUNT.




$$
