000
CDUS45 KTFX 272223
CLIGTF


CLIMATE REPORT
NATIONAL WEATHER SERVICE GREAT FALLS MT
422 PM MDT THU AUG 27 2015


...................................

...THE GREAT FALLS MT CLIMATE SUMMARY FOR AUGUST 27 2015...
VALID TODAY AS OF 0400 PM LOCAL TIME.

CLIMATE NORMAL PERIOD 1981 TO 2010
CLIMATE RECORD PERIOD 1886 TO 2015


WEATHER ITEM   OBSERVED TIME   RECORD YEAR NORMAL DEPARTURE LAST
                VALUE   (LST)  VALUE       VALUE  FROM      YEAR
                                                  NORMAL
..................................................................
TEMPERATURE (F)
 TODAY
  MAXIMUM         90    122 PM  98    1971  79     11       85
  MINIMUM         56    453 AM  39    1911  48      8       49
  AVERAGE         73                        63     10       67

PRECIPITATION (IN)
  TODAY            0.00          0.51 1928   0.06  -0.06     0.00
  MONTH TO DATE    0.36                      1.35  -0.99     4.39
  SINCE OCT 1     10.98                     13.11  -2.13    18.51
  SINCE JAN 1      8.03                     11.11  -3.08    16.46

SNOWFALL (IN)
  TODAY            0.0           0.0  2002   0.0    0.0      0.0
  MONTH TO DATE    0.0                       0.2   -0.2      0.0
  SINCE JUN 1      0.0                       0.5   -0.5      0.0
  SINCE JUL 1      0.0                       0.2   -0.2      0.0
  SNOW DEPTH       0

DEGREE DAYS
 HEATING
  TODAY            0                         4     -4        0
  MONTH TO DATE   48                        54     -6       57
  SINCE JUN 1    177                       295   -118      285
  SINCE JUL 1     95                       104     -9       62

 COOLING
  TODAY            8                         2      6        2
  MONTH TO DATE  143                       105     38      140
  SINCE JUN 1    367                       261    106      319
  SINCE JAN 1    367                       268     99      319
..................................................................


WIND (MPH)
  HIGHEST WIND SPEED    20   HIGHEST WIND DIRECTION    SW (230)
  HIGHEST GUST SPEED    25   HIGHEST GUST DIRECTION    SW (240)
  AVERAGE WIND SPEED     8.9


SKY COVER
  AVERAGE SKY COVER 0.5


WEATHER CONDITIONS
 THE FOLLOWING WEATHER WAS RECORDED TODAY.
  HAZE


RELATIVE HUMIDITY (PERCENT)
 HIGHEST    55           500 AM
 LOWEST     17           200 PM
 AVERAGE    36

..........................................................


THE GREAT FALLS MT CLIMATE NORMALS FOR TOMORROW
                         NORMAL    RECORD    YEAR
 MAXIMUM TEMPERATURE (F)   78        99      2012
 MINIMUM TEMPERATURE (F)   48        35      1918


SUNRISE AND SUNSET
AUGUST 27 2015........SUNRISE   637 AM MDT   SUNSET   816 PM MDT
AUGUST 28 2015........SUNRISE   639 AM MDT   SUNSET   814 PM MDT


-  INDICATES NEGATIVE NUMBERS.
R  INDICATES RECORD WAS SET OR TIED.
MM INDICATES DATA IS MISSING.
T  INDICATES TRACE AMOUNT.




$$
