000
CDUS45 KTFX 290939
CLIGTF


CLIMATE REPORT
NATIONAL WEATHER SERVICE GREAT FALLS MT
235 AM MST MON DEC 29 2014


...................................

...THE GREAT FALLS MT CLIMATE SUMMARY FOR DECEMBER 28 2014...

CLIMATE NORMAL PERIOD 1981 TO 2010
CLIMATE RECORD PERIOD 1886 TO 2014


WEATHER ITEM   OBSERVED TIME   RECORD YEAR NORMAL DEPARTURE LAST
                VALUE   (LST)  VALUE       VALUE  FROM      YEAR
                                                  NORMAL
..................................................................
TEMPERATURE (F)
 YESTERDAY
  MAXIMUM         29    239 AM  58    1999  34     -5       44
  MINIMUM          4   1159 PM -35    1968  14    -10        6
  AVERAGE         17                        24     -7       25

PRECIPITATION (IN)
  YESTERDAY        0.28          0.40 1989   0.02   0.26     0.01
  MONTH TO DATE    0.99                      0.50   0.49     0.90
  SINCE OCT 1      2.84                      1.95   0.89     2.01
  SINCE JAN 1     20.02                     14.70   5.32    11.74

SNOWFALL (IN)
  YESTERDAY        7.5 R         6.0  1923   0.3    7.2      0.3
  MONTH TO DATE   15.5                       8.5    7.0     13.2
  SINCE DEC 1     15.5                       8.5    7.0     13.2
  SINCE JUL 1     32.9                      22.2   10.7     22.9
  SNOW DEPTH       4

DEGREE DAYS
 HEATING
  YESTERDAY       48                        41      7       40
  MONTH TO DATE  939                      1125   -186     1245
  SINCE DEC 1    939                      1125   -186     1245
  SINCE JUL 1   2828                      3094   -266     3045

 COOLING
  YESTERDAY        0                         0      0        0
  MONTH TO DATE    0                         0      0        0
  SINCE DEC 1      0                         0      0        0
  SINCE JAN 1    350                       298     52      449
..................................................................


WIND (MPH)
  HIGHEST WIND SPEED    25   HIGHEST WIND DIRECTION     N (340)
  HIGHEST GUST SPEED    30   HIGHEST GUST DIRECTION     N (340)
  AVERAGE WIND SPEED    14.3


SKY COVER
  AVERAGE SKY COVER 1.0


WEATHER CONDITIONS
 THE FOLLOWING WEATHER WAS RECORDED YESTERDAY.
  HEAVY SNOW
  SNOW
  LIGHT SNOW
  FOG
  FOG W/VISIBILITY <= 1/4 MILE


RELATIVE HUMIDITY (PERCENT)
 HIGHEST   100           800 AM
 LOWEST     78           100 AM
 AVERAGE    89

..........................................................


THE GREAT FALLS MT CLIMATE NORMALS FOR TODAY
                         NORMAL    RECORD    YEAR
 MAXIMUM TEMPERATURE (F)   34        60      1956
 MINIMUM TEMPERATURE (F)   14       -43      1968


SUNRISE AND SUNSET
DECEMBER 29 2014......SUNRISE   813 AM MST   SUNSET   442 PM MST
DECEMBER 30 2014......SUNRISE   813 AM MST   SUNSET   443 PM MST


-  INDICATES NEGATIVE NUMBERS.
R  INDICATES RECORD WAS SET OR TIED.
MM INDICATES DATA IS MISSING.
T  INDICATES TRACE AMOUNT.




$$
