000
CDUS45 KTFX 280748
CLIGTF


CLIMATE REPORT
NATIONAL WEATHER SERVICE GREAT FALLS MT
1246 AM MST TUE FEB 28 2017


...................................

...THE GREAT FALLS MT CLIMATE SUMMARY FOR FEBRUARY 27 2017...

CLIMATE NORMAL PERIOD 1981 TO 2010
CLIMATE RECORD PERIOD 1886 TO 2017


WEATHER ITEM   OBSERVED TIME   RECORD YEAR NORMAL DEPARTURE LAST
                VALUE   (LST)  VALUE       VALUE  FROM      YEAR
                                                  NORMAL
..................................................................
TEMPERATURE (F)
 YESTERDAY
  MAXIMUM         22   1159 PM  70    1992  41    -19       54
                                      1932
  MINIMUM          6    747 AM -22    1917  18    -12       23
  AVERAGE         14                        29    -15       39

PRECIPITATION (IN)
  YESTERDAY        0.05          0.34 1952   0.02   0.03      T
  MONTH TO DATE    0.57                      0.45   0.12     0.03
  SINCE OCT 1      4.35                      2.96   1.39     5.75
  SINCE JAN 1      1.42                      0.96   0.46     0.65

SNOWFALL (IN)
  YESTERDAY        0.4           5.1  1952   0.3    0.1      0.0
  MONTH TO DATE    6.3                       7.9   -1.6      0.1
  SINCE DEC 1     34.6                      26.0    8.6     22.0
  SINCE JUL 1     37.3                      39.7   -2.4     37.9
  SNOW DEPTH       3

DEGREE DAYS
 HEATING
  YESTERDAY       51                        36     15       26
  MONTH TO DATE 1052                      1020     32      718
  SINCE DEC 1   4067                      3502    565     3061
  SINCE JUL 1   5652                      5471    181     4882

 COOLING
  YESTERDAY        0                         0      0        0
  MONTH TO DATE    0                         0      0        0
  SINCE DEC 1      0                         0      0        0
  SINCE JAN 1      0                         0      0        0
..................................................................


WIND (MPH)
  HIGHEST WIND SPEED    13   HIGHEST WIND DIRECTION    SW (220)
  HIGHEST GUST SPEED    15   HIGHEST GUST DIRECTION     S (200)
  AVERAGE WIND SPEED     6.9


SKY COVER
  AVERAGE SKY COVER 0.4


WEATHER CONDITIONS
 THE FOLLOWING WEATHER WAS RECORDED YESTERDAY.
  LIGHT SNOW
  FOG
  HAZE


RELATIVE HUMIDITY (PERCENT)
 HIGHEST    92           900 AM
 LOWEST     67           100 PM
 AVERAGE    80

..........................................................


THE GREAT FALLS MT CLIMATE NORMALS FOR TODAY
                         NORMAL    RECORD    YEAR
 MAXIMUM TEMPERATURE (F)   41        68      1992
                                             1986
 MINIMUM TEMPERATURE (F)   18       -18      1996


SUNRISE AND SUNSET
FEBRUARY 28 2017......SUNRISE   707 AM MST   SUNSET   609 PM MST
MARCH  1 2017.........SUNRISE   705 AM MST   SUNSET   611 PM MST


-  INDICATES NEGATIVE NUMBERS.
R  INDICATES RECORD WAS SET OR TIED.
MM INDICATES DATA IS MISSING.
T  INDICATES TRACE AMOUNT.




$$
