000
CDUS45 KTFX 260928
CLIGTF


CLIMATE REPORT
NATIONAL WEATHER SERVICE GREAT FALLS MT
328 AM MDT SAT JUL 26 2014


...................................

...THE GREAT FALLS MT CLIMATE SUMMARY FOR JULY 25 2014...

CLIMATE NORMAL PERIOD 1981 TO 2010
CLIMATE RECORD PERIOD 1886 TO 2014


WEATHER ITEM   OBSERVED TIME   RECORD YEAR NORMAL DEPARTURE LAST
                VALUE   (LST)  VALUE       VALUE  FROM      YEAR
                                                  NORMAL
..................................................................
TEMPERATURE (F)
 YESTERDAY
  MAXIMUM         80    457 PM 107    1933  86     -6       86
  MINIMUM         47    113 AM  37    1918  53     -6       53
  AVERAGE         64                        69     -5       70

PRECIPITATION (IN)
  YESTERDAY        0.00          0.54 1955   0.03  -0.03     0.00
  MONTH TO DATE    0.78                      1.27  -0.49     0.22
  SINCE OCT 1     14.12                     11.53   2.59    11.00
  SINCE JAN 1     12.07                      9.53   2.54     7.66

SNOWFALL (IN)
  YESTERDAY        0.0           0.0  2002   0.0    0.0      0.0
  MONTH TO DATE    0.0                       0.0    0.0      0.0
  SINCE JUN 1      0.0                       0.3   -0.3      0.0
  SINCE JUL 1      0.0                       0.0    0.0      0.0
  SNOW DEPTH       0

DEGREE DAYS
 HEATING
  YESTERDAY        1                         1      0        0
  MONTH TO DATE    4                        44    -40        9
  SINCE JUN 1    227                       235     -8      181
  SINCE JUL 1      4                        44    -40        9

 COOLING
  YESTERDAY        0                         5     -5        5
  MONTH TO DATE  132                        95     37      156
  SINCE JUN 1    132                       127      5      183
  SINCE JAN 1    132                       134     -2      186
..................................................................


WIND (MPH)
  HIGHEST WIND SPEED    36   HIGHEST WIND DIRECTION    SW (220)
  HIGHEST GUST SPEED    45   HIGHEST GUST DIRECTION    SW (220)
  AVERAGE WIND SPEED    20.7


SKY COVER
  AVERAGE SKY COVER 0.0


WEATHER CONDITIONS
 THE FOLLOWING WEATHER WAS RECORDED YESTERDAY.
  NO SIGNIFICANT WEATHER WAS OBSERVED.


RELATIVE HUMIDITY (PERCENT)
 HIGHEST    50           100 AM
 LOWEST     16           500 PM
 AVERAGE    33

..........................................................


THE GREAT FALLS MT CLIMATE NORMALS FOR TODAY
                         NORMAL    RECORD    YEAR
 MAXIMUM TEMPERATURE (F)   86       103      1933
 MINIMUM TEMPERATURE (F)   53        41      2005


SUNRISE AND SUNSET
JULY 26 2014..........SUNRISE   556 AM MDT   SUNSET   907 PM MDT
JULY 27 2014..........SUNRISE   557 AM MDT   SUNSET   906 PM MDT


-  INDICATES NEGATIVE NUMBERS.
R  INDICATES RECORD WAS SET OR TIED.
MM INDICATES DATA IS MISSING.
T  INDICATES TRACE AMOUNT.




$$
