000
CDGM40 PGUM 251845
CLIGUM


CLIMATE REPORT
NATIONAL WEATHER SERVICE TIYAN, GUAM
445 AM CHST SUN OCT 26 2014


...................................

...THE GUAM INTERNATIONAL AIRPORT GU CLIMATE SUMMARY FOR OCTOBER 25 2014...

CLIMATE NORMAL PERIOD 1981 TO 2010
CLIMATE RECORD PERIOD 1945 TO 2014


WEATHER ITEM   OBSERVED TIME   RECORD YEAR NORMAL DEPARTURE LAST
                VALUE   (LST)  VALUE       VALUE  FROM      YEAR
                                                  NORMAL
..................................................................
TEMPERATURE (F)
 YESTERDAY
  MAXIMUM         90    200 PM  91    1990  87      3       87
                                      1986
                                      1979
  MINIMUM         79    644 AM  72    1988  77      2       78
                                      1966
                                      1964
  AVERAGE         85                        82      3       83

PRECIPITATION (IN)
  YESTERDAY        0.09          2.85 1994   0.35  -0.26     0.00
  MONTH TO DATE   15.00                      9.74   5.26    20.23
  SINCE SEP 1     29.72                     23.91   5.81    52.48
  SINCE JAN 1    105.31                     80.43  24.88    91.70

SNOWFALL (IN)
  YESTERDAY        0.0
  MONTH TO DATE    0.0
  SINCE SEP 1      0.0
  SINCE JUL 1      0.0
  SNOW DEPTH       0

DEGREE DAYS
 HEATING
  YESTERDAY        0                         0      0        0
  MONTH TO DATE    0                         0      0        0
  SINCE SEP 1      0                         0      0        0
  SINCE JUL 1      0                         0      0        0

 COOLING
  YESTERDAY       20                        17      3       18
  MONTH TO DATE  441                       425     16      416
  SINCE SEP 1    972                       918     54      926
  SINCE JAN 1   5272                      4905    367     5439
..................................................................


WIND (MPH)
  RESULTANT WIND SPEED   8   RESULTANT WIND DIRECTION   E (80)
  HIGHEST WIND SPEED    20   HIGHEST WIND DIRECTION    NE (60)
  HIGHEST GUST SPEED    26   HIGHEST GUST DIRECTION    NE (60)
  AVERAGE WIND SPEED     8.1


SKY COVER
  POSSIBLE SUNSHINE  MM
  AVERAGE SKY COVER 0.3


WEATHER CONDITIONS
 THE FOLLOWING WEATHER WAS RECORDED YESTERDAY.
  RAIN
  FOG


RELATIVE HUMIDITY (PERCENT)
 HIGHEST    91          1200 AM
 LOWEST     68           900 AM
 AVERAGE    80

..........................................................


THE GUAM INTERNATIONAL AIRPORT GU CLIMATE NORMALS FOR TODAY
                         NORMAL    RECORD    YEAR
 MAXIMUM TEMPERATURE (F)   87        91      1988
                                             1986
 MINIMUM TEMPERATURE (F)   77        72      1972


SUNRISE AND SUNSET
OCTOBER 26 2014.......SUNRISE   613 AM CHST  SUNSET   556 PM CHST
OCTOBER 27 2014.......SUNRISE   614 AM CHST  SUNSET   556 PM CHST


-  INDICATES NEGATIVE NUMBERS.
R  INDICATES RECORD WAS SET OR TIED.
MM INDICATES DATA IS MISSING.
T  INDICATES TRACE AMOUNT.




$$
