000
CDGM40 PGUM 140720
CLIGUM


CLIMATE REPORT
NATIONAL WEATHER SERVICE TIYAN, GUAM
520 PM CHST MON JUL 14 2014


...................................

...THE GUAM INTERNATIONAL AIRPORT GU CLIMATE SUMMARY FOR JULY 14 2014...
VALID TODAY AS OF 0500 PM LOCAL TIME.

CLIMATE NORMAL PERIOD 1981 TO 2010
CLIMATE RECORD PERIOD 1945 TO 2014


WEATHER ITEM   OBSERVED TIME   RECORD YEAR NORMAL DEPARTURE LAST
                VALUE   (LST)  VALUE       VALUE  FROM      YEAR
                                                  NORMAL
..................................................................
TEMPERATURE (F)
 TODAY
  MAXIMUM         88    113 PM  93    1964  87      1       92
  MINIMUM         79   1258 PM  72    1950  77      2       79
  AVERAGE         84                        82      2       86

PRECIPITATION (IN)
  TODAY            0.22          3.06 2011   0.38  -0.16     0.33
  MONTH TO DATE    5.28                      4.85   0.43     2.68
  SINCE JUN 1     11.36                     11.94  -0.58     9.00
  SINCE JAN 1     42.40                     32.08  10.32    25.67

SNOWFALL (IN)
  TODAY            0.0
  MONTH TO DATE    0.0
  SINCE JUN 1      0.0
  SINCE JUL 1      0.0
  SNOW DEPTH       0

DEGREE DAYS
 HEATING
  TODAY            0
  MONTH TO DATE    0
  SINCE JUN 1      0
  SINCE JUL 1      0

 COOLING
  TODAY           19                        17      2       21
  MONTH TO DATE  258                       238     20      283
  SINCE JUN 1    846                       767     79      900
  SINCE JAN 1   3482                      3195    287     3605
..................................................................


WIND (MPH)
  RESULTANT WIND SPEED   8   RESULTANT WIND DIRECTION   E (110)
  HIGHEST WIND SPEED    16   HIGHEST WIND DIRECTION     E (110)
  HIGHEST GUST SPEED    23   HIGHEST GUST DIRECTION     E (110)
  AVERAGE WIND SPEED     7.8


SKY COVER
  POSSIBLE SUNSHINE  MM
  AVERAGE SKY COVER 0.3


WEATHER CONDITIONS
 THE FOLLOWING WEATHER WAS RECORDED TODAY.
  HEAVY RAIN
  LIGHT RAIN
  FOG


RELATIVE HUMIDITY (PERCENT)
 HIGHEST    97           500 AM
 LOWEST     68          1200 PM
 AVERAGE    83

..........................................................


THE GUAM INTERNATIONAL AIRPORT GU CLIMATE NORMALS FOR TOMORROW
                         NORMAL    RECORD    YEAR
 MAXIMUM TEMPERATURE (F)   87        93      1993
 MINIMUM TEMPERATURE (F)   77        72      1995
                                             1967


SUNRISE AND SUNSET
JULY 14 2014..........SUNRISE   601 AM CHST  SUNSET   652 PM CHST
JULY 15 2014..........SUNRISE   601 AM CHST  SUNSET   652 PM CHST


-  INDICATES NEGATIVE NUMBERS.
R  INDICATES RECORD WAS SET OR TIED.
MM INDICATES DATA IS MISSING.
T  INDICATES TRACE AMOUNT.




$$
