272
CDUS44 KAMA 272147
CLIGUY


CLIMATE REPORT
NATIONAL WEATHER SERVICE AMARILLO TX
445 PM CDT FRI MAY 27 2016


...................................

...THE GUYMON CLIMATE SUMMARY FOR MAY 27 2016...
VALID TODAY AS OF 0400 PM LOCAL TIME.

CLIMATE NORMAL PERIOD 1981 TO 2010
CLIMATE RECORD PERIOD 1998 TO 2016


WEATHER ITEM   OBSERVED TIME   RECORD YEAR NORMAL DEPARTURE LAST
                VALUE   (LST)  VALUE       VALUE  FROM      YEAR
                                                  NORMAL
..................................................................
TEMPERATURE (F)
 TODAY
  MAXIMUM         72    211 PM  MM      MM  82    -10       88
  MINIMUM         47    555 AM  MM      MM  55     -8       59
  AVERAGE         60                        68     -8       74

PRECIPITATION (IN)
  TODAY            0.00         MM      MM   0.10  -0.10     0.01
  MONTH TO DATE    0.81                      1.98  -1.17     6.33
  SINCE MAR 1      6.33                      4.92   1.41     8.80
  SINCE JAN 1      6.76                      5.79   0.97    10.75

SNOWFALL (IN)
  TODAY            0.0          MM      MM  MM     MM        0.0
  MONTH TO DATE    0.0                      MM     MM        0.0
  SINCE MAR 1      T                        MM     MM        2.0
  SINCE JUL 1      T                        MM     MM       23.3
  SNOW DEPTH       0

DEGREE DAYS
 HEATING
  TODAY            5                         1      4        0
  MONTH TO DATE  133                        91     42      113
  SINCE MAR 1    816                       977   -161      779
  SINCE JUL 1   3783                      4444   -661     3996

 COOLING
  TODAY            0                         5     -5        9
  MONTH TO DATE   66                        73     -7       40
  SINCE MAR 1     83                        88     -5       57
  SINCE JAN 1     86                        88     -2       57
..................................................................


WIND (MPH)
  RESULTANT WIND SPEED  14   RESULTANT WIND DIRECTION   W (290)
  HIGHEST WIND SPEED    30   HIGHEST WIND DIRECTION     W (260)
  HIGHEST GUST SPEED    37   HIGHEST GUST DIRECTION     W (260)
  AVERAGE WIND SPEED    15.5


SKY COVER
  AVERAGE SKY COVER 0.1


WEATHER CONDITIONS
 THE FOLLOWING WEATHER WAS RECORDED TODAY.
  NO SIGNIFICANT WEATHER WAS OBSERVED.


RELATIVE HUMIDITY (PERCENT)
 HIGHEST    77           300 AM
 LOWEST     33           100 PM
 AVERAGE    55

..........................................................


THE GUYMON CLIMATE NORMALS FOR TOMORROW
                         NORMAL    RECORD    YEAR
 MAXIMUM TEMPERATURE (F)   82        MM        MM
 MINIMUM TEMPERATURE (F)   55        MM        MM


SUNRISE AND SUNSET
MAY 27 2016...........SUNRISE   631 AM CDT   SUNSET   856 PM CDT
MAY 28 2016...........SUNRISE   630 AM CDT   SUNSET   857 PM CDT


-  INDICATES NEGATIVE NUMBERS.
R  INDICATES RECORD WAS SET OR TIED.
MM INDICATES DATA IS MISSING.
T  INDICATES TRACE AMOUNT.




$$
