000
CDUS44 KAMA 160636
CLIGUY


CLIMATE REPORT
NATIONAL WEATHER SERVICE AMARILLO TX
131 AM CDT WED APR 16 2014


...................................

...THE GUYMON CLIMATE SUMMARY FOR APRIL 15 2014...

CLIMATE NORMAL PERIOD 1981 TO 2010
CLIMATE RECORD PERIOD 1998 TO 2014


WEATHER ITEM   OBSERVED TIME   NORMAL DEPARTURE LAST
                VALUE   (LST)  VALUE  FROM      YEAR
                                      NORMAL
......................................................
TEMPERATURE (F)
 YESTERDAY
  MAXIMUM         70    430 PM  70      0       71
  MINIMUM         23    500 AM  40    -17       35
  AVERAGE         47            55     -8       53

PRECIPITATION (IN)
  YESTERDAY        0.00          0.05  -0.05     0.00
  MONTH TO DATE    0.20          0.71  -0.51     0.10
  SINCE MAR 1      0.41          2.14  -1.73     0.24
  SINCE JAN 1      0.75          3.01  -2.26     1.80

SNOWFALL (IN)
  YESTERDAY        0.0                           0.0
  MONTH TO DATE    2.0                            T
  SINCE MAR 1      3.5                           2.5
  SINCE JUL 1     16.2                          22.0
  SNOW DEPTH       0

DEGREE DAYS
 HEATING
  YESTERDAY       18            10      8       12
  MONTH TO DATE  188           185      3      214
  SINCE MAR 1    793           766     27      772
  SINCE JUL 1   4359          4233    126     4005

 COOLING
  YESTERDAY        0             0      0        0
  MONTH TO DATE    4             0      4        6
  SINCE MAR 1      5             2      3        6
  SINCE JAN 1      5             2      3        6
......................................................


WIND (MPH)
  RESULTANT WIND SPEED  15   RESULTANT WIND DIRECTION  SW (210)
  HIGHEST WIND SPEED    29   HIGHEST WIND DIRECTION    SW (210)
  HIGHEST GUST SPEED    39   HIGHEST GUST DIRECTION    SW (220)
  AVERAGE WIND SPEED    17.0


SKY COVER
  AVERAGE SKY COVER 0.0


WEATHER CONDITIONS
 THE FOLLOWING WEATHER WAS RECORDED YESTERDAY.
  NO SIGNIFICANT WEATHER WAS OBSERVED.


RELATIVE HUMIDITY (PERCENT)
 HIGHEST    75           600 AM
 LOWEST     12           500 PM
 AVERAGE    44

..........................................................


THE GUYMON CLIMATE NORMALS FOR TODAY
                         NORMAL
 MAXIMUM TEMPERATURE (F)   70
 MINIMUM TEMPERATURE (F)   40


SUNRISE AND SUNSET
APRIL 16 2014.........SUNRISE   711 AM CDT   SUNSET   821 PM CDT
APRIL 17 2014.........SUNRISE   709 AM CDT   SUNSET   822 PM CDT


-  INDICATES NEGATIVE NUMBERS.
R  INDICATES RECORD WAS SET OR TIED.
MM INDICATES DATA IS MISSING.
T  INDICATES TRACE AMOUNT.




$$
