000
CDUS44 KAMA 220725
CLIGUY


CLIMATE REPORT
NATIONAL WEATHER SERVICE AMARILLO TX
125 AM CST WED FEB 22 2017


...................................

...THE GUYMON CLIMATE SUMMARY FOR FEBRUARY 21 2017...

CLIMATE NORMAL PERIOD 1981 TO 2010
CLIMATE RECORD PERIOD 1998 TO 2017


WEATHER ITEM   OBSERVED TIME   RECORD YEAR NORMAL DEPARTURE LAST
                VALUE   (LST)  VALUE       VALUE  FROM      YEAR
                                                  NORMAL
..................................................................
TEMPERATURE (F)
 YESTERDAY
  MAXIMUM         81R   411 PM  80    2000  54     27       59
  MINIMUM         26    726 AM  10    2006  25      1       32
  AVERAGE         54                        40     14       46

PRECIPITATION (IN)
  YESTERDAY        0.00          0.34 2013   0.02  -0.02     0.00
  MONTH TO DATE    0.01                      0.34  -0.33     0.22
  SINCE DEC 1      2.46                      1.38   1.08     1.20
  SINCE JAN 1      2.02                      0.74   1.28     0.36

SNOWFALL (IN)
  YESTERDAY        0.0           7.0  2013  MM     MM        0.0
  MONTH TO DATE    0.0                      MM     MM        0.0
  SINCE DEC 1      0.8                      MM     MM        0.0
  SINCE JUL 1      0.8                      MM     MM        0.0
  SNOW DEPTH       0

DEGREE DAYS
 HEATING
  YESTERDAY       11                        25    -14       19
  MONTH TO DATE  382                       568   -186      412
  SINCE DEC 1   2227                      2405   -178     2099
  SINCE JUL 1   2765                      3296   -531     2813

 COOLING
  YESTERDAY        0                         0      0        0
  MONTH TO DATE    8                         0      8        3
  SINCE DEC 1      8                         0      8        3
  SINCE JAN 1      8                         0      8        3
..................................................................


WIND (MPH)
  RESULTANT WIND SPEED   4   RESULTANT WIND DIRECTION  SW (230)
  HIGHEST WIND SPEED    18   HIGHEST WIND DIRECTION    SW (230)
  HIGHEST GUST SPEED    21   HIGHEST GUST DIRECTION    SW (220)
  AVERAGE WIND SPEED     6.0


SKY COVER
  AVERAGE SKY COVER 0.0


WEATHER CONDITIONS
 THE FOLLOWING WEATHER WAS RECORDED YESTERDAY.
  NO SIGNIFICANT WEATHER WAS OBSERVED.


RELATIVE HUMIDITY (PERCENT)
 HIGHEST    63           600 AM
 LOWEST      9          1200 PM
 AVERAGE    36

..........................................................


THE GUYMON CLIMATE NORMALS FOR TODAY
                         NORMAL    RECORD    YEAR
 MAXIMUM TEMPERATURE (F)   55        76      2012
 MINIMUM TEMPERATURE (F)   25         2      2013


SUNRISE AND SUNSET
FEBRUARY 22 2017......SUNRISE   725 AM CST   SUNSET   634 PM CST
FEBRUARY 23 2017......SUNRISE   724 AM CST   SUNSET   635 PM CST


-  INDICATES NEGATIVE NUMBERS.
R  INDICATES RECORD WAS SET OR TIED.
MM INDICATES DATA IS MISSING.
T  INDICATES TRACE AMOUNT.




$$
