000
CDUS44 KAMA 020634
CLIGUY


CLIMATE REPORT
NATIONAL WEATHER SERVICE AMARILLO TX
130 AM CDT THU OCT 2 2014


...................................

...THE GUYMON CLIMATE SUMMARY FOR OCTOBER 1 2014...

CLIMATE NORMAL PERIOD 1981 TO 2010
CLIMATE RECORD PERIOD 1998 TO 2014


WEATHER ITEM   OBSERVED TIME   NORMAL DEPARTURE LAST
                VALUE   (LST)  VALUE  FROM      YEAR
                                      NORMAL
......................................................
TEMPERATURE (F)
 YESTERDAY
  MAXIMUM         85    451 PM  78      7       83
  MINIMUM         50    333 AM  49      1       45
  AVERAGE         68            63      5       64

PRECIPITATION (IN)
  YESTERDAY        0.00          0.08  -0.08     0.00
  MONTH TO DATE    0.00          0.08  -0.08     0.00
  SINCE SEP 1      1.85          1.87  -0.02     2.77
  SINCE JAN 1     10.29         16.64  -6.35    13.32

SNOWFALL (IN)
  YESTERDAY        0.0                           0.0
  MONTH TO DATE    0.0                           0.0
  SINCE SEP 1      0.0                           0.0
  SINCE JUL 1      0.0                           0.0
  SNOW DEPTH       0

DEGREE DAYS
 HEATING
  YESTERDAY        0             4     -4        1
  MONTH TO DATE    0             4     -4        1
  SINCE SEP 1     26            46    -20        9
  SINCE JUL 1     30            47    -17        9

 COOLING
  YESTERDAY        3             3      0        0
  MONTH TO DATE    3             3      0        0
  SINCE SEP 1    230           208     22      270
  SINCE JAN 1   1676          1457    219     1821
......................................................


WIND (MPH)
  RESULTANT WIND SPEED   3   RESULTANT WIND DIRECTION  NW (310)
  HIGHEST WIND SPEED    20   HIGHEST WIND DIRECTION    NW (330)
  HIGHEST GUST SPEED    24   HIGHEST GUST DIRECTION     N (340)
  AVERAGE WIND SPEED     7.1


SKY COVER
  AVERAGE SKY COVER 0.0


WEATHER CONDITIONS
 THE FOLLOWING WEATHER WAS RECORDED YESTERDAY.
  NO SIGNIFICANT WEATHER WAS OBSERVED.


RELATIVE HUMIDITY (PERCENT)
 HIGHEST    71           400 AM
 LOWEST     15           500 PM
 AVERAGE    43

..........................................................


THE GUYMON CLIMATE NORMALS FOR TODAY
                         NORMAL
 MAXIMUM TEMPERATURE (F)   78
 MINIMUM TEMPERATURE (F)   48


SUNRISE AND SUNSET
OCTOBER  2 2014.......SUNRISE   742 AM CDT   SUNSET   728 PM CDT
OCTOBER  3 2014.......SUNRISE   743 AM CDT   SUNSET   726 PM CDT


-  INDICATES NEGATIVE NUMBERS.
R  INDICATES RECORD WAS SET OR TIED.
MM INDICATES DATA IS MISSING.
T  INDICATES TRACE AMOUNT.




$$
