000
CDUS44 KAMA 220734
CLIGUY


CLIMATE REPORT
NATIONAL WEATHER SERVICE AMARILLO TX
134 AM CST MON DEC 22 2014


...................................

...THE GUYMON CLIMATE SUMMARY FOR DECEMBER 21 2014...

CLIMATE NORMAL PERIOD 1981 TO 2010
CLIMATE RECORD PERIOD 1998 TO 2014


WEATHER ITEM   OBSERVED TIME   RECORD YEAR NORMAL DEPARTURE LAST
                VALUE   (LST)  VALUE       VALUE  FROM      YEAR
                                                  NORMAL
..................................................................
TEMPERATURE (F)
 YESTERDAY
  MAXIMUM         59    337 PM  66    2005  47     12       28
  MINIMUM         29    327 AM  -2    1998  21      8       19
  AVERAGE         44                        34     10       24

PRECIPITATION (IN)
  YESTERDAY        0.00         MM      MM   0.02  -0.02     0.29
  MONTH TO DATE    0.76                      0.45   0.31     0.31
  SINCE DEC 1      0.76                      0.45   0.31     0.31
  SINCE JAN 1     13.07                     19.11  -6.04    15.31

SNOWFALL (IN)
  YESTERDAY        0.0          MM      MM  MM     MM        3.0
  MONTH TO DATE    0.0                      MM     MM        3.5
  SINCE DEC 1      0.0                      MM     MM        3.5
  SINCE JUL 1      3.0                      MM     MM        7.2
  SNOW DEPTH       0

DEGREE DAYS
 HEATING
  YESTERDAY       21                        31    -10       41
  MONTH TO DATE  471                       615   -144      652
  SINCE DEC 1    471                       615   -144      652
  SINCE JUL 1   1278                      1506   -228     1538

 COOLING
  YESTERDAY        0                         0      0        0
  MONTH TO DATE    0                         0      0        0
  SINCE DEC 1      0                         0      0        0
  SINCE JAN 1   1706                      1482    224     1846
..................................................................


WIND (MPH)
  RESULTANT WIND SPEED   7   RESULTANT WIND DIRECTION   S (190)
  HIGHEST WIND SPEED    14   HIGHEST WIND DIRECTION     S (190)
  HIGHEST GUST SPEED    17   HIGHEST GUST DIRECTION     S (190)
  AVERAGE WIND SPEED     7.6


SKY COVER
  AVERAGE SKY COVER 0.3


WEATHER CONDITIONS
 THE FOLLOWING WEATHER WAS RECORDED YESTERDAY.
  FOG
  FOG W/VISIBILITY <= 1/4 MILE


RELATIVE HUMIDITY (PERCENT)
 HIGHEST   100           600 AM
 LOWEST     36           300 PM
 AVERAGE    68

..........................................................


THE GUYMON CLIMATE NORMALS FOR TODAY
                         NORMAL    RECORD    YEAR
 MAXIMUM TEMPERATURE (F)   47        78      2005
 MINIMUM TEMPERATURE (F)   21        -5      1998


SUNRISE AND SUNSET
DECEMBER 22 2014......SUNRISE   755 AM CST   SUNSET   534 PM CST
DECEMBER 23 2014......SUNRISE   756 AM CST   SUNSET   535 PM CST


-  INDICATES NEGATIVE NUMBERS.
R  INDICATES RECORD WAS SET OR TIED.
MM INDICATES DATA IS MISSING.
T  INDICATES TRACE AMOUNT.




$$
