000
CDUS42 KFFC 182039
CLIGVL


CLIMATE REPORT
NATIONAL WEATHER SERVICE PEACHTREE CITY GA
439 PM EDT FRI AUG 18 2017


...................................

...THE GAINESVILLE   CLIMATE SUMMARY FOR AUGUST 18 2017...
VALID TODAY AS OF 0400 PM LOCAL TIME.

CLIMATE NORMAL PERIOD 1981 TO 2010
CLIMATE RECORD PERIOD 9999 TO 9999


WEATHER ITEM   OBSERVED TIME   RECORD YEAR NORMAL DEPARTURE LAST
                VALUE   (LST)  VALUE       VALUE  FROM      YEAR
                                                  NORMAL
..................................................................
TEMPERATURE (F)
 TODAY
  MAXIMUM         89    325 PM  MM      MM  87      2       92
  MINIMUM         74    615 AM  MM      MM  69      5       72
  AVERAGE         82                        78      4       82

PRECIPITATION (IN)
  TODAY            0.00         MM      MM   0.14  -0.14     0.06
  MONTH TO DATE    2.56                      2.82  -0.26     2.71
  SINCE JUN 1     11.70                     11.72  -0.02     8.22
  SINCE JAN 1     37.59                     34.64   2.95    25.47

DEGREE DAYS
 COOLING
  TODAY           17                        13      4       17
  MONTH TO DATE  237                       246     -9      293
  SINCE JUN 1    989                       993     -4     1248
  SINCE JAN 1   1266                      1168     98     1479
..................................................................


WIND (MPH)
  RESULTANT WIND SPEED   7   RESULTANT WIND DIRECTION   W (270)
  HIGHEST WIND SPEED    15   HIGHEST WIND DIRECTION     W (250)
  HIGHEST GUST SPEED    20   HIGHEST GUST DIRECTION     W (260)
  AVERAGE WIND SPEED     8.1


SKY COVER
  AVERAGE SKY COVER 0.1


WEATHER CONDITIONS
 THE FOLLOWING WEATHER WAS RECORDED TODAY.
  NO SIGNIFICANT WEATHER WAS OBSERVED.


RELATIVE HUMIDITY (PERCENT)
 HIGHEST    88          1200 AM
 LOWEST     47           300 PM
 AVERAGE    68

..........................................................


THE GAINESVILLE   CLIMATE NORMALS FOR TOMORROW
                         NORMAL    RECORD    YEAR
 MAXIMUM TEMPERATURE (F)   87        MM        MM
 MINIMUM TEMPERATURE (F)   69        MM        MM


SUNRISE AND SUNSET
AUGUST 18 2017........SUNRISE   659 AM EDT   SUNSET   819 PM EDT
AUGUST 19 2017........SUNRISE   700 AM EDT   SUNSET   818 PM EDT


-  INDICATES NEGATIVE NUMBERS.
R  INDICATES RECORD WAS SET OR TIED.
MM INDICATES DATA IS MISSING.
T  INDICATES TRACE AMOUNT.




$$
