000
CDUS44 KJAN 302219
CLIGWO


CLIMATE REPORT
NATIONAL WEATHER SERVICE JACKSON MS
519 PM CDT SAT AUG 30 2014


...................................

...THE GREENWOOD CLIMATE SUMMARY FOR AUGUST 30 2014...
VALID AS OF 0500 PM LOCAL TIME.

CLIMATE NORMAL PERIOD 1981 TO 2010
CLIMATE RECORD PERIOD 1948 TO 2014


WEATHER ITEM   OBSERVED TIME   RECORD YEAR NORMAL DEPARTURE LAST
                VALUE   (LST)  VALUE       VALUE  FROM      YEAR
                                                  NORMAL
..................................................................
TEMPERATURE (F)
 TODAY
  MAXIMUM         84   1023 AM 106    2000  91     -7       94
  MINIMUM         74    359 PM  58    1992  68      6       68
                                      1986
  AVERAGE         79

PRECIPITATION (IN)
  TODAY            0.70          1.59 1991   0.11   0.59     0.00
  MONTH TO DATE    2.96                      2.72   0.24     2.53
  SINCE JUN 1     17.58                     10.63   6.95     7.84
  SINCE JAN 1     40.70                     33.96   6.74    38.25

..................................................................










-  INDICATES NEGATIVE NUMBERS.
R  INDICATES RECORD WAS SET OR TIED.
MM INDICATES DATA IS MISSING.
T  INDICATES TRACE AMOUNT.




$$
