000
CDUS44 KJAN 170843
CLIGWO


CLIMATE REPORT
NATIONAL WEATHER SERVICE JACKSON MS
237 AM CST WED JAN 17 2018


...................................

...THE GREENWOOD CLIMATE SUMMARY FOR JANUARY 16 2018...

CLIMATE NORMAL PERIOD 1981 TO 2010
CLIMATE RECORD PERIOD 1948 TO 2018


WEATHER ITEM   OBSERVED TIME   RECORD YEAR NORMAL DEPARTURE LAST
                VALUE   (LST)  VALUE       VALUE  FROM      YEAR
                                                  NORMAL
..................................................................
TEMPERATURE (F)
 YESTERDAY
  MAXIMUM         38   1201 AM  75    1996  53    -15       74
  MINIMUM          9R  1104 PM   9    1977  33    -24       54
  AVERAGE         24                        43    -19       64

PRECIPITATION (IN)
  YESTERDAY        0.01          1.50 1985   0.14  -0.13     0.08
  MONTH TO DATE    2.10                      2.31  -0.21     0.85
  SINCE DEC 1      7.38                      7.96  -0.58     5.54
  SINCE JAN 1      2.10                      2.31  -0.21     0.85

SNOWFALL (IN)
  YESTERDAY       MM

DEGREE DAYS
 HEATING
  YESTERDAY       41                        22     19        1
  MONTH TO DATE  450                       352     98      222
  SINCE DEC 1   1040                       950     90      755
  SINCE JUL 1   1454                      1418     36     1047

 COOLING
  YESTERDAY        0                         0      0        0
  MONTH TO DATE    0                         0      0       10
  SINCE DEC 1      5                         5      0       23
  SINCE JAN 1      0                         0      0       10
..................................................................


WIND (MPH)
  HIGHEST WIND SPEED    17   HIGHEST WIND DIRECTION     N (340)
  HIGHEST GUST SPEED    27   HIGHEST GUST DIRECTION     N (350)
  AVERAGE WIND SPEED    10.8


SKY COVER
  POSSIBLE SUNSHINE  MM
  AVERAGE SKY COVER 0.7


WEATHER CONDITIONS
 THE FOLLOWING WEATHER WAS RECORDED YESTERDAY.
  LIGHT SNOW
  FOG


RELATIVE HUMIDITY (PERCENT)
 HIGHEST    88           700 AM
 LOWEST     57           300 PM
 AVERAGE    73

..........................................................


THE GREENWOOD CLIMATE NORMALS FOR TODAY
                         NORMAL    RECORD    YEAR
 MAXIMUM TEMPERATURE (F)   53        75      1973
 MINIMUM TEMPERATURE (F)   33         5      1977


SUNRISE AND SUNSET
JANUARY 17 2018.......SUNRISE   704 AM CST   SUNSET   517 PM CST
JANUARY 18 2018.......SUNRISE   704 AM CST   SUNSET   518 PM CST


-  INDICATES NEGATIVE NUMBERS.
R  INDICATES RECORD WAS SET OR TIED.
MM INDICATES DATA IS MISSING.
T  INDICATES TRACE AMOUNT.




$$
