000
CDUS44 KJAN 290810
CLIGWO


CLIMATE REPORT
NATIONAL WEATHER SERVICE JACKSON MS
309 AM CDT SUN MAR 29 2015


...................................

...THE GREENWOOD CLIMATE SUMMARY FOR MARCH 28 2015...

CLIMATE NORMAL PERIOD 1981 TO 2010
CLIMATE RECORD PERIOD 1948 TO 2015


WEATHER ITEM   OBSERVED TIME   RECORD YEAR NORMAL DEPARTURE LAST
                VALUE   (LST)  VALUE       VALUE  FROM      YEAR
                                                  NORMAL
..................................................................
TEMPERATURE (F)
 YESTERDAY
  MAXIMUM         49   1210 PM  84    1989  71    -22       77
  MINIMUM         35    620 AM  32    2013  47    -12       60
  AVERAGE         42                        59    -17       69

PRECIPITATION (IN)
  YESTERDAY        T             2.52 1951   0.14  -0.14     1.06
  MONTH TO DATE    5.14                      3.85   1.29     3.53
  SINCE MAR 1      5.14                      3.85   1.29     3.53
  SINCE JAN 1     14.53                     12.79   1.74     9.81

SNOWFALL (IN)
  YESTERDAY        0.0

DEGREE DAYS
 HEATING
  YESTERDAY       23                         7     16        0
  MONTH TO DATE  266                       295    -29      408
  SINCE MAR 1    266                       295    -29      408
  SINCE JUL 1   2787                      2526    261     3062

 COOLING
  YESTERDAY        0                         1     -1        4
  MONTH TO DATE    5                        22    -17        4
  SINCE MAR 1      5                        22    -17        4
  SINCE JAN 1      5                        27    -22        4
..................................................................


WIND (MPH)
  HIGHEST WIND SPEED    20   HIGHEST WIND DIRECTION     E (70)
  HIGHEST GUST SPEED    23   HIGHEST GUST DIRECTION     E (70)
  AVERAGE WIND SPEED     7.4


SKY COVER
  POSSIBLE SUNSHINE  MM
  AVERAGE SKY COVER 0.3


WEATHER CONDITIONS
 THE FOLLOWING WEATHER WAS RECORDED YESTERDAY.
  LIGHT RAIN


RELATIVE HUMIDITY (PERCENT)
 HIGHEST    82           600 AM
 LOWEST     39          1000 AM
 AVERAGE    61

..........................................................


THE GREENWOOD CLIMATE NORMALS FOR TODAY
                         NORMAL    RECORD    YEAR
 MAXIMUM TEMPERATURE (F)   71        87      2007
 MINIMUM TEMPERATURE (F)   47        31      1955


SUNRISE AND SUNSET
MARCH 29 2015.........SUNRISE   652 AM CDT   SUNSET   718 PM CDT
MARCH 30 2015.........SUNRISE   651 AM CDT   SUNSET   719 PM CDT


-  INDICATES NEGATIVE NUMBERS.
R  INDICATES RECORD WAS SET OR TIED.
MM INDICATES DATA IS MISSING.
T  INDICATES TRACE AMOUNT.




$$
