000
CDUS44 KJAN 250702
CLIGWO


CLIMATE REPORT
NATIONAL WEATHER SERVICE JACKSON MS
200 AM CDT MON JUL 25 2016


...................................

...THE GREENWOOD CLIMATE SUMMARY FOR JULY 24 2016...

CLIMATE NORMAL PERIOD 1981 TO 2010
CLIMATE RECORD PERIOD 1948 TO 2016


WEATHER ITEM   OBSERVED TIME   RECORD YEAR NORMAL DEPARTURE LAST
                VALUE   (LST)  VALUE       VALUE  FROM      YEAR
                                                  NORMAL
..................................................................
TEMPERATURE (F)
 YESTERDAY
  MAXIMUM         95    144 PM 102    1952  92      3       94
  MINIMUM         73    514 AM  59    2000  71      2       76
  AVERAGE         84                        81      3       85

PRECIPITATION (IN)
  YESTERDAY        0.00          4.24 1959   0.11  -0.11     0.37
  MONTH TO DATE    1.56                      2.90  -1.34     2.08
  SINCE JUN 1      4.93                      7.21  -2.28     4.37
  SINCE JAN 1     30.72                     30.54   0.18    32.30

SNOWFALL (IN)
  YESTERDAY        0.0

DEGREE DAYS
 HEATING
  YESTERDAY        0                         0      0        0
  MONTH TO DATE    0                         0      0        0
  SINCE JUN 1      0                         0      0        0
  SINCE JUL 1      0                         0      0        0

 COOLING
  YESTERDAY       19                        16      3       20
  MONTH TO DATE  448                       384     64      430
  SINCE JUN 1    921                       797    124      868
  SINCE JAN 1   1250                      1127    123     1232
..................................................................


WIND (MPH)
  HIGHEST WIND SPEED    12   HIGHEST WIND DIRECTION     N (350)
  HIGHEST GUST SPEED    17   HIGHEST GUST DIRECTION     W (250)
  AVERAGE WIND SPEED     3.3


SKY COVER
  POSSIBLE SUNSHINE  MM
  AVERAGE SKY COVER 0.1


WEATHER CONDITIONS
 THE FOLLOWING WEATHER WAS RECORDED YESTERDAY.
  THUNDERSTORM


RELATIVE HUMIDITY (PERCENT)
 HIGHEST    93           300 AM
 LOWEST     49           100 PM
 AVERAGE    71

..........................................................


THE GREENWOOD CLIMATE NORMALS FOR TODAY
                         NORMAL    RECORD    YEAR
 MAXIMUM TEMPERATURE (F)   92       102      1952
 MINIMUM TEMPERATURE (F)   71        57      2000


SUNRISE AND SUNSET
JULY 25 2016..........SUNRISE   608 AM CDT   SUNSET   805 PM CDT
JULY 26 2016..........SUNRISE   609 AM CDT   SUNSET   804 PM CDT


-  INDICATES NEGATIVE NUMBERS.
R  INDICATES RECORD WAS SET OR TIED.
MM INDICATES DATA IS MISSING.
T  INDICATES TRACE AMOUNT.




$$
