000
CDUS44 KJAN 270909
CLIGWO


CLIMATE REPORT
NATIONAL WEATHER SERVICE JACKSON MS
307 AM CST TUE JAN 27 2015


...................................

...THE GREENWOOD CLIMATE SUMMARY FOR JANUARY 26 2015...

CLIMATE NORMAL PERIOD 1981 TO 2010
CLIMATE RECORD PERIOD 1948 TO 2015


WEATHER ITEM   OBSERVED TIME   RECORD YEAR NORMAL DEPARTURE LAST
                VALUE   (LST)  VALUE       VALUE  FROM      YEAR
                                                  NORMAL
..................................................................
TEMPERATURE (F)
 YESTERDAY
  MAXIMUM         50    449 PM  78    1952  54     -4       64
                                      1950
  MINIMUM         37   1149 PM  17    1985  33      4       28
  AVERAGE         44                        44      0       46

PRECIPITATION (IN)
  YESTERDAY        0.00          1.08 1962   0.15  -0.15      T
  MONTH TO DATE    4.44                      3.74   0.70     1.57
  SINCE DEC 1      9.96                      9.39   0.57     6.26
  SINCE JAN 1      4.44                      3.74   0.70     1.57

SNOWFALL (IN)
  YESTERDAY        0.0

DEGREE DAYS
 HEATING
  YESTERDAY       21                        21      0       19
  MONTH TO DATE  619                       570     49      693
  SINCE DEC 1   1131                      1168    -37     1337
  SINCE JUL 1   1719                      1636     83     1904

 COOLING
  YESTERDAY        0                         0      0        0
  MONTH TO DATE    0                         0      0        0
  SINCE DEC 1      1                         5     -4       11
  SINCE JAN 1      0                         0      0        0
..................................................................


WIND (MPH)
  HIGHEST WIND SPEED    16   HIGHEST WIND DIRECTION     N (340)
  HIGHEST GUST SPEED    23   HIGHEST GUST DIRECTION    NW (320)
  AVERAGE WIND SPEED     8.0


SKY COVER
  POSSIBLE SUNSHINE  MM
  AVERAGE SKY COVER 0.6


WEATHER CONDITIONS
 THE FOLLOWING WEATHER WAS RECORDED YESTERDAY.
  NO SIGNIFICANT WEATHER WAS OBSERVED.


RELATIVE HUMIDITY (PERCENT)
 HIGHEST    92           900 PM
 LOWEST     56           200 PM
 AVERAGE    74

..........................................................


THE GREENWOOD CLIMATE NORMALS FOR TODAY
                         NORMAL    RECORD    YEAR
 MAXIMUM TEMPERATURE (F)   54        78      1975
 MINIMUM TEMPERATURE (F)   33        15      1963


SUNRISE AND SUNSET
JANUARY 27 2015.......SUNRISE   700 AM CST   SUNSET   527 PM CST
JANUARY 28 2015.......SUNRISE   659 AM CST   SUNSET   528 PM CST


-  INDICATES NEGATIVE NUMBERS.
R  INDICATES RECORD WAS SET OR TIED.
MM INDICATES DATA IS MISSING.
T  INDICATES TRACE AMOUNT.




$$
