000
CDUS44 KJAN 010828
CLIGWO


CLIMATE REPORT
NATIONAL WEATHER SERVICE JACKSON MS
322 AM CDT TUE SEP 1 2015


...................................

...THE GREENWOOD CLIMATE SUMMARY FOR AUGUST 31 2015...

CLIMATE NORMAL PERIOD 1981 TO 2010
CLIMATE RECORD PERIOD 1948 TO 2015


WEATHER ITEM   OBSERVED TIME   RECORD YEAR NORMAL DEPARTURE LAST
                VALUE   (LST)  VALUE       VALUE  FROM      YEAR
                                                  NORMAL
..................................................................
TEMPERATURE (F)
 YESTERDAY
  MAXIMUM         95    255 PM 105    2000  91      4       86
  MINIMUM         70    613 AM  59    1968  68      2       73
  AVERAGE         83                        79      4       80

PRECIPITATION (IN)
  YESTERDAY        0.00          1.50 1950   0.11  -0.11     0.01
  MONTH TO DATE    1.76                      2.83  -1.07     3.02
  SINCE JUN 1      6.13                     10.74  -4.61    17.64
  SINCE JAN 1     34.06                     34.07  -0.01    40.76

SNOWFALL (IN)
  YESTERDAY        0.0

DEGREE DAYS
 HEATING
  YESTERDAY        0                         0      0        0
  MONTH TO DATE    0                         0      0        0
  SINCE JUN 1      0                         0      0        0
  SINCE JUL 1      0                         0      0        0

 COOLING
  YESTERDAY       18                        14      4       15
  MONTH TO DATE  483                       494    -11      466
  SINCE JUN 1   1485                      1412     73     1262
  SINCE JAN 1   1849                      1742    107     1556
..................................................................


WIND (MPH)
  HIGHEST WIND SPEED    13   HIGHEST WIND DIRECTION     E (90)
  HIGHEST GUST SPEED    16   HIGHEST GUST DIRECTION     E (100)
  AVERAGE WIND SPEED     5.4


SKY COVER
  POSSIBLE SUNSHINE  MM
  AVERAGE SKY COVER 0.0


WEATHER CONDITIONS
 THE FOLLOWING WEATHER WAS RECORDED YESTERDAY.
  NO SIGNIFICANT WEATHER WAS OBSERVED.


RELATIVE HUMIDITY (PERCENT)
 HIGHEST    90           500 AM
 LOWEST     36           300 PM
 AVERAGE    63

..........................................................


THE GREENWOOD CLIMATE NORMALS FOR TODAY
                         NORMAL    RECORD    YEAR
 MAXIMUM TEMPERATURE (F)   91       103      2000
 MINIMUM TEMPERATURE (F)   68        57      2009
                                             1954


SUNRISE AND SUNSET
SEPTEMBER  1 2015.....SUNRISE   634 AM CDT   SUNSET   726 PM CDT
SEPTEMBER  2 2015.....SUNRISE   635 AM CDT   SUNSET   725 PM CDT


-  INDICATES NEGATIVE NUMBERS.
R  INDICATES RECORD WAS SET OR TIED.
MM INDICATES DATA IS MISSING.
T  INDICATES TRACE AMOUNT.




$$
