000
CDUS44 KJAN 260813
CLIGWO


CLIMATE REPORT
NATIONAL WEATHER SERVICE JACKSON MS
309 AM CDT SUN MAR 26 2017


...................................

...THE GREENWOOD CLIMATE SUMMARY FOR MARCH 25 2017...

CLIMATE NORMAL PERIOD 1981 TO 2010
CLIMATE RECORD PERIOD 1948 TO 2017


WEATHER ITEM   OBSERVED TIME   RECORD YEAR NORMAL DEPARTURE LAST
                VALUE   (LST)  VALUE       VALUE  FROM      YEAR
                                                  NORMAL
..................................................................
TEMPERATURE (F)
 YESTERDAY
  MAXIMUM         70    115 AM  86    1991  70      0       65
  MINIMUM         59   1159 PM  28    1968  46     13       39
  AVERAGE         65                        58      7       52

PRECIPITATION (IN)
  YESTERDAY        0.87          2.40 2009   0.15   0.72     0.00
  MONTH TO DATE    3.52                      3.41   0.11     6.81
  SINCE MAR 1      3.52                      3.41   0.11     6.81
  SINCE JAN 1     11.80                     12.35  -0.55    14.26

SNOWFALL (IN)
  YESTERDAY        0.0

DEGREE DAYS
 HEATING
  YESTERDAY        0                         8     -8       13
  MONTH TO DATE  226                       272    -46      175
  SINCE MAR 1    226                       272    -46      175
  SINCE JUL 1   1709                      2503   -794     1836

 COOLING
  YESTERDAY        0                         1     -1        0
  MONTH TO DATE   31                        19     12       28
  SINCE MAR 1     31                        19     12       28
  SINCE JAN 1     65                        24     41       36
..................................................................


WIND (MPH)
  HIGHEST WIND SPEED    25   HIGHEST WIND DIRECTION     S (160)
  HIGHEST GUST SPEED    32   HIGHEST GUST DIRECTION     S (170)
  AVERAGE WIND SPEED    10.6


SKY COVER
  POSSIBLE SUNSHINE  MM
  AVERAGE SKY COVER 0.6


WEATHER CONDITIONS
 THE FOLLOWING WEATHER WAS RECORDED YESTERDAY.
  THUNDERSTORM
  HEAVY RAIN
  RAIN
  LIGHT RAIN
  FOG


RELATIVE HUMIDITY (PERCENT)
 HIGHEST    97           500 AM
 LOWEST     73          1200 AM
 AVERAGE    85

..........................................................


THE GREENWOOD CLIMATE NORMALS FOR TODAY
                         NORMAL    RECORD    YEAR
 MAXIMUM TEMPERATURE (F)   70        86      1991
 MINIMUM TEMPERATURE (F)   46        24      1955


SUNRISE AND SUNSET
MARCH 26 2017.........SUNRISE   656 AM CDT   SUNSET   717 PM CDT
MARCH 27 2017.........SUNRISE   654 AM CDT   SUNSET   717 PM CDT


-  INDICATES NEGATIVE NUMBERS.
R  INDICATES RECORD WAS SET OR TIED.
MM INDICATES DATA IS MISSING.
T  INDICATES TRACE AMOUNT.




$$
