122
CDUS44 KJAN 220649
CLIGWO


CLIMATE REPORT
NATIONAL WEATHER SERVICE JACKSON MS
146 AM CDT THU JUN 22 2017


...................................

...THE GREENWOOD CLIMATE SUMMARY FOR JUNE 21 2017...

CLIMATE NORMAL PERIOD 1981 TO 2010
CLIMATE RECORD PERIOD 1948 TO 2017


WEATHER ITEM   OBSERVED TIME   RECORD YEAR NORMAL DEPARTURE LAST
                VALUE   (LST)  VALUE       VALUE  FROM      YEAR
                                                  NORMAL
..................................................................
TEMPERATURE (F)
 YESTERDAY
  MAXIMUM         80   1000 AM 104    1953  91    -11       92
  MINIMUM         72    601 AM  54    1976  69      3       71
  AVERAGE         76                        80     -4       82

PRECIPITATION (IN)
  YESTERDAY        0.18          1.71 1949   0.15   0.03     0.00
  MONTH TO DATE    4.94                      3.02   1.92     3.36
  SINCE JUN 1      4.94                      3.02   1.92     3.36
  SINCE JAN 1     26.38                     26.35   0.03    29.15

SNOWFALL (IN)
  YESTERDAY        0.0

DEGREE DAYS
 HEATING
  YESTERDAY        0                         0      0        0
  MONTH TO DATE    0                         0      0        0
  SINCE JUN 1      0                         0      0        0
  SINCE JUL 1   1780                      2688   -908     1929

 COOLING
  YESTERDAY       11                        15     -4       17
  MONTH TO DATE  260                       275    -15      313
  SINCE JUN 1    260                       275    -15      313
  SINCE JAN 1    704                       605     99      642
..................................................................


WIND (MPH)
  HIGHEST WIND SPEED    22   HIGHEST WIND DIRECTION     E (80)
  HIGHEST GUST SPEED    26   HIGHEST GUST DIRECTION     E (80)
  AVERAGE WIND SPEED    10.7


SKY COVER
  POSSIBLE SUNSHINE  MM
  AVERAGE SKY COVER 0.5


WEATHER CONDITIONS
 THE FOLLOWING WEATHER WAS RECORDED YESTERDAY.
  RAIN
  LIGHT RAIN
  FOG


RELATIVE HUMIDITY (PERCENT)
 HIGHEST   100           300 AM
 LOWEST     74          1100 AM
 AVERAGE    87

..........................................................


THE GREENWOOD CLIMATE NORMALS FOR TODAY
                         NORMAL    RECORD    YEAR
 MAXIMUM TEMPERATURE (F)   91        99      1964
 MINIMUM TEMPERATURE (F)   69        56      1992
                                             1976


SUNRISE AND SUNSET
JUNE 22 2017..........SUNRISE   551 AM CDT   SUNSET   814 PM CDT
JUNE 23 2017..........SUNRISE   551 AM CDT   SUNSET   814 PM CDT


-  INDICATES NEGATIVE NUMBERS.
R  INDICATES RECORD WAS SET OR TIED.
MM INDICATES DATA IS MISSING.
T  INDICATES TRACE AMOUNT.




$$
