000
CDUS41 KGYX 270819
CLIGYX


CLIMATE REPORT
NATIONAL WEATHER SERVICE GRAY ME
419 AM EDT WED MAY 27 2015


...................................

...THE GRAY ME CLIMATE SUMMARY FOR MAY 26 2015...

CLIMATE NORMAL PERIOD 1981 TO 2010
CLIMATE RECORD PERIOD 1995 TO 2015


WEATHER ITEM   OBSERVED TIME   RECORD YEAR NORMAL DEPARTURE LAST
                VALUE   (LST)  VALUE       VALUE  FROM      YEAR
                                                  NORMAL
..................................................................
TEMPERATURE (F)
 YESTERDAY
  MAXIMUM         88        MM  91    2010  68     20       71
  MINIMUM         57        MM  MM      MM  47     10       49
  AVERAGE         73                        58     15       60

PRECIPITATION (IN)
  YESTERDAY        0.09         MM      MM   0.13  -0.04     0.06
  MONTH TO DATE    0.84                      3.23  -2.39     3.23
  SINCE MAR 1      5.85                     11.78  -5.93    10.12
  SINCE JAN 1     11.82                     18.62  -6.80    17.11

SNOWFALL (IN)
  YESTERDAY        0.0          MM      MM   0.0    0.0      0.0
  MONTH TO DATE    0.0                       0.2   -0.2      0.0
  SINCE MAR 1      8.2                      24.9  -16.7      8.9
  SINCE JUL 1    107.3                      84.0   23.3     83.0
  SNOW DEPTH       0

DEGREE DAYS
 HEATING
  YESTERDAY        0                         8     -8        5
  MONTH TO DATE  173                       288   -115      252
  SINCE MAR 1   1951                      1905     46     2144
  SINCE JUL 1   7427                      7063    364     7554

 COOLING
  YESTERDAY        8                         1      7        0
  MONTH TO DATE   21                         2     19        1
  SINCE MAR 1     21                         3     18        1
  SINCE JAN 1     21                         3     18        1
..................................................................







THE GRAY ME CLIMATE NORMALS FOR TODAY
                         NORMAL
 MAXIMUM TEMPERATURE (F)   68
 MINIMUM TEMPERATURE (F)   48


SUNRISE AND SUNSET
MAY 27 2015...........SUNRISE   505 AM EDT   SUNSET   812 PM EDT
MAY 28 2015...........SUNRISE   504 AM EDT   SUNSET   813 PM EDT


-  INDICATES NEGATIVE NUMBERS.
R  INDICATES RECORD WAS SET OR TIED.
MM INDICATES DATA IS MISSING.
T  INDICATES TRACE AMOUNT.




$$
