000
CDUS41 KGYX 270803
CLIGYX


CLIMATE REPORT
NATIONAL WEATHER SERVICE GRAY ME
403 AM EDT MON MAR 27 2017


...................................

...THE GRAY ME CLIMATE SUMMARY FOR MARCH 26 2017...

CLIMATE NORMAL PERIOD 1981 TO 2010
CLIMATE RECORD PERIOD 1995 TO 2017


WEATHER ITEM   OBSERVED TIME   RECORD YEAR NORMAL DEPARTURE LAST
                VALUE   (LST)  VALUE       VALUE  FROM      YEAR
                                                  NORMAL
..................................................................
TEMPERATURE (F)
 YESTERDAY
  MAXIMUM         39        MM  MM      MM  45     -6       47
  MINIMUM         23        MM  MM      MM  27     -4       28
  AVERAGE         31                        36     -5       38

PRECIPITATION (IN)
  YESTERDAY        T            MM      MM   0.14  -0.14     0.00
  MONTH TO DATE    1.87                      3.50  -1.63     3.44
  SINCE MAR 1      1.87                      3.50  -1.63     3.44
  SINCE JAN 1      8.55                     10.34  -1.79    11.70

SNOWFALL (IN)
  YESTERDAY        T            MM      MM   0.4   -0.4      0.0
  MONTH TO DATE   19.3                      17.7    1.6      9.3
  SINCE MAR 1     19.3                      17.7    1.6      9.3
  SINCE JUL 1    109.1                      76.8   32.3     46.6
  SNOW DEPTH      14

DEGREE DAYS
 HEATING
  YESTERDAY       34                        29      5       27
  MONTH TO DATE 1014                       853    161      776
  SINCE MAR 1   1014                       853    161      776
  SINCE JUL 1   5708                      6011   -303     5296

 COOLING
  YESTERDAY        0                         0      0        0
  MONTH TO DATE    0                         0      0        0
  SINCE MAR 1      0                         0      0        0
  SINCE JAN 1      0                         0      0        0
..................................................................







THE GRAY ME CLIMATE NORMALS FOR TODAY
                         NORMAL
 MAXIMUM TEMPERATURE (F)   45
 MINIMUM TEMPERATURE (F)   27


SUNRISE AND SUNSET
MARCH 27 2017.........SUNRISE   631 AM EDT   SUNSET   702 PM EDT
MARCH 28 2017.........SUNRISE   629 AM EDT   SUNSET   703 PM EDT


-  INDICATES NEGATIVE NUMBERS.
R  INDICATES RECORD WAS SET OR TIED.
MM INDICATES DATA IS MISSING.
T  INDICATES TRACE AMOUNT.




$$
