000
CDUS41 KGYX 190801
CLIGYX


CLIMATE REPORT
NATIONAL WEATHER SERVICE GRAY ME
400 AM EDT SAT APR 19 2014


...................................

...THE GRAY ME CLIMATE SUMMARY FOR APRIL 18 2014...

CLIMATE NORMAL PERIOD 1981 TO 2010
CLIMATE RECORD PERIOD 1995 TO 2014


WEATHER ITEM   OBSERVED NORMAL DEPARTURE LAST
                VALUE   VALUE  FROM      YEAR
                               NORMAL
...............................................
TEMPERATURE (F)
 YESTERDAY
  MAXIMUM         45     55    -10       49
  MINIMUM         24     36    -12       36
  AVERAGE         35     45    -10       43

PRECIPITATION (IN)
  YESTERDAY        0.00   0.14  -0.14     0.00
  MONTH TO DATE    2.40   2.67  -0.27     1.49
  SINCE MAR 1      6.28   6.84  -0.56     3.59
  SINCE JAN 1     13.27  13.68  -0.41     8.89

SNOWFALL (IN)
  YESTERDAY        0.0    0.1   -0.1      0.0
  MONTH TO DATE    1.1    3.9   -2.8      0.6
  SINCE MAR 1      8.8   23.8  -15.0     13.1
  SINCE JUL 1     82.9   82.9    0.0     92.9
  SNOW DEPTH       0

DEGREE DAYS
 HEATING
  YESTERDAY       30     20     10       22
  MONTH TO DATE  424    418      6      428
  SINCE MAR 1   1650   1411    239     1383
  SINCE JUL 1   7060   6569    491     6304

 COOLING
  YESTERDAY        0      0      0        0
  MONTH TO DATE    0      0      0        0
  SINCE MAR 1      0      0      0        0
  SINCE JAN 1      0      0      0        0
...............................................





WEATHER CONDITIONS
 THE FOLLOWING WEATHER WAS RECORDED YESTERDAY.
  NO SIGNIFICANT WEATHER WAS OBSERVED.


..........................................................


THE GRAY ME CLIMATE NORMALS FOR TODAY
                         NORMAL
 MAXIMUM TEMPERATURE (F)   55
 MINIMUM TEMPERATURE (F)   36


SUNRISE AND SUNSET
APRIL 19 2014.........SUNRISE   551 AM EDT   SUNSET   730 PM EDT
APRIL 20 2014.........SUNRISE   550 AM EDT   SUNSET   731 PM EDT


-  INDICATES NEGATIVE NUMBERS.
R  INDICATES RECORD WAS SET OR TIED.
MM INDICATES DATA IS MISSING.
T  INDICATES TRACE AMOUNT.




$$
