000
CDUS41 KGYX 220801
CLIGYX


CLIMATE REPORT
NATIONAL WEATHER SERVICE GRAY ME
401 AM EDT TUE APR 22 2014


...................................

...THE GRAY ME CLIMATE SUMMARY FOR APRIL 21 2014...

CLIMATE NORMAL PERIOD 1981 TO 2010
CLIMATE RECORD PERIOD 1995 TO 2014


WEATHER ITEM   OBSERVED NORMAL DEPARTURE LAST
                VALUE   VALUE  FROM      YEAR
                               NORMAL
...............................................
TEMPERATURE (F)
 YESTERDAY
  MAXIMUM         MM     56     MM       50
  MINIMUM         MM     37     MM       32
  AVERAGE         MM     47     MM       41

PRECIPITATION (IN)
  YESTERDAY       MM      0.13  MM        0.00
  MONTH TO DATE    2.40   3.08  -0.68     1.72
  SINCE MAR 1      6.28   7.25  -0.97     3.82
  SINCE JAN 1     13.27  14.09  -0.82     9.12

SNOWFALL (IN)
  YESTERDAY       MM      0.1   MM        0.0
  MONTH TO DATE    1.1    4.3   -3.2      0.6
  SINCE MAR 1      8.8   24.2  -15.4     13.1
  SINCE JUL 1     82.9   83.3   -0.4     92.9
  SNOW DEPTH      MM

DEGREE DAYS
 HEATING
  YESTERDAY       MM     18     MM       24
  MONTH TO DATE  469    474     -5      474
  SINCE MAR 1   1695   1467    228     1429
  SINCE JUL 1   7105   6625    480     6350

 COOLING
  YESTERDAY       MM      0     MM        0
  MONTH TO DATE    0      0      0        0
  SINCE MAR 1      0      0      0        0
  SINCE JAN 1      0      0      0        0
...............................................





WEATHER CONDITIONS
 THE FOLLOWING WEATHER WAS RECORDED YESTERDAY.
  NO SIGNIFICANT WEATHER WAS OBSERVED.


..........................................................


THE GRAY ME CLIMATE NORMALS FOR TODAY
                         NORMAL
 MAXIMUM TEMPERATURE (F)   57
 MINIMUM TEMPERATURE (F)   38


SUNRISE AND SUNSET
APRIL 22 2014.........SUNRISE   547 AM EDT   SUNSET   733 PM EDT
APRIL 23 2014.........SUNRISE   545 AM EDT   SUNSET   734 PM EDT


-  INDICATES NEGATIVE NUMBERS.
R  INDICATES RECORD WAS SET OR TIED.
MM INDICATES DATA IS MISSING.
T  INDICATES TRACE AMOUNT.




$$
