000
CDUS41 KGYX 140908
CLIGYX


CLIMATE REPORT
NATIONAL WEATHER SERVICE GRAY ME
408 AM EST SUN FEB 14 2016


...................................

...THE GRAY ME CLIMATE SUMMARY FOR FEBRUARY 13 2016...

CLIMATE NORMAL PERIOD 1981 TO 2010
CLIMATE RECORD PERIOD 1995 TO 2016


WEATHER ITEM   OBSERVED TIME   RECORD YEAR NORMAL DEPARTURE LAST
                VALUE   (LST)  VALUE       VALUE  FROM      YEAR
                                                  NORMAL
..................................................................
TEMPERATURE (F)
 YESTERDAY
  MAXIMUM         20        MM  MM      MM  33    -13       12
  MINIMUM        -12        MM  MM      MM  15    -27        0
  AVERAGE          4                        24    -20        6

PRECIPITATION (IN)
  YESTERDAY        T            MM      MM   0.12  -0.12     0.00
  MONTH TO DATE    1.83                      1.41   0.42     1.51
  SINCE DEC 1     10.12                      9.00   1.12    11.64
  SINCE JAN 1      5.56                      4.94   0.62     5.44

SNOWFALL (IN)
  YESTERDAY        T            MM      MM   0.6   -0.6      0.0
  MONTH TO DATE   11.9                       7.3    4.6     19.4
  SINCE DEC 1     33.0                      46.8  -13.8     71.7
  SINCE JUL 1     33.2                      49.9  -16.7     86.7
  SNOW DEPTH       7

DEGREE DAYS
 HEATING
  YESTERDAY       61                        41     20       59
  MONTH TO DATE  451                       550    -99      701
  SINCE DEC 1   2578                      3083   -505     3250
  SINCE JUL 1   3877                      4580   -703     4700

 COOLING
  YESTERDAY        0                         0      0        0
  MONTH TO DATE    0                         0      0        0
  SINCE DEC 1      0                         0      0        0
  SINCE JAN 1      0                         0      0        0
..................................................................







THE GRAY ME CLIMATE NORMALS FOR TODAY
                         NORMAL
 MAXIMUM TEMPERATURE (F)   33
 MINIMUM TEMPERATURE (F)   16


SUNRISE AND SUNSET
FEBRUARY 14 2016......SUNRISE   642 AM EST   SUNSET   509 PM EST
FEBRUARY 15 2016......SUNRISE   641 AM EST   SUNSET   510 PM EST


-  INDICATES NEGATIVE NUMBERS.
R  INDICATES RECORD WAS SET OR TIED.
MM INDICATES DATA IS MISSING.
T  INDICATES TRACE AMOUNT.




$$
