000
CDUS41 KGYX 290803
CLIGYX


CLIMATE REPORT
NATIONAL WEATHER SERVICE GRAY ME
403 AM EDT SAT APR 29 2017


...................................

...THE GRAY ME CLIMATE SUMMARY FOR APRIL 28 2017...

CLIMATE NORMAL PERIOD 1981 TO 2010
CLIMATE RECORD PERIOD 1995 TO 2017


WEATHER ITEM   OBSERVED TIME   RECORD YEAR NORMAL DEPARTURE LAST
                VALUE   (LST)  VALUE       VALUE  FROM      YEAR
                                                  NORMAL
..................................................................
TEMPERATURE (F)
 YESTERDAY
  MAXIMUM         73        MM  91    2009  59     14       53
  MINIMUM         46        MM  MM      MM  40      6       29
  AVERAGE         60                        49     11       41

PRECIPITATION (IN)
  YESTERDAY        T            MM      MM   0.15  -0.15     0.00
  MONTH TO DATE    4.99                      4.09   0.90     2.81
  SINCE MAR 1      7.81                      8.26  -0.45     7.35
  SINCE JAN 1     14.49                     15.10  -0.61    15.61

SNOWFALL (IN)
  YESTERDAY        0.0          MM      MM   0.1   -0.1      0.0
  MONTH TO DATE   11.0                       4.8    6.2      5.2
  SINCE MAR 1     34.1                      24.7    9.4     14.5
  SINCE JUL 1    123.9                      83.8   40.1     51.8
  SNOW DEPTH       0

DEGREE DAYS
 HEATING
  YESTERDAY        5                        16    -11       24
  MONTH TO DATE  523                       593    -70      626
  SINCE MAR 1   1686                      1586    100     1518
  SINCE JUL 1   6380                      6744   -364     6038

 COOLING
  YESTERDAY        0                         0      0        0
  MONTH TO DATE    2                         0      2        0
  SINCE MAR 1      2                         0      2        0
  SINCE JAN 1      2                         0      2        0
..................................................................







THE GRAY ME CLIMATE NORMALS FOR TODAY
                         NORMAL
 MAXIMUM TEMPERATURE (F)   59
 MINIMUM TEMPERATURE (F)   40


SUNRISE AND SUNSET
APRIL 29 2017.........SUNRISE   535 AM EDT   SUNSET   742 PM EDT
APRIL 30 2017.........SUNRISE   534 AM EDT   SUNSET   743 PM EDT


-  INDICATES NEGATIVE NUMBERS.
R  INDICATES RECORD WAS SET OR TIED.
MM INDICATES DATA IS MISSING.
T  INDICATES TRACE AMOUNT.




$$
