000
CDUS41 KGYX 020803
CLIGYX


CLIMATE REPORT
NATIONAL WEATHER SERVICE GRAY ME
403 AM EDT TUE SEP 2 2014


...................................

...THE GRAY ME CLIMATE SUMMARY FOR SEPTEMBER 1 2014...

CLIMATE NORMAL PERIOD 1981 TO 2010
CLIMATE RECORD PERIOD 1995 TO 2014


WEATHER ITEM   OBSERVED NORMAL DEPARTURE LAST
                VALUE   VALUE  FROM      YEAR
                               NORMAL
...............................................
TEMPERATURE (F)
 YESTERDAY
  MAXIMUM         83     76      7       82
  MINIMUM         66     56     10       68
  AVERAGE         75     66      9       75

PRECIPITATION (IN)
  YESTERDAY        0.00   0.11  -0.11      T
  MONTH TO DATE    0.00   0.11  -0.11      T
  SINCE SEP 1      0.00   0.11  -0.11      T
  SINCE JAN 1     35.41  31.59   3.82    27.29

SNOWFALL (IN)
  YESTERDAY        0.0    0.0    0.0      0.0
  MONTH TO DATE    0.0    0.0    0.0      0.0
  SINCE SEP 1      0.0    0.0    0.0      0.0
  SINCE JUL 1      0.0    0.0    0.0      0.0
  SNOW DEPTH       0

DEGREE DAYS
 HEATING
  YESTERDAY        0      2     -2        0
  MONTH TO DATE    0      2     -2        0
  SINCE SEP 1      0      2     -2        0
  SINCE JUL 1     14     38    -24       12

 COOLING
  YESTERDAY       10      3      7       10
  MONTH TO DATE   10      3      7       10
  SINCE SEP 1     10      3      7       10
  SINCE JAN 1    322    362    -40      458
...............................................





WEATHER CONDITIONS
 THE FOLLOWING WEATHER WAS RECORDED YESTERDAY.
  NO SIGNIFICANT WEATHER WAS OBSERVED.


..........................................................


THE GRAY ME CLIMATE NORMALS FOR TODAY
                         NORMAL
 MAXIMUM TEMPERATURE (F)   75
 MINIMUM TEMPERATURE (F)   56


SUNRISE AND SUNSET
SEPTEMBER  2 2014.....SUNRISE   605 AM EDT   SUNSET   715 PM EDT
SEPTEMBER  3 2014.....SUNRISE   607 AM EDT   SUNSET   713 PM EDT


-  INDICATES NEGATIVE NUMBERS.
R  INDICATES RECORD WAS SET OR TIED.
MM INDICATES DATA IS MISSING.
T  INDICATES TRACE AMOUNT.




$$
