000
CDUS41 KGYX 040804
CLIGYX


CLIMATE REPORT
NATIONAL WEATHER SERVICE GRAY ME
404 AM EDT TUE AUG 4 2015


...................................

...THE GRAY ME CLIMATE SUMMARY FOR AUGUST 3 2015...

CLIMATE NORMAL PERIOD 1981 TO 2010
CLIMATE RECORD PERIOD 1995 TO 2015


WEATHER ITEM   OBSERVED TIME   RECORD YEAR NORMAL DEPARTURE LAST
                VALUE   (LST)  VALUE       VALUE  FROM      YEAR
                                                  NORMAL
..................................................................
TEMPERATURE (F)
 YESTERDAY
  MAXIMUM         83        MM  MM      MM  80      3       74
  MINIMUM         61        MM  MM      MM  60      1       56
  AVERAGE         72                        70      2       65

PRECIPITATION (IN)
  YESTERDAY        0.03         MM      MM   0.13  -0.10     0.00
  MONTH TO DATE    0.03                      0.39  -0.36     0.01
  SINCE JUN 1      8.43                      8.99  -0.56     9.99
  SINCE JAN 1     21.48                     28.28  -6.80    28.34

SNOWFALL (IN)
  YESTERDAY        0.0          MM      MM   0.0    0.0      0.0
  MONTH TO DATE    0.0                       0.0    0.0      0.0
  SINCE JUN 1      0.0                       0.0    0.0      0.0
  SINCE JUL 1      0.0                       0.0    0.0      0.0
  SNOW DEPTH      MM

DEGREE DAYS
 HEATING
  YESTERDAY        0                         0      0        0
  MONTH TO DATE    0                         0      0        0
  SINCE JUN 1    170                       108     62       74
  SINCE JUL 1     13                        14     -1        0

 COOLING
  YESTERDAY        7                         5      2        0
  MONTH TO DATE   21                        15      6        6
  SINCE JUN 1    187                       230    -43      233
  SINCE JAN 1    227                       241    -14      234
..................................................................







THE GRAY ME CLIMATE NORMALS FOR TODAY
                         NORMAL
 MAXIMUM TEMPERATURE (F)   80
 MINIMUM TEMPERATURE (F)   60


SUNRISE AND SUNSET
AUGUST  4 2015........SUNRISE   532 AM EDT   SUNSET   801 PM EDT
AUGUST  5 2015........SUNRISE   534 AM EDT   SUNSET   800 PM EDT


-  INDICATES NEGATIVE NUMBERS.
R  INDICATES RECORD WAS SET OR TIED.
MM INDICATES DATA IS MISSING.
T  INDICATES TRACE AMOUNT.




$$
