000
CDUS41 KGYX 290804
CLIGYX


CLIMATE REPORT
NATIONAL WEATHER SERVICE GRAY ME
404 AM EDT SUN MAR 29 2015


...................................

...THE GRAY ME CLIMATE SUMMARY FOR MARCH 28 2015...

CLIMATE NORMAL PERIOD 1981 TO 2010
CLIMATE RECORD PERIOD 1995 TO 2015


WEATHER ITEM   OBSERVED TIME   RECORD YEAR NORMAL DEPARTURE LAST
                VALUE   (LST)  VALUE       VALUE  FROM      YEAR
                                                  NORMAL
..................................................................
TEMPERATURE (F)
 YESTERDAY
  MAXIMUM         37        MM  MM      MM  46     -9       44
  MINIMUM         25        MM  MM      MM  28     -3       30
  AVERAGE         31                        37     -6       37

PRECIPITATION (IN)
  YESTERDAY        0.01         MM      MM   0.14  -0.13     0.02
  MONTH TO DATE    1.51                      3.77  -2.26     2.01
  SINCE MAR 1      1.51                      3.77  -2.26     2.01
  SINCE JAN 1      7.48                     10.61  -3.13     9.00

SNOWFALL (IN)
  YESTERDAY        0.1          MM      MM   0.4   -0.3       T
  MONTH TO DATE    5.0                      18.6  -13.6      7.6
  SINCE MAR 1      5.0                      18.6  -13.6      7.6
  SINCE JUL 1    104.1                      77.7   26.4     81.7
  SNOW DEPTH      13

DEGREE DAYS
 HEATING
  YESTERDAY       34                        28      6       28
  MONTH TO DATE 1038                       910    128     1143
  SINCE MAR 1   1038                       910    128     1143
  SINCE JUL 1   6514                      6068    446     6553

 COOLING
  YESTERDAY        0                         0      0        0
  MONTH TO DATE    0                         0      0        0
  SINCE MAR 1      0                         0      0        0
  SINCE JAN 1      0                         0      0        0
..................................................................







THE GRAY ME CLIMATE NORMALS FOR TODAY
                         NORMAL
 MAXIMUM TEMPERATURE (F)   46
 MINIMUM TEMPERATURE (F)   28


SUNRISE AND SUNSET
MARCH 29 2015.........SUNRISE   628 AM EDT   SUNSET   704 PM EDT
MARCH 30 2015.........SUNRISE   627 AM EDT   SUNSET   705 PM EDT


-  INDICATES NEGATIVE NUMBERS.
R  INDICATES RECORD WAS SET OR TIED.
MM INDICATES DATA IS MISSING.
T  INDICATES TRACE AMOUNT.




$$
