000
CDUS44 KJAN 210640
CLIHBG


CLIMATE REPORT
NATIONAL WEATHER SERVICE JACKSON MS
1237 AM CST TUE FEB 21 2017


...................................

...THE HATTIESBURG CLIMATE SUMMARY FOR FEBRUARY 20 2017...

CLIMATE NORMAL PERIOD 1981 TO 2010
CLIMATE RECORD PERIOD 1948 TO 2017


WEATHER ITEM   OBSERVED TIME   RECORD YEAR NORMAL DEPARTURE LAST
                VALUE   (LST)  VALUE       VALUE  FROM      YEAR
                                                  NORMAL
..................................................................
TEMPERATURE (F)
 YESTERDAY
  MAXIMUM         81    325 PM  82    2014  65     16       78
  MINIMUM         51    150 AM  20    1978  41     10       62
  AVERAGE         66                        53     13       70

PRECIPITATION (IN)
  YESTERDAY        T             1.90 1996   0.20  -0.20     0.00
  MONTH TO DATE    1.26                      3.82  -2.56     1.71
  SINCE DEC 1     17.39                     14.47   2.92    16.24
  SINCE JAN 1     10.33                      9.56   0.77     6.23

SNOWFALL (IN)
  YESTERDAY        0.0

DEGREE DAYS
 HEATING
  YESTERDAY        0                        12    -12        0
  MONTH TO DATE  123                       290   -167      245
  SINCE DEC 1    736                      1261   -525      983
  SINCE JUL 1    932                      1589   -657     1161

 COOLING
  YESTERDAY        1                         0      1        5
  MONTH TO DATE   25                         0     25       17
  SINCE DEC 1     96                        19     77       88
  SINCE JAN 1     57                         6     51       17
..................................................................


WIND (MPH)
  HIGHEST WIND SPEED    18   HIGHEST WIND DIRECTION    SE (140)
  HIGHEST GUST SPEED    23   HIGHEST GUST DIRECTION    SE (140)
  AVERAGE WIND SPEED     7.0


SKY COVER
  POSSIBLE SUNSHINE  MM
  AVERAGE SKY COVER 0.5


WEATHER CONDITIONS
 THE FOLLOWING WEATHER WAS RECORDED YESTERDAY.
  LIGHT RAIN
  FOG
  FOG W/VISIBILITY <= 1/4 MILE


RELATIVE HUMIDITY (PERCENT)
 HIGHEST   100           300 AM
 LOWEST     35           300 PM
 AVERAGE    68

..........................................................


THE HATTIESBURG CLIMATE NORMALS FOR TODAY
                         NORMAL    RECORD    YEAR
 MAXIMUM TEMPERATURE (F)   65        82      1986
                                             1962
 MINIMUM TEMPERATURE (F)   42        25      1959
                                             1958


SUNRISE AND SUNSET
FEBRUARY 21 2017......SUNRISE   632 AM CST   SUNSET   549 PM CST
FEBRUARY 22 2017......SUNRISE   631 AM CST   SUNSET   550 PM CST


-  INDICATES NEGATIVE NUMBERS.
R  INDICATES RECORD WAS SET OR TIED.
MM INDICATES DATA IS MISSING.
T  INDICATES TRACE AMOUNT.




$$
