000
CDUS44 KJAN 250703
CLIHBG


CLIMATE REPORT
NATIONAL WEATHER SERVICE JACKSON MS
159 AM CDT SUN JUN 25 2017


...................................

...THE HATTIESBURG CLIMATE SUMMARY FOR JUNE 24 2017...

CLIMATE NORMAL PERIOD 1981 TO 2010
CLIMATE RECORD PERIOD 1948 TO 2017


WEATHER ITEM   OBSERVED TIME   RECORD YEAR NORMAL DEPARTURE LAST
                VALUE   (LST)  VALUE       VALUE  FROM      YEAR
                                                  NORMAL
..................................................................
TEMPERATURE (F)
 YESTERDAY
  MAXIMUM         90    331 PM 100    2009  91     -1       94
  MINIMUM         72    401 AM  59    2001  70      2       72
  AVERAGE         81                        80      1       83

PRECIPITATION (IN)
  YESTERDAY        0.22          2.45 2004   0.23  -0.01     0.00
  MONTH TO DATE    9.59                      4.13   5.46     5.90
  SINCE JUN 1      9.59                      4.13   5.46     5.90
  SINCE JAN 1     40.02                     30.67   9.35    37.06

SNOWFALL (IN)
  YESTERDAY        0.0

DEGREE DAYS
 HEATING
  YESTERDAY        0                         0      0        0
  MONTH TO DATE    0                         0      0        0
  SINCE JUN 1      0                         0      0        0
  SINCE JUL 1   1157                      1985   -828     1383

 COOLING
  YESTERDAY       16                        15      1       18
  MONTH TO DATE  309                       328    -19      390
  SINCE JUN 1    309                       328    -19      390
  SINCE JAN 1    830                       743     87      854
..................................................................


WIND (MPH)
  HIGHEST WIND SPEED    13   HIGHEST WIND DIRECTION    NW (330)
  HIGHEST GUST SPEED    17   HIGHEST GUST DIRECTION     S (190)
  AVERAGE WIND SPEED     3.6


SKY COVER
  POSSIBLE SUNSHINE  MM
  AVERAGE SKY COVER 0.4


WEATHER CONDITIONS
 THE FOLLOWING WEATHER WAS RECORDED YESTERDAY.
  THUNDERSTORM
  HEAVY RAIN
  RAIN
  LIGHT RAIN
  FOG


RELATIVE HUMIDITY (PERCENT)
 HIGHEST    97           900 PM
 LOWEST     56           300 PM
 AVERAGE    77

..........................................................


THE HATTIESBURG CLIMATE NORMALS FOR TODAY
                         NORMAL    RECORD    YEAR
 MAXIMUM TEMPERATURE (F)   91       100      2009
 MINIMUM TEMPERATURE (F)   70        56      1974


SUNRISE AND SUNSET
JUNE 25 2017..........SUNRISE   554 AM CDT   SUNSET   805 PM CDT
JUNE 26 2017..........SUNRISE   555 AM CDT   SUNSET   805 PM CDT


-  INDICATES NEGATIVE NUMBERS.
R  INDICATES RECORD WAS SET OR TIED.
MM INDICATES DATA IS MISSING.
T  INDICATES TRACE AMOUNT.




$$
