000
CDUS44 KJAN 200644
CLIHBG


CLIMATE REPORT
NATIONAL WEATHER SERVICE JACKSON MS
142 AM CDT SUN APR 20 2014


...................................

...THE HATTIESBURG CLIMATE SUMMARY FOR APRIL 19 2014...

CLIMATE NORMAL PERIOD 1981 TO 2010
CLIMATE RECORD PERIOD 1948 TO 2014


WEATHER ITEM   OBSERVED TIME   RECORD YEAR NORMAL DEPARTURE LAST
                VALUE   (LST)  VALUE       VALUE  FROM      YEAR
                                                  NORMAL
..................................................................
TEMPERATURE (F)
 YESTERDAY
  MAXIMUM         79    407 PM  91    2006  79      0       76
  MINIMUM         50    601 AM  37    2001  53     -3       41
  AVERAGE         65                        66     -1       59

PRECIPITATION (IN)
  YESTERDAY        0.00          1.40 1998   0.17  -0.17     0.41
  MONTH TO DATE    4.52                      3.31   1.21     6.32
  SINCE MAR 1     10.89                      8.81   2.08     8.47
  SINCE JAN 1     20.79                     19.94   0.85    26.90

SNOWFALL (IN)
  YESTERDAY        0.0

DEGREE DAYS
 HEATING
  YESTERDAY        0                         2     -2        6
  MONTH TO DATE   70                        69      1       57
  SINCE MAR 1    342                       286     56      406
  SINCE JUL 1   2265                      1964    301     1799

 COOLING
  YESTERDAY        0                         3     -3        0
  MONTH TO DATE   30                        47    -17       64
  SINCE MAR 1     39                        80    -41       73
  SINCE JAN 1     56                        95    -39      101
..................................................................


WIND (MPH)
  HIGHEST WIND SPEED    16   HIGHEST WIND DIRECTION     N (360)
  HIGHEST GUST SPEED    23   HIGHEST GUST DIRECTION     N (20)
  AVERAGE WIND SPEED     5.9


SKY COVER
  POSSIBLE SUNSHINE  MM
  AVERAGE SKY COVER 0.0


WEATHER CONDITIONS
 THE FOLLOWING WEATHER WAS RECORDED YESTERDAY.
  NO SIGNIFICANT WEATHER WAS OBSERVED.


RELATIVE HUMIDITY (PERCENT)
 HIGHEST    93          1200 AM
 LOWEST     37           400 PM
 AVERAGE    65

..........................................................


THE HATTIESBURG CLIMATE NORMALS FOR TODAY
                         NORMAL    RECORD    YEAR
 MAXIMUM TEMPERATURE (F)   79        91      2006
 MINIMUM TEMPERATURE (F)   54        35      1953


SUNRISE AND SUNSET
APRIL 20 2014.........SUNRISE   623 AM CDT   SUNSET   729 PM CDT
APRIL 21 2014.........SUNRISE   622 AM CDT   SUNSET   730 PM CDT


-  INDICATES NEGATIVE NUMBERS.
R  INDICATES RECORD WAS SET OR TIED.
MM INDICATES DATA IS MISSING.
T  INDICATES TRACE AMOUNT.




$$
