000
CDUS44 KJAN 080646
CLIHBG


CLIMATE REPORT
NATIONAL WEATHER SERVICE JACKSON MS
140 AM CDT WED JUL 8 2015


...................................

...THE HATTIESBURG CLIMATE SUMMARY FOR JULY 7 2015...

CLIMATE NORMAL PERIOD 1981 TO 2010
CLIMATE RECORD PERIOD 1948 TO 2015


WEATHER ITEM   OBSERVED TIME   RECORD YEAR NORMAL DEPARTURE LAST
                VALUE   (LST)  VALUE       VALUE  FROM      YEAR
                                                  NORMAL
..................................................................
TEMPERATURE (F)
 YESTERDAY
  MAXIMUM         94    216 PM  99    1980  92      2       93
  MINIMUM         77    605 AM  58    1972  71      6       64
  AVERAGE         86                        82      4       79

PRECIPITATION (IN)
  YESTERDAY        0.00          2.19 1979   0.21  -0.21     0.00
  MONTH TO DATE    2.96                      1.35   1.61      T
  SINCE JUN 1      7.69                      6.85   0.84     4.94
  SINCE JAN 1     31.51                     33.39  -1.88    33.42

SNOWFALL (IN)
  YESTERDAY        0.0

DEGREE DAYS
 HEATING
  YESTERDAY        0                         0      0        0
  MONTH TO DATE    0                         0      0        0
  SINCE JUN 1      0                         0      0        0
  SINCE JUL 1      0                         0      0        0

 COOLING
  YESTERDAY       21                        17      4       14
  MONTH TO DATE  118                       114      4      107
  SINCE JUN 1    597                       537     60      574
  SINCE JAN 1   1174                       952    222      950
..................................................................


WIND (MPH)
  HIGHEST WIND SPEED    21   HIGHEST WIND DIRECTION     W (270)
  HIGHEST GUST SPEED    31   HIGHEST GUST DIRECTION     S (200)
  AVERAGE WIND SPEED     6.5


SKY COVER
  POSSIBLE SUNSHINE  MM
  AVERAGE SKY COVER 0.2


WEATHER CONDITIONS
 THE FOLLOWING WEATHER WAS RECORDED YESTERDAY.
  THUNDERSTORM


RELATIVE HUMIDITY (PERCENT)
 HIGHEST    94           500 AM
 LOWEST     52          1200 PM
 AVERAGE    73

..........................................................


THE HATTIESBURG CLIMATE NORMALS FOR TODAY
                         NORMAL    RECORD    YEAR
 MAXIMUM TEMPERATURE (F)   92        99      2011
                                             2000
                                             1966
 MINIMUM TEMPERATURE (F)   72        60      1972


SUNRISE AND SUNSET
JULY  8 2015..........SUNRISE   559 AM CDT   SUNSET   805 PM CDT
JULY  9 2015..........SUNRISE   600 AM CDT   SUNSET   804 PM CDT


-  INDICATES NEGATIVE NUMBERS.
R  INDICATES RECORD WAS SET OR TIED.
MM INDICATES DATA IS MISSING.
T  INDICATES TRACE AMOUNT.




$$
