000
CDUS44 KJAN 310704
CLIHBG


CLIMATE REPORT
NATIONAL WEATHER SERVICE JACKSON MS
202 AM CDT FRI JUL 31 2015


...................................

...THE HATTIESBURG CLIMATE SUMMARY FOR JULY 30 2015...

CLIMATE NORMAL PERIOD 1981 TO 2010
CLIMATE RECORD PERIOD 1948 TO 2015


WEATHER ITEM   OBSERVED TIME   RECORD YEAR NORMAL DEPARTURE LAST
                VALUE   (LST)  VALUE       VALUE  FROM      YEAR
                                                  NORMAL
..................................................................
TEMPERATURE (F)
 YESTERDAY
  MAXIMUM         98    114 PM  99    1987  93      5       87
                                      1986
  MINIMUM         75    434 PM  62    2014  72      3       62
  AVERAGE         87                        82      5       75

PRECIPITATION (IN)
  YESTERDAY        0.68          3.18 1993   0.15   0.53     0.00
  MONTH TO DATE    6.20                      5.24   0.96     2.26
  SINCE JUN 1     10.93                     10.74   0.19     7.20
  SINCE JAN 1     34.75                     37.28  -2.53    35.68

SNOWFALL (IN)
  YESTERDAY        0.0

DEGREE DAYS
 HEATING
  YESTERDAY        0                         0      0        0
  MONTH TO DATE    0                         0      0        0
  SINCE JUN 1      0                         0      0        0
  SINCE JUL 1      0                         0      0        0

 COOLING
  YESTERDAY       22                        17      5       10
  MONTH TO DATE  601                       505     96      470
  SINCE JUN 1   1080                       928    152      937
  SINCE JAN 1   1657                      1343    314     1313
..................................................................


WIND (MPH)
  HIGHEST WIND SPEED    38   HIGHEST WIND DIRECTION    NE (40)
  HIGHEST GUST SPEED    57   HIGHEST GUST DIRECTION    NE (50)
  AVERAGE WIND SPEED     4.7


SKY COVER
  POSSIBLE SUNSHINE  MM
  AVERAGE SKY COVER 0.2


WEATHER CONDITIONS
 THE FOLLOWING WEATHER WAS RECORDED YESTERDAY.
  THUNDERSTORM
  HEAVY RAIN
  RAIN
  LIGHT RAIN
  HAZE


RELATIVE HUMIDITY (PERCENT)
 HIGHEST    94           200 AM
 LOWEST     51          1200 PM
 AVERAGE    73

..........................................................


THE HATTIESBURG CLIMATE NORMALS FOR TODAY
                         NORMAL    RECORD    YEAR
 MAXIMUM TEMPERATURE (F)   93       102      1987
 MINIMUM TEMPERATURE (F)   72        64      2014


SUNRISE AND SUNSET
JULY 31 2015..........SUNRISE   613 AM CDT   SUNSET   753 PM CDT
AUGUST  1 2015........SUNRISE   614 AM CDT   SUNSET   753 PM CDT


-  INDICATES NEGATIVE NUMBERS.
R  INDICATES RECORD WAS SET OR TIED.
MM INDICATES DATA IS MISSING.
T  INDICATES TRACE AMOUNT.




$$
