000
CDUS44 KJAN 270757
CLIHBG


CLIMATE REPORT
NATIONAL WEATHER SERVICE JACKSON MS
252 AM CDT WED MAY 27 2015


...................................

...THE HATTIESBURG CLIMATE SUMMARY FOR MAY 26 2015...

CLIMATE NORMAL PERIOD 1981 TO 2010
CLIMATE RECORD PERIOD 1948 TO 2015


WEATHER ITEM   OBSERVED TIME   RECORD YEAR NORMAL DEPARTURE LAST
                VALUE   (LST)  VALUE       VALUE  FROM      YEAR
                                                  NORMAL
..................................................................
TEMPERATURE (F)
 YESTERDAY
  MAXIMUM         83    434 PM  96    1996  88     -5       90
  MINIMUM         66    726 AM  44    1979  64      2       65
  AVERAGE         75                        76     -1       78

PRECIPITATION (IN)
  YESTERDAY        0.07          2.22 1981   0.16  -0.09     0.00
  MONTH TO DATE    5.02                      4.16   0.86     2.68
  SINCE MAR 1     14.10                     14.59  -0.49    15.29
  SINCE JAN 1     21.93                     25.72  -3.79    25.19

SNOWFALL (IN)
  YESTERDAY        0.0

DEGREE DAYS
 HEATING
  YESTERDAY        0                         0      0        0
  MONTH TO DATE    1                         5     -4       11
  SINCE MAR 1    131                       305   -174      353
  SINCE JUL 1   1912                      1983    -71     2276

 COOLING
  YESTERDAY       10                        11     -1       13
  MONTH TO DATE  237                       217     20      196
  SINCE MAR 1    510                       342    168      304
  SINCE JAN 1    516                       357    159      321
..................................................................


WIND (MPH)
  HIGHEST WIND SPEED    25   HIGHEST WIND DIRECTION    NW (300)
  HIGHEST GUST SPEED    37   HIGHEST GUST DIRECTION     W (280)
  AVERAGE WIND SPEED     3.7


SKY COVER
  POSSIBLE SUNSHINE  MM
  AVERAGE SKY COVER 0.4


WEATHER CONDITIONS
 THE FOLLOWING WEATHER WAS RECORDED YESTERDAY.
  THUNDERSTORM
  LIGHT RAIN
  FOG


RELATIVE HUMIDITY (PERCENT)
 HIGHEST    94           200 AM
 LOWEST     69           300 PM
 AVERAGE    82

..........................................................


THE HATTIESBURG CLIMATE NORMALS FOR TODAY
                         NORMAL    RECORD    YEAR
 MAXIMUM TEMPERATURE (F)   88        98      2012
 MINIMUM TEMPERATURE (F)   65        45      1961


SUNRISE AND SUNSET
MAY 27 2015...........SUNRISE   555 AM CDT   SUNSET   753 PM CDT
MAY 28 2015...........SUNRISE   555 AM CDT   SUNSET   754 PM CDT


-  INDICATES NEGATIVE NUMBERS.
R  INDICATES RECORD WAS SET OR TIED.
MM INDICATES DATA IS MISSING.
T  INDICATES TRACE AMOUNT.




$$
