586
CDUS44 KJAN 220627
CLIHBG


CLIMATE REPORT
NATIONAL WEATHER SERVICE JACKSON MS
1225 AM CST SUN JAN 22 2017


...................................

...THE HATTIESBURG CLIMATE SUMMARY FOR JANUARY 21 2017...

CLIMATE NORMAL PERIOD 1981 TO 2010
CLIMATE RECORD PERIOD 1948 TO 2017


WEATHER ITEM   OBSERVED TIME   RECORD YEAR NORMAL DEPARTURE LAST
                VALUE   (LST)  VALUE       VALUE  FROM      YEAR
                                                  NORMAL
..................................................................
TEMPERATURE (F)
 YESTERDAY
  MAXIMUM         76    243 PM  81    2012  60     16       73
  MINIMUM         60    831 AM   4    1985  37     23       55
  AVERAGE         68                        48     20       64

PRECIPITATION (IN)
  YESTERDAY        2.26          6.14 1993   0.19   2.07     1.59
  MONTH TO DATE    8.74                      3.76   4.98     2.43
  SINCE DEC 1     15.80                      8.67   7.13    12.44
  SINCE JAN 1      8.74                      3.76   4.98     2.43

SNOWFALL (IN)
  YESTERDAY        0.0

DEGREE DAYS
 HEATING
  YESTERDAY        0                        17    -17        1
  MONTH TO DATE  166                       350   -184      359
  SINCE DEC 1    504                       807   -303      589
  SINCE JUL 1    700                      1135   -435      767

 COOLING
  YESTERDAY        3                         0      3        0
  MONTH TO DATE   32                         0     32        0
  SINCE DEC 1     71                        13     58       71
  SINCE JAN 1     32                         0     32        0
..................................................................


WIND (MPH)
  HIGHEST WIND SPEED    26   HIGHEST WIND DIRECTION     W (260)
  HIGHEST GUST SPEED    37   HIGHEST GUST DIRECTION    SE (140)
  AVERAGE WIND SPEED     7.1


SKY COVER
  POSSIBLE SUNSHINE  MM
  AVERAGE SKY COVER 0.9


WEATHER CONDITIONS
 THE FOLLOWING WEATHER WAS RECORDED YESTERDAY.
  THUNDERSTORM
  HEAVY RAIN
  RAIN
  LIGHT RAIN
  FOG


RELATIVE HUMIDITY (PERCENT)
 HIGHEST    93          1200 AM
 LOWEST     58           300 PM
 AVERAGE    76

..........................................................


THE HATTIESBURG CLIMATE NORMALS FOR TODAY
                         NORMAL    RECORD    YEAR
 MAXIMUM TEMPERATURE (F)   60        80      1952
 MINIMUM TEMPERATURE (F)   37         5      1985


SUNRISE AND SUNSET
JANUARY 22 2017.......SUNRISE   654 AM CST   SUNSET   523 PM CST
JANUARY 23 2017.......SUNRISE   654 AM CST   SUNSET   524 PM CST


-  INDICATES NEGATIVE NUMBERS.
R  INDICATES RECORD WAS SET OR TIED.
MM INDICATES DATA IS MISSING.
T  INDICATES TRACE AMOUNT.




$$
