000
CDUS44 KJAN 222117
CLIHBG


CLIMATE REPORT
NATIONAL WEATHER SERVICE JACKSON MS
415 PM CDT TUE AUG 22 2017


...................................

...THE HATTIESBURG CLIMATE SUMMARY FOR AUGUST 22 2017...
VALID TODAY AS OF 0400 PM LOCAL TIME.

CLIMATE NORMAL PERIOD 1981 TO 2010
CLIMATE RECORD PERIOD 1948 TO 2017


WEATHER ITEM   OBSERVED TIME   RECORD YEAR NORMAL DEPARTURE LAST
                VALUE   (LST)  VALUE       VALUE  FROM      YEAR
                                                  NORMAL
..................................................................
TEMPERATURE (F)
 TODAY
  MAXIMUM         93    120 PM 100    2007  92      1       93
                                      2000
  MINIMUM         73    557 AM  56    1956  71      2       73
  AVERAGE         83                        81      2       83

PRECIPITATION (IN)
  TODAY            0.00          2.56 1969   0.16  -0.16     0.00
  MONTH TO DATE    7.28                      3.33   3.95     5.60
  SINCE JUN 1     24.05                     14.22   9.83    19.85
  SINCE JAN 1     54.48                     40.76  13.72    51.01

SNOWFALL (IN)
  TODAY            0.0

DEGREE DAYS
 HEATING
  TODAY            0                         0      0        0
  MONTH TO DATE    0                         0      0        0
  SINCE JUN 1      0                         0      0        0
  SINCE JUL 1      0                         0      0        0

 COOLING
  TODAY           18                        16      2       18
  MONTH TO DATE  372                       370      2      403
  SINCE JUN 1   1294                      1315    -21     1482
  SINCE JAN 1   1815                      1730     85     1946
..................................................................


WIND (MPH)
  HIGHEST WIND SPEED     9   HIGHEST WIND DIRECTION     S (190)
  HIGHEST GUST SPEED    12   HIGHEST GUST DIRECTION     S (180)
  AVERAGE WIND SPEED     0.5


SKY COVER
  POSSIBLE SUNSHINE  MM
  AVERAGE SKY COVER 0.1


WEATHER CONDITIONS
 THE FOLLOWING WEATHER WAS RECORDED TODAY.
  NO SIGNIFICANT WEATHER WAS OBSERVED.


RELATIVE HUMIDITY (PERCENT)
 HIGHEST   100          1200 AM
 LOWEST     52           100 PM
 AVERAGE    76

..........................................................


THE HATTIESBURG CLIMATE NORMALS FOR TOMORROW
                         NORMAL    RECORD    YEAR
 MAXIMUM TEMPERATURE (F)   92       101      2007
 MINIMUM TEMPERATURE (F)   71        58      1956


SUNRISE AND SUNSET
AUGUST 22 2017........SUNRISE   627 AM CDT   SUNSET   732 PM CDT
AUGUST 23 2017........SUNRISE   628 AM CDT   SUNSET   731 PM CDT


-  INDICATES NEGATIVE NUMBERS.
R  INDICATES RECORD WAS SET OR TIED.
MM INDICATES DATA IS MISSING.
T  INDICATES TRACE AMOUNT.




$$
