000
CDUS44 KJAN 010631
CLIHBG


CLIMATE REPORT
NATIONAL WEATHER SERVICE JACKSON MS
1229 AM CST SUN FEB 1 2015


...................................

...THE HATTIESBURG CLIMATE SUMMARY FOR JANUARY 31 2015...

CLIMATE NORMAL PERIOD 1981 TO 2010
CLIMATE RECORD PERIOD 1948 TO 2015


WEATHER ITEM   OBSERVED TIME   RECORD YEAR NORMAL DEPARTURE LAST
                VALUE   (LST)  VALUE       VALUE  FROM      YEAR
                                                  NORMAL
..................................................................
TEMPERATURE (F)
 YESTERDAY
  MAXIMUM         63    231 PM  83    2002  60      3       64
  MINIMUM         29    715 AM  10    1966  37     -8       23
  AVERAGE         46                        49     -3       44

PRECIPITATION (IN)
  YESTERDAY        0.00          1.74 2008   0.22  -0.22     0.00
  MONTH TO DATE    5.35                      5.74  -0.39     2.67
  SINCE DEC 1     11.55                     10.65   0.90     6.59
  SINCE JAN 1      5.35                      5.74  -0.39     2.67

SNOWFALL (IN)
  YESTERDAY        0.0

DEGREE DAYS
 HEATING
  YESTERDAY       19                        16      3       21
  MONTH TO DATE  541                       519     22      713
  SINCE DEC 1    874                       971    -97     1167
  SINCE JUL 1   1290                      1299     -9     1534

 COOLING
  YESTERDAY        0                         0      0        0
  MONTH TO DATE    6                         6      0        0
  SINCE DEC 1     13                        19     -6       34
  SINCE JAN 1      6                         6      0        0
..................................................................


WIND (MPH)
  HIGHEST WIND SPEED    12   HIGHEST WIND DIRECTION    SE (140)
  HIGHEST GUST SPEED    16   HIGHEST GUST DIRECTION    SE (140)
  AVERAGE WIND SPEED     2.5


SKY COVER
  POSSIBLE SUNSHINE  MM
  AVERAGE SKY COVER 0.1


WEATHER CONDITIONS
 THE FOLLOWING WEATHER WAS RECORDED YESTERDAY.
  NO SIGNIFICANT WEATHER WAS OBSERVED.


RELATIVE HUMIDITY (PERCENT)
 HIGHEST   100           700 AM
 LOWEST     25           200 PM
 AVERAGE    63

..........................................................


THE HATTIESBURG CLIMATE NORMALS FOR TODAY
                         NORMAL    RECORD    YEAR
 MAXIMUM TEMPERATURE (F)   61        85      1950
 MINIMUM TEMPERATURE (F)   38        17      1951


SUNRISE AND SUNSET
FEBRUARY  1 2015......SUNRISE   649 AM CST   SUNSET   532 PM CST
FEBRUARY  2 2015......SUNRISE   649 AM CST   SUNSET   533 PM CST


-  INDICATES NEGATIVE NUMBERS.
R  INDICATES RECORD WAS SET OR TIED.
MM INDICATES DATA IS MISSING.
T  INDICATES TRACE AMOUNT.




$$
