000
CDUS44 KJAN 230734
CLIHBG


CLIMATE REPORT
NATIONAL WEATHER SERVICE JACKSON MS
229 AM CDT MON OCT 23 2017


...................................

...THE HATTIESBURG CLIMATE SUMMARY FOR OCTOBER 22 2017...

CLIMATE NORMAL PERIOD 1981 TO 2010
CLIMATE RECORD PERIOD 1948 TO 2017


WEATHER ITEM   OBSERVED TIME   RECORD YEAR NORMAL DEPARTURE LAST
                VALUE   (LST)  VALUE       VALUE  FROM      YEAR
                                                  NORMAL
..................................................................
TEMPERATURE (F)
 YESTERDAY
  MAXIMUM         71    437 PM  90    2003  78     -7       74
  MINIMUM         64   1159 PM  27    1952  52     12       41
  AVERAGE         68                        65      3       58

PRECIPITATION (IN)
  YESTERDAY        1.53          4.01 2007   0.13   1.40     0.00
  MONTH TO DATE    2.67                      2.72  -0.05     0.10
  SINCE SEP 1      4.84                      6.80  -1.96     4.19
  SINCE JAN 1     61.26                     48.96  12.30    55.20

SNOWFALL (IN)
  YESTERDAY        0.0

DEGREE DAYS
 HEATING
  YESTERDAY        0                         3     -3        7
  MONTH TO DATE    5                        36    -31       11
  SINCE SEP 1      5                        38    -33       11
  SINCE JUL 1      5                        38    -33       11

 COOLING
  YESTERDAY        3                         3      0        0
  MONTH TO DATE  195                       110     85      158
  SINCE SEP 1    549                       466     83      631
  SINCE JAN 1   2494                      2337    157     2745
..................................................................


WIND (MPH)
  HIGHEST WIND SPEED    15   HIGHEST WIND DIRECTION     W (280)
  HIGHEST GUST SPEED    19   HIGHEST GUST DIRECTION     W (290)
  AVERAGE WIND SPEED     4.2


SKY COVER
  POSSIBLE SUNSHINE  MM
  AVERAGE SKY COVER 0.7


WEATHER CONDITIONS
 THE FOLLOWING WEATHER WAS RECORDED YESTERDAY.
  THUNDERSTORM
  HEAVY RAIN
  RAIN
  LIGHT RAIN
  FOG
  FOG W/VISIBILITY <= 1/4 MILE


RELATIVE HUMIDITY (PERCENT)
 HIGHEST   100          1200 AM
 LOWEST     93          1000 PM
 AVERAGE    97

..........................................................


THE HATTIESBURG CLIMATE NORMALS FOR TODAY
                         NORMAL    RECORD    YEAR
 MAXIMUM TEMPERATURE (F)   78        92      1953
 MINIMUM TEMPERATURE (F)   52        34      1996
                                             1952


SUNRISE AND SUNSET
OCTOBER 23 2017.......SUNRISE   706 AM CDT   SUNSET   616 PM CDT
OCTOBER 24 2017.......SUNRISE   707 AM CDT   SUNSET   615 PM CDT


-  INDICATES NEGATIVE NUMBERS.
R  INDICATES RECORD WAS SET OR TIED.
MM INDICATES DATA IS MISSING.
T  INDICATES TRACE AMOUNT.




$$
