984
CDUS44 KJAN 172239
CLIHBG


CLIMATE REPORT
NATIONAL WEATHER SERVICE JACKSON MS
435 PM CST WED JAN 17 2018


...................................

...THE HATTIESBURG CLIMATE SUMMARY FOR JANUARY 17 2018...
VALID TODAY AS OF 0400 PM LOCAL TIME.

CLIMATE NORMAL PERIOD 1981 TO 2010
CLIMATE RECORD PERIOD 1948 TO 2018


WEATHER ITEM   OBSERVED TIME   RECORD YEAR NORMAL DEPARTURE LAST
                VALUE   (LST)  VALUE       VALUE  FROM      YEAR
                                                  NORMAL
..................................................................
TEMPERATURE (F)
 TODAY
  MAXIMUM         33    341 PM  81    2017  60    -27       81
  MINIMUM         12R   751 AM  14    1977  37    -25       59
  AVERAGE         23                        48    -25       70

PRECIPITATION (IN)
  TODAY            0.00          2.24 2012   0.18  -0.18     0.01
  MONTH TO DATE    1.75                      3.01  -1.26     4.91
  SINCE DEC 1      6.47                      7.92  -1.45    11.97
  SINCE JAN 1      1.75                      3.01  -1.26     4.91

SNOWFALL (IN)
  TODAY            0.0

DEGREE DAYS
 HEATING
  TODAY           42                        17     25        0
  MONTH TO DATE  418                       282    136      166
  SINCE DEC 1    904                       739    165      504
  SINCE JUL 1   1209                      1067    142      700

 COOLING
  TODAY            0                         0      0        5
  MONTH TO DATE    0                         0      0       15
  SINCE DEC 1      5                        13     -8       54
  SINCE JAN 1      0                         0      0       15
..................................................................


WIND (MPH)
  HIGHEST WIND SPEED    17   HIGHEST WIND DIRECTION     N (360)
  HIGHEST GUST SPEED    24   HIGHEST GUST DIRECTION     N (360)
  AVERAGE WIND SPEED    10.8


SKY COVER
  POSSIBLE SUNSHINE  MM
  AVERAGE SKY COVER 0.1


WEATHER CONDITIONS
 THE FOLLOWING WEATHER WAS RECORDED TODAY.
  NO SIGNIFICANT WEATHER WAS OBSERVED.


RELATIVE HUMIDITY (PERCENT)
 HIGHEST    77          1200 AM
 LOWEST     43           400 PM
 AVERAGE    60

..........................................................


THE HATTIESBURG CLIMATE NORMALS FOR TOMORROW
                         NORMAL    RECORD    YEAR
 MAXIMUM TEMPERATURE (F)   60        82      2009
                                             1950
 MINIMUM TEMPERATURE (F)   37        15      1977


SUNRISE AND SUNSET
JANUARY 17 2018.......SUNRISE   656 AM CST   SUNSET   519 PM CST
JANUARY 18 2018.......SUNRISE   656 AM CST   SUNSET   520 PM CST


-  INDICATES NEGATIVE NUMBERS.
R  INDICATES RECORD WAS SET OR TIED.
MM INDICATES DATA IS MISSING.
T  INDICATES TRACE AMOUNT.




$$
