000
CDUS41 KLWX 260527
CLIHGR


CLIMATE REPORT
NATIONAL WEATHER SERVICE BALTIMORE MD/WASHINGTON DC
126 AM EDT WED APR 26 2017


...................................

...THE HAGERSTOWN MD CLIMATE SUMMARY FOR APRIL 25 2017...

CLIMATE NORMAL PERIOD 1981 TO 2010
CLIMATE RECORD PERIOD 9999 TO 9999


WEATHER ITEM   OBSERVED TIME   RECORD YEAR NORMAL DEPARTURE LAST
                VALUE   (LST)  VALUE       VALUE  FROM      YEAR
                                                  NORMAL
..................................................................
TEMPERATURE (F)
 YESTERDAY
  MAXIMUM         58    601 PM  MM      MM  66     -8       80
  MINIMUM         50    456 AM  MM      MM  46      4       46
  AVERAGE         54                        56     -2       63

PRECIPITATION (IN)
  YESTERDAY        0.19         MM      MM   0.11   0.08     0.00
  MONTH TO DATE    2.16                      3.02  -0.86     1.61
  SINCE MAR 1      4.99                      6.40  -1.41     3.23
  SINCE JAN 1      9.09                     11.63  -2.54     8.60

DEGREE DAYS
 HEATING
  YESTERDAY       11                        10      1        2
  MONTH TO DATE  179                       337   -158      306
  SINCE MAR 1    876                      1066   -190      758
  SINCE JUL 1   3883                      4969  -1086     3995

 COOLING
  YESTERDAY        0                         1     -1        0
  MONTH TO DATE   26                         7     19        6
  SINCE MAR 1     27                         8     19       10
  SINCE JAN 1     28                         8     20       10
..................................................................


WIND (MPH)
  HIGHEST WIND SPEED    18   HIGHEST WIND DIRECTION    NE (60)
  HIGHEST GUST SPEED    22   HIGHEST GUST DIRECTION    NE (60)
  AVERAGE WIND SPEED     9.7


SKY COVER
  POSSIBLE SUNSHINE  MM
  AVERAGE SKY COVER 1.0


WEATHER CONDITIONS
 THE FOLLOWING WEATHER WAS RECORDED YESTERDAY.
  RAIN
  LIGHT RAIN
  FOG


RELATIVE HUMIDITY (PERCENT)
 HIGHEST   100           900 PM
 LOWEST     66          1200 AM
 AVERAGE    83

..........................................................


THE HAGERSTOWN MD CLIMATE NORMALS FOR TODAY
                         NORMAL    RECORD    YEAR
 MAXIMUM TEMPERATURE (F)   67        MM        MM
 MINIMUM TEMPERATURE (F)   46        MM        MM


SUNRISE AND SUNSET
APRIL 26 2017.........SUNRISE   618 AM EDT   SUNSET   800 PM EDT
APRIL 27 2017.........SUNRISE   616 AM EDT   SUNSET   801 PM EDT


-  INDICATES NEGATIVE NUMBERS.
R  INDICATES RECORD WAS SET OR TIED.
MM INDICATES DATA IS MISSING.
T  INDICATES TRACE AMOUNT.




$$
