000
CDUS41 KLWX 060530
CLIHGR


CLIMATE REPORT
NATIONAL WEATHER SERVICE BALTIMORE MD/WASHINGTON DC
1226 AM EST TUE DEC 6 2016


...................................

...THE HAGERSTOWN MD CLIMATE SUMMARY FOR DECEMBER 5 2016...

CLIMATE NORMAL PERIOD 1981 TO 2010
CLIMATE RECORD PERIOD 9999 TO 9999


WEATHER ITEM   OBSERVED TIME   RECORD YEAR NORMAL DEPARTURE LAST
                VALUE   (LST)  VALUE       VALUE  FROM      YEAR
                                                  NORMAL
..................................................................
TEMPERATURE (F)
 YESTERDAY
  MAXIMUM         52    154 PM  MM      MM  44      8       50
  MINIMUM         36   1120 PM  MM      MM  30      6       28
  AVERAGE         44                        37      7       39

PRECIPITATION (IN)
  YESTERDAY        0.11         MM      MM   0.11   0.00     0.00
  MONTH TO DATE    0.18                      0.56  -0.38     0.77
  SINCE DEC 1      0.18                      0.56  -0.38     0.77
  SINCE JAN 1     25.68                     36.96 -11.28    25.78

DEGREE DAYS
 HEATING
  YESTERDAY       21                        28     -7       26
  MONTH TO DATE  106                       135    -29      113
  SINCE DEC 1    106                       135    -29      113
  SINCE JUL 1    814                      1140   -326      845

 COOLING
  YESTERDAY        0                         0      0        0
  MONTH TO DATE    0                         0      0        0
  SINCE DEC 1      0                         0      0        0
  SINCE JAN 1   1551                       969    582     1347
..................................................................


WIND (MPH)
  HIGHEST WIND SPEED    16   HIGHEST WIND DIRECTION    NW (300)
  HIGHEST GUST SPEED    20   HIGHEST GUST DIRECTION     S (180)
  AVERAGE WIND SPEED     7.0


SKY COVER
  POSSIBLE SUNSHINE  MM
  AVERAGE SKY COVER 0.4


WEATHER CONDITIONS
 THE FOLLOWING WEATHER WAS RECORDED YESTERDAY.
  LIGHT RAIN
  FOG


RELATIVE HUMIDITY (PERCENT)
 HIGHEST    92           200 AM
 LOWEST     44           300 PM
 AVERAGE    68

..........................................................


THE HAGERSTOWN MD CLIMATE NORMALS FOR TODAY
                         NORMAL    RECORD    YEAR
 MAXIMUM TEMPERATURE (F)   44        MM        MM
 MINIMUM TEMPERATURE (F)   30        MM        MM


SUNRISE AND SUNSET
DECEMBER  6 2016......SUNRISE   718 AM EST   SUNSET   446 PM EST
DECEMBER  7 2016......SUNRISE   719 AM EST   SUNSET   446 PM EST


-  INDICATES NEGATIVE NUMBERS.
R  INDICATES RECORD WAS SET OR TIED.
MM INDICATES DATA IS MISSING.
T  INDICATES TRACE AMOUNT.




$$
