000
CDUS41 KLWX 232124
CLIHGR


CLIMATE REPORT
NATIONAL WEATHER SERVICE BALTIMORE MD/WASHINGTON DC
524 PM EDT THU OCT 23 2014


...................................

...THE HAGERSTOWN MD CLIMATE SUMMARY FOR OCTOBER 23 2014...
VALID TODAY AS OF 0500 PM LOCAL TIME.

CLIMATE NORMAL PERIOD 1981 TO 2010
CLIMATE RECORD PERIOD 9999 TO 9999


WEATHER ITEM   OBSERVED TIME   RECORD YEAR NORMAL DEPARTURE LAST
                VALUE   (LST)  VALUE       VALUE  FROM      YEAR
                                                  NORMAL
..................................................................
TEMPERATURE (F)
 TODAY
  MAXIMUM         64    259 PM  MM      MM  63      1       51
  MINIMUM         49    141 AM  MM      MM  42      7       37
  AVERAGE         57                        53      4       44

PRECIPITATION (IN)
  TODAY            0.00         MM      MM   0.08  -0.08     0.00
  MONTH TO DATE    2.25                      2.27  -0.02     5.30
  SINCE SEP 1      4.49                      5.94  -1.45     8.51
  SINCE JAN 1     31.40                     32.57  -1.17    27.66

DEGREE DAYS
 HEATING
  TODAY            8                        13     -5       21
  MONTH TO DATE  157                       217    -60      140
  SINCE SEP 1    209                       286    -77      220
  SINCE JUL 1    211                       291    -80      223

 COOLING
  TODAY            0                         0      0        0
  MONTH TO DATE    6                         9     -3       44
  SINCE SEP 1    125                       100     25      148
  SINCE JAN 1    938                       968    -30     1133
..................................................................


WIND (MPH)
  HIGHEST WIND SPEED    26   HIGHEST WIND DIRECTION    NW (320)
  HIGHEST GUST SPEED    33   HIGHEST GUST DIRECTION    NW (320)
  AVERAGE WIND SPEED    16.7


SKY COVER
  POSSIBLE SUNSHINE  MM
  AVERAGE SKY COVER 0.8


WEATHER CONDITIONS
 THE FOLLOWING WEATHER WAS RECORDED TODAY.
  NO SIGNIFICANT WEATHER WAS OBSERVED.


RELATIVE HUMIDITY (PERCENT)
 HIGHEST    71           200 AM
 LOWEST     48           300 PM
 AVERAGE    60

..........................................................


THE HAGERSTOWN MD CLIMATE NORMALS FOR TOMORROW
                         NORMAL    RECORD    YEAR
 MAXIMUM TEMPERATURE (F)   63        MM        MM
 MINIMUM TEMPERATURE (F)   42        MM        MM


SUNRISE AND SUNSET
OCTOBER 23 2014.......SUNRISE   729 AM EDT   SUNSET   620 PM EDT
OCTOBER 24 2014.......SUNRISE   731 AM EDT   SUNSET   619 PM EDT


-  INDICATES NEGATIVE NUMBERS.
R  INDICATES RECORD WAS SET OR TIED.
MM INDICATES DATA IS MISSING.
T  INDICATES TRACE AMOUNT.




$$
