000
CDUS41 KLWX 202122
CLIHGR


CLIMATE REPORT
NATIONAL WEATHER SERVICE BALTIMORE MD/WASHINGTON DC
422 PM EST FRI JAN 20 2017


...................................

...THE HAGERSTOWN MD CLIMATE SUMMARY FOR JANUARY 20 2017...
VALID TODAY AS OF 0400 PM LOCAL TIME.

CLIMATE NORMAL PERIOD 1981 TO 2010
CLIMATE RECORD PERIOD 9999 TO 9999


WEATHER ITEM   OBSERVED TIME   RECORD YEAR NORMAL DEPARTURE LAST
                VALUE   (LST)  VALUE       VALUE  FROM      YEAR
                                                  NORMAL
..................................................................
TEMPERATURE (F)
 TODAY
  MAXIMUM         46    359 PM  MM      MM  38      8       25
  MINIMUM         32    535 AM  MM      MM  23      9       13
  AVERAGE         39                        31      8       19

PRECIPITATION (IN)
  TODAY            0.06         MM      MM   0.08  -0.02     0.00
  MONTH TO DATE    1.89                      1.76   0.13     1.64
  SINCE DEC 1      3.67                      4.65  -0.98     4.52
  SINCE JAN 1      1.89                      1.76   0.13     1.64

DEGREE DAYS
 HEATING
  TODAY           26                        34     -8       46
  MONTH TO DATE  587                       685    -98      673
  SINCE DEC 1   1451                      1644   -193     1233
  SINCE JUL 1   2159                      2649   -490     1965

 COOLING
  TODAY            0                         0      0        0
  MONTH TO DATE    0                         0      0        0
  SINCE DEC 1      0                         0      0        0
  SINCE JAN 1      0                         0      0        0
..................................................................


WIND (MPH)
  HIGHEST WIND SPEED     9   HIGHEST WIND DIRECTION     S (180)
  HIGHEST GUST SPEED    12   HIGHEST GUST DIRECTION     S (170)
  AVERAGE WIND SPEED     2.8


SKY COVER
  POSSIBLE SUNSHINE  MM
  AVERAGE SKY COVER 0.6


WEATHER CONDITIONS
 THE FOLLOWING WEATHER WAS RECORDED TODAY.
  LIGHT RAIN
  FOG
  HAZE


RELATIVE HUMIDITY (PERCENT)
 HIGHEST    89           600 AM
 LOWEST     76          1200 AM
 AVERAGE    83

..........................................................


THE HAGERSTOWN MD CLIMATE NORMALS FOR TOMORROW
                         NORMAL    RECORD    YEAR
 MAXIMUM TEMPERATURE (F)   38        MM        MM
 MINIMUM TEMPERATURE (F)   23        MM        MM


SUNRISE AND SUNSET
JANUARY 20 2017.......SUNRISE   727 AM EST   SUNSET   517 PM EST
JANUARY 21 2017.......SUNRISE   727 AM EST   SUNSET   518 PM EST


-  INDICATES NEGATIVE NUMBERS.
R  INDICATES RECORD WAS SET OR TIED.
MM INDICATES DATA IS MISSING.
T  INDICATES TRACE AMOUNT.




$$
