000
CDUS41 KLWX 010528
CLIHGR


CLIMATE REPORT
NATIONAL WEATHER SERVICE BALTIMORE MD/WASHINGTON DC
128 AM EDT WED JUN 1 2016


...................................

...THE HAGERSTOWN MD CLIMATE SUMMARY FOR MAY 31 2016...

CLIMATE NORMAL PERIOD 1981 TO 2010
CLIMATE RECORD PERIOD 9999 TO 9999


WEATHER ITEM   OBSERVED TIME   RECORD YEAR NORMAL DEPARTURE LAST
                VALUE   (LST)  VALUE       VALUE  FROM      YEAR
                                                  NORMAL
..................................................................
TEMPERATURE (F)
 YESTERDAY
  MAXIMUM         87    340 PM  MM      MM  77     10       87
  MINIMUM         65    516 AM  MM      MM  57      8       68
  AVERAGE         76                        67      9       78

PRECIPITATION (IN)
  YESTERDAY        0.00         MM      MM   0.14  -0.14     0.53
  MONTH TO DATE    4.13                      4.03   0.10     2.38
  SINCE MAR 1      7.67                     10.97  -3.30     7.91
  SINCE JAN 1     13.04                     16.20  -3.16    10.19

DEGREE DAYS
 HEATING
  YESTERDAY        0                         2     -2        0
  MONTH TO DATE  154                       154      0       50
  SINCE MAR 1    962                      1264   -302     1123
  SINCE JUL 1   4199                      5167   -968     5129

 COOLING
  YESTERDAY       11                         4      7       13
  MONTH TO DATE   88                        61     27      199
  SINCE MAR 1    104                        76     28      201
  SINCE JAN 1    104                        76     28      201
..................................................................


WIND (MPH)
  HIGHEST WIND SPEED    12   HIGHEST WIND DIRECTION    NW (310)
  HIGHEST GUST SPEED    15   HIGHEST GUST DIRECTION    NW (320)
  AVERAGE WIND SPEED     3.5


SKY COVER
  POSSIBLE SUNSHINE  MM
  AVERAGE SKY COVER 0.1


WEATHER CONDITIONS
 THE FOLLOWING WEATHER WAS RECORDED YESTERDAY.
  FOG
  HAZE


RELATIVE HUMIDITY (PERCENT)
 HIGHEST    93           100 AM
 LOWEST     32           100 PM
 AVERAGE    63

..........................................................


THE HAGERSTOWN MD CLIMATE NORMALS FOR TODAY
                         NORMAL    RECORD    YEAR
 MAXIMUM TEMPERATURE (F)   77        MM        MM
 MINIMUM TEMPERATURE (F)   57        MM        MM


SUNRISE AND SUNSET
JUNE  1 2016..........SUNRISE   545 AM EDT   SUNSET   833 PM EDT
JUNE  2 2016..........SUNRISE   544 AM EDT   SUNSET   834 PM EDT


-  INDICATES NEGATIVE NUMBERS.
R  INDICATES RECORD WAS SET OR TIED.
MM INDICATES DATA IS MISSING.
T  INDICATES TRACE AMOUNT.




$$
