000
CDUS41 KLWX 282121
CLIHGR


CLIMATE REPORT
NATIONAL WEATHER SERVICE BALTIMORE MD/WASHINGTON DC
521 PM EDT MON JUL 28 2014


...................................

...THE HAGERSTOWN MD CLIMATE SUMMARY FOR JULY 28 2014...
VALID TODAY AS OF 0500 PM LOCAL TIME.

CLIMATE NORMAL PERIOD 1981 TO 2010
CLIMATE RECORD PERIOD 9999 TO 9999


WEATHER ITEM   OBSERVED TIME   RECORD YEAR NORMAL DEPARTURE LAST
                VALUE   (LST)  VALUE       VALUE  FROM      YEAR
                                                  NORMAL
..................................................................
TEMPERATURE (F)
 TODAY
  MAXIMUM         80   1231 PM  MM      MM  85     -5       83
  MINIMUM         64    303 AM  MM      MM  65     -1       68
  AVERAGE         72                        75     -3       76

PRECIPITATION (IN)
  TODAY            0.03         MM      MM   0.12  -0.09      T
  MONTH TO DATE    6.05                      3.05   3.00     3.69
  SINCE JUN 1     10.91                      6.93   3.98     7.62
  SINCE JAN 1     23.39                     23.13   0.26    17.48

DEGREE DAYS
 HEATING
  TODAY            0                         0      0        0
  MONTH TO DATE    0                         0      0        0
  SINCE JUN 1      0                        18    -18        3
  SINCE JUL 1      0                         0      0        0

 COOLING
  TODAY            7                        10     -3       11
  MONTH TO DATE  281                       292    -11      373
  SINCE JUN 1    526                       501     25      613
  SINCE JAN 1    608                       577     31      730
..................................................................


WIND (MPH)
  HIGHEST WIND SPEED    25   HIGHEST WIND DIRECTION     W (290)
  HIGHEST GUST SPEED    32   HIGHEST GUST DIRECTION    NW (300)
  AVERAGE WIND SPEED    11.8


SKY COVER
  POSSIBLE SUNSHINE  MM
  AVERAGE SKY COVER 0.6


WEATHER CONDITIONS
 THE FOLLOWING WEATHER WAS RECORDED TODAY.
  FOG
  FOG W/VISIBILITY <= 1/4 MILE


RELATIVE HUMIDITY (PERCENT)
 HIGHEST   100           100 AM
 LOWEST     45          1200 PM
 AVERAGE    73

..........................................................


THE HAGERSTOWN MD CLIMATE NORMALS FOR TOMORROW
                         NORMAL    RECORD    YEAR
 MAXIMUM TEMPERATURE (F)   85        MM        MM
 MINIMUM TEMPERATURE (F)   65        MM        MM


SUNRISE AND SUNSET
JULY 28 2014..........SUNRISE   606 AM EDT   SUNSET   828 PM EDT
JULY 29 2014..........SUNRISE   607 AM EDT   SUNSET   827 PM EDT


-  INDICATES NEGATIVE NUMBERS.
R  INDICATES RECORD WAS SET OR TIED.
MM INDICATES DATA IS MISSING.
T  INDICATES TRACE AMOUNT.




$$
