000
CDUS41 KLWX 170525
CLIHGR


CLIMATE REPORT
NATIONAL WEATHER SERVICE BALTIMORE MD/WASHINGTON DC
1225 AM EST WED JAN 17 2018


...................................

...THE HAGERSTOWN MD CLIMATE SUMMARY FOR JANUARY 16 2018...

CLIMATE NORMAL PERIOD 1981 TO 2010
CLIMATE RECORD PERIOD 1998 TO 2018


WEATHER ITEM   OBSERVED TIME   RECORD YEAR NORMAL DEPARTURE LAST
                VALUE   (LST)  VALUE       VALUE  FROM      YEAR
                                                  NORMAL
..................................................................
TEMPERATURE (F)
 YESTERDAY
  MAXIMUM         32    228 PM  MM      MM  38     -6       40
  MINIMUM         24    228 AM  MM      MM  23      1       27
  AVERAGE         28                        31     -3       34

PRECIPITATION (IN)
  YESTERDAY        0.04         MM      MM   0.07  -0.03      T
  MONTH TO DATE    1.43                      1.44  -0.01     1.66
  SINCE DEC 1      2.24                      4.33  -2.09     3.44
  SINCE JAN 1      1.43                      1.44  -0.01     1.66

DEGREE DAYS
 HEATING
  YESTERDAY       37                        34      3       31
  MONTH TO DATE  635                       549     86      493
  SINCE DEC 1   1561                      1508     53     1357
  SINCE JUL 1   2342                      2513   -171     2065

 COOLING
  YESTERDAY        0                         0      0        0
  MONTH TO DATE    0                         0      0        0
  SINCE DEC 1      0                         0      0        0
  SINCE JAN 1      0                         0      0        0
..................................................................


WIND (MPH)
  HIGHEST WIND SPEED     9   HIGHEST WIND DIRECTION     N (350)
  HIGHEST GUST SPEED    12   HIGHEST GUST DIRECTION     N (350)
  AVERAGE WIND SPEED     3.0


SKY COVER
  POSSIBLE SUNSHINE  MM
  AVERAGE SKY COVER 1.0


WEATHER CONDITIONS
 THE FOLLOWING WEATHER WAS RECORDED YESTERDAY.
  LIGHT SNOW
  FOG
  HAZE


RELATIVE HUMIDITY (PERCENT)
 HIGHEST    92           500 PM
 LOWEST     78           900 AM
 AVERAGE    85

..........................................................


THE HAGERSTOWN MD CLIMATE NORMALS FOR TODAY
                         NORMAL    RECORD    YEAR
 MAXIMUM TEMPERATURE (F)   38        MM        MM
 MINIMUM TEMPERATURE (F)   23        MM        MM


SUNRISE AND SUNSET
JANUARY 17 2018.......SUNRISE   729 AM EST   SUNSET   513 PM EST
JANUARY 18 2018.......SUNRISE   729 AM EST   SUNSET   514 PM EST


-  INDICATES NEGATIVE NUMBERS.
R  INDICATES RECORD WAS SET OR TIED.
MM INDICATES DATA IS MISSING.
T  INDICATES TRACE AMOUNT.




$$
