000
CDUS46 KPQR 221143
CLIHIO


CLIMATE REPORT
NATIONAL WEATHER SERVICE PORTLAND OREGON
442 AM PDT TUE AUG 22 2017


...................................

...THE HILLSBORO OR CLIMATE SUMMARY FOR AUGUST 21 2017...

CLIMATE NORMAL PERIOD 1981 TO 2010
CLIMATE RECORD PERIOD 1929 TO 2017


WEATHER ITEM   OBSERVED TIME   RECORD YEAR NORMAL DEPARTURE LAST
                VALUE   (LST)  VALUE       VALUE  FROM      YEAR
                                                  NORMAL
..................................................................
TEMPERATURE (F)
 YESTERDAY
  MAXIMUM         94    317 PM  99    1951  81     13       82
  MINIMUM         52    500 AM  39    1947  50      2       53
  AVERAGE         73                        66      7       68

PRECIPITATION (IN)
  YESTERDAY        0.00          0.54 1979   0.02  -0.02
  MONTH TO DATE    0.13                      0.39  -0.26
  SINCE OCT 1     47.37                     38.22   9.15
  SINCE JAN 1     27.69                     21.83   5.86

SNOWFALL (IN)
  YESTERDAY        0.0
  MONTH TO DATE    0.0
  SINCE JUN 1      0.0
  SINCE JUL 1      0.0
  SNOW DEPTH       0

DEGREE DAYS
 HEATING
  YESTERDAY        0                         2     -2
  MONTH TO DATE    4                        30    -26
  SINCE JUL 1     16                        86    -70

 COOLING
  YESTERDAY        8                         2      6
  MONTH TO DATE  150                        60     90
  SINCE JAN 1    337                       161    176
..................................................................


WIND (MPH)
  HIGHEST WIND SPEED    10   HIGHEST WIND DIRECTION    NW (300)
  HIGHEST GUST SPEED    13   HIGHEST GUST DIRECTION    NW (300)
  AVERAGE WIND SPEED     4.0


SKY COVER
  POSSIBLE SUNSHINE  MM
  AVERAGE SKY COVER 0.0


WEATHER CONDITIONS
 THE FOLLOWING WEATHER WAS RECORDED YESTERDAY.
  NO SIGNIFICANT WEATHER WAS OBSERVED.


RELATIVE HUMIDITY (PERCENT)
 HIGHEST    93           400 AM
 LOWEST     24           400 PM
 AVERAGE    59

..........................................................


THE HILLSBORO OR CLIMATE NORMALS FOR TODAY
                         NORMAL    RECORD    YEAR
 MAXIMUM TEMPERATURE (F)   81        98      1961
 MINIMUM TEMPERATURE (F)   50        38      1938


SUNRISE AND SUNSET
AUGUST 22 2017........SUNRISE   621 AM PDT   SUNSET   807 PM PDT
AUGUST 23 2017........SUNRISE   623 AM PDT   SUNSET   805 PM PDT


-  INDICATES NEGATIVE NUMBERS.
R  INDICATES RECORD WAS SET OR TIED.
MM INDICATES DATA IS MISSING.
T  INDICATES TRACE AMOUNT.




$$
