000
CDUS46 KPQR 302326
CLIHIO


CLIMATE REPORT
NATIONAL WEATHER SERVICE PORTLAND OREGON
426 PM PDT SUN APR 30 2017


...................................

...THE HILLSBORO OR CLIMATE SUMMARY FOR APRIL 30 2017...
VALID TODAY AS OF 0400 PM LOCAL TIME.

CLIMATE NORMAL PERIOD 1981 TO 2010
CLIMATE RECORD PERIOD 1929 TO 2017


WEATHER ITEM   OBSERVED TIME   RECORD YEAR NORMAL DEPARTURE LAST
                VALUE   (LST)  VALUE       VALUE  FROM      YEAR
                                                  NORMAL
..................................................................
TEMPERATURE (F)
 TODAY
  MAXIMUM         59    259 PM  90    1998  64     -5       70
  MINIMUM         46    615 AM  28    1949  41      5       38
  AVERAGE         53                        53      0       54

PRECIPITATION (IN)
  TODAY            T                         0.08  -0.08     0.00
  MONTH TO DATE    3.56                      3.01   0.55     1.88
  SINCE OCT 1     44.37                     33.60  10.77    40.70
  SINCE JAN 1     24.69                     17.21   7.48    18.68

DEGREE DAYS
 HEATING
  TODAY           12                                        11
  MONTH TO DATE  465                                       286
  SINCE MAR 1   1017                                       803
  SINCE JUL 1   4546                                      3783

 COOLING
  TODAY            0                                         0
  MONTH TO DATE    0                                         7
  SINCE MAR 1      0                                         7
  SINCE JAN 1      0                                         7
..................................................................


WIND (MPH)
  HIGHEST WIND SPEED    12   HIGHEST WIND DIRECTION     W (270)
  HIGHEST GUST SPEED    15   HIGHEST GUST DIRECTION     W (280)
  AVERAGE WIND SPEED     7.0


SKY COVER
  POSSIBLE SUNSHINE  MM
  AVERAGE SKY COVER 0.7


WEATHER CONDITIONS
 THE FOLLOWING WEATHER WAS RECORDED TODAY.
  LIGHT RAIN
  FOG


RELATIVE HUMIDITY (PERCENT)
 HIGHEST    93           200 AM
 LOWEST     47           200 PM
 AVERAGE    70

..........................................................


THE HILLSBORO OR CLIMATE NORMALS FOR TOMORROW
                         NORMAL    RECORD    YEAR
 MAXIMUM TEMPERATURE (F)   64        87      2014
                                             1998
 MINIMUM TEMPERATURE (F)   41        28      1954


SUNRISE AND SUNSET
APRIL 30 2017.........SUNRISE   601 AM PDT   SUNSET   818 PM PDT
MAY  1 2017...........SUNRISE   559 AM PDT   SUNSET   819 PM PDT


-  INDICATES NEGATIVE NUMBERS.
R  INDICATES RECORD WAS SET OR TIED.
MM INDICATES DATA IS MISSING.
T  INDICATES TRACE AMOUNT.




$$
