000
CDUS46 KPQR 241153
CLIHIO


CLIMATE REPORT
NATIONAL WEATHER SERVICE PORTLAND OREGON
353 AM PST TUE JAN 24 2017


...................................

...THE HILLSBORO OR CLIMATE SUMMARY FOR JANUARY 23 2017...

CLIMATE NORMAL PERIOD 1981 TO 2010
CLIMATE RECORD PERIOD 1929 TO 2017


WEATHER ITEM   OBSERVED TIME   RECORD YEAR NORMAL DEPARTURE LAST
                VALUE   (LST)  VALUE       VALUE  FROM      YEAR
                                                  NORMAL
..................................................................
TEMPERATURE (F)
 YESTERDAY
  MAXIMUM         50    423 PM  66    1934  48      2       50
  MINIMUM         30   1159 PM   1    1943  34     -4       40
  AVERAGE         40                        41     -1       45

PRECIPITATION (IN)
  YESTERDAY        T             1.11 1982   0.17  -0.17
  MONTH TO DATE    4.11                      4.78  -0.67
  SINCE OCT 1     23.79                     21.17   2.62
  SINCE JAN 1      4.11                      4.78  -0.67

SNOWFALL (IN)
  YESTERDAY       MM
  MONTH TO DATE    0.0
  SINCE DEC 1      0.0
  SINCE JUL 1      0.0
  SNOW DEPTH       0

DEGREE DAYS
 HEATING
  YESTERDAY       25                        24      1
  MONTH TO DATE  772                       582    190
  SINCE JUL 1   2670                      2703    -33

 COOLING
  YESTERDAY        0                         0      0
  MONTH TO DATE    0                         0      0
  SINCE JAN 1      0                         0      0
..................................................................


WIND (MPH)
  HIGHEST WIND SPEED     7   HIGHEST WIND DIRECTION     W (280)
  HIGHEST GUST SPEED     7   HIGHEST GUST DIRECTION    SW (210)
  AVERAGE WIND SPEED     2.0


SKY COVER
  POSSIBLE SUNSHINE  MM
  AVERAGE SKY COVER 0.3


WEATHER CONDITIONS
 THE FOLLOWING WEATHER WAS RECORDED YESTERDAY.
  LIGHT RAIN
  FOG


RELATIVE HUMIDITY (PERCENT)
 HIGHEST    96           400 AM
 LOWEST     66           300 PM
 AVERAGE    81

..........................................................


THE HILLSBORO OR CLIMATE NORMALS FOR TODAY
                         NORMAL    RECORD    YEAR
 MAXIMUM TEMPERATURE (F)   48        63      1935
 MINIMUM TEMPERATURE (F)   34        -2      1943


SUNRISE AND SUNSET
JANUARY 24 2017.......SUNRISE   741 AM PST   SUNSET   507 PM PST
JANUARY 25 2017.......SUNRISE   740 AM PST   SUNSET   509 PM PST


-  INDICATES NEGATIVE NUMBERS.
R  INDICATES RECORD WAS SET OR TIED.
MM INDICATES DATA IS MISSING.
T  INDICATES TRACE AMOUNT.




$$
