000
CDUS46 KPQR 221144
CLIHIO


CLIMATE REPORT
NATIONAL WEATHER SERVICE PORTLAND OREGON
443 AM PDT THU JUN 22 2017


...................................

...THE HILLSBORO OR CLIMATE SUMMARY FOR JUNE 21 2017...

CLIMATE NORMAL PERIOD 1981 TO 2010
CLIMATE RECORD PERIOD 1929 TO 2017


WEATHER ITEM   OBSERVED TIME   RECORD YEAR NORMAL DEPARTURE LAST
                VALUE   (LST)  VALUE       VALUE  FROM      YEAR
                                                  NORMAL
..................................................................
TEMPERATURE (F)
 YESTERDAY
  MAXIMUM         76    335 PM  96    1992  74      2       75
  MINIMUM         46    507 AM  35    1935  49     -3       52
  AVERAGE         61                        61      0       64

PRECIPITATION (IN)
  YESTERDAY        0.00          1.65 1984   0.03  -0.03
  MONTH TO DATE    1.05                      1.13  -0.08
  SINCE OCT 1     47.24                     37.01  10.23
  SINCE JAN 1     27.56                     20.62   6.94

SNOWFALL (IN)
  YESTERDAY        0.0
  MONTH TO DATE    0.0
  SINCE JUN 1      0.0
  SINCE JUL 1      0.0
  SNOW DEPTH       0

DEGREE DAYS
 HEATING
  YESTERDAY        4                         5     -1
  MONTH TO DATE   95                       121    -26
  SINCE JUL 1   4870                      4971   -101

 COOLING
  YESTERDAY        0                         1     -1
  MONTH TO DATE   15                         7      8
  SINCE JAN 1     45                        13     32
..................................................................


WIND (MPH)
  HIGHEST WIND SPEED    18   HIGHEST WIND DIRECTION    NW (330)
  HIGHEST GUST SPEED    24   HIGHEST GUST DIRECTION    NW (330)
  AVERAGE WIND SPEED     8.6


SKY COVER
  POSSIBLE SUNSHINE  MM
  AVERAGE SKY COVER 0.1


WEATHER CONDITIONS
 THE FOLLOWING WEATHER WAS RECORDED YESTERDAY.
  NO SIGNIFICANT WEATHER WAS OBSERVED.


RELATIVE HUMIDITY (PERCENT)
 HIGHEST    93           400 AM
 LOWEST     33           400 PM
 AVERAGE    63

..........................................................


THE HILLSBORO OR CLIMATE NORMALS FOR TODAY
                         NORMAL    RECORD    YEAR
 MAXIMUM TEMPERATURE (F)   74       102      1992
 MINIMUM TEMPERATURE (F)   49        35      1935


SUNRISE AND SUNSET
JUNE 22 2017..........SUNRISE   523 AM PDT   SUNSET   905 PM PDT
JUNE 23 2017..........SUNRISE   524 AM PDT   SUNSET   905 PM PDT


-  INDICATES NEGATIVE NUMBERS.
R  INDICATES RECORD WAS SET OR TIED.
MM INDICATES DATA IS MISSING.
T  INDICATES TRACE AMOUNT.




$$
