000
CDUS46 KPQR 101144
CLIHIO


CLIMATE REPORT
NATIONAL WEATHER SERVICE PORTLAND OREGON
443 AM PDT THU JUL 10 2014


...................................

...THE HILLSBORO OR CLIMATE SUMMARY FOR JULY 9 2014...

CLIMATE NORMAL PERIOD 1981 TO 2010
CLIMATE RECORD PERIOD 1929 TO 2014


WEATHER ITEM   OBSERVED TIME   RECORD YEAR NORMAL DEPARTURE LAST
                VALUE   (LST)  VALUE       VALUE  FROM      YEAR
                                                  NORMAL
..................................................................
TEMPERATURE (F)
 YESTERDAY
  MAXIMUM         85    249 PM 101    1952  79      6       90
  MINIMUM         54   1159 PM  43    1935  51      3       54
  AVERAGE         70                        65      5       72

PRECIPITATION (IN)
  YESTERDAY        0.00          0.31 1974   0.03  -0.03
  MONTH TO DATE    0.00                      0.27  -0.27
  SINCE OCT 1     24.26                     37.55 -13.29
  SINCE JAN 1     19.58                     21.16  -1.58

SNOWFALL (IN)
  YESTERDAY        0.0
  MONTH TO DATE    0.0
  SINCE JUN 1      0.0
  SINCE JUL 1      0.0
  SNOW DEPTH       0

DEGREE DAYS
 HEATING
  YESTERDAY        0                         2     -2
  MONTH TO DATE    0                        23    -23
  SINCE JUL 1      0                        23    -23

 COOLING
  YESTERDAY        5                         2      3
  MONTH TO DATE   54                        15     39
  SINCE JAN 1     66                        41     25
..................................................................


WIND (MPH)
  HIGHEST WIND SPEED    17   HIGHEST WIND DIRECTION    NW (310)
  HIGHEST GUST SPEED    22   HIGHEST GUST DIRECTION    NW (310)
  AVERAGE WIND SPEED     7.9


SKY COVER
  POSSIBLE SUNSHINE  MM
  AVERAGE SKY COVER 0.0


WEATHER CONDITIONS
 THE FOLLOWING WEATHER WAS RECORDED YESTERDAY.
  NO SIGNIFICANT WEATHER WAS OBSERVED.


RELATIVE HUMIDITY (PERCENT)
 HIGHEST    75           600 AM
 LOWEST     31           500 PM
 AVERAGE    53

..........................................................


THE HILLSBORO OR CLIMATE NORMALS FOR TODAY
                         NORMAL    RECORD    YEAR
 MAXIMUM TEMPERATURE (F)   79       100      2007
 MINIMUM TEMPERATURE (F)   51        40      1960


SUNRISE AND SUNSET
JULY 10 2014..........SUNRISE   533 AM PDT   SUNSET   901 PM PDT
JULY 11 2014..........SUNRISE   534 AM PDT   SUNSET   900 PM PDT


-  INDICATES NEGATIVE NUMBERS.
R  INDICATES RECORD WAS SET OR TIED.
MM INDICATES DATA IS MISSING.
T  INDICATES TRACE AMOUNT.




$$
