000
CDUS46 KPQR 271142
CLIHIO


CLIMATE REPORT
NATIONAL WEATHER SERVICE PORTLAND OREGON
341 AM PST SAT DEC 27 2014


...................................

...THE HILLSBORO OR CLIMATE SUMMARY FOR DECEMBER 26 2014...

CLIMATE NORMAL PERIOD 1981 TO 2010
CLIMATE RECORD PERIOD 1929 TO 2014


WEATHER ITEM   OBSERVED TIME   RECORD YEAR NORMAL DEPARTURE LAST
                VALUE   (LST)  VALUE       VALUE  FROM      YEAR
                                                  NORMAL
..................................................................
TEMPERATURE (F)
 YESTERDAY
  MAXIMUM         46    255 PM  62    1964  44      2       33
  MINIMUM         41    728 PM  19    1985  31     10       29
  AVERAGE         44                        38      6       31

PRECIPITATION (IN)
  YESTERDAY        0.01          2.06 1937   0.24  -0.23
  MONTH TO DATE    5.67                      5.65   0.02
  SINCE OCT 1     14.62                     15.30  -0.68
  SINCE JAN 1     35.96                     38.81  -2.85

SNOWFALL (IN)
  YESTERDAY       MM
  MONTH TO DATE    0.0
  SINCE DEC 1      0.0
  SINCE JUL 1      0.0
  SNOW DEPTH       0

DEGREE DAYS
 HEATING
  YESTERDAY       21                        27     -6
  MONTH TO DATE  519                       684   -165
  SINCE JUL 1   1375                      1985   -610

 COOLING
  YESTERDAY        0                         0      0
  MONTH TO DATE    0                         0      0
  SINCE JAN 1    405                       198    207
..................................................................


WIND (MPH)
  HIGHEST WIND SPEED     7   HIGHEST WIND DIRECTION    NW (310)
  HIGHEST GUST SPEED    13   HIGHEST GUST DIRECTION     W (250)
  AVERAGE WIND SPEED     1.1


SKY COVER
  POSSIBLE SUNSHINE  MM
  AVERAGE SKY COVER 1.0


WEATHER CONDITIONS
 THE FOLLOWING WEATHER WAS RECORDED YESTERDAY.
  LIGHT RAIN
  FOG


RELATIVE HUMIDITY (PERCENT)
 HIGHEST   100          1200 AM
 LOWEST     86           200 PM
 AVERAGE    93

..........................................................


THE HILLSBORO OR CLIMATE NORMALS FOR TODAY
                         NORMAL    RECORD    YEAR
 MAXIMUM TEMPERATURE (F)   44        60      1980
 MINIMUM TEMPERATURE (F)   32        17      1948


SUNRISE AND SUNSET
DECEMBER 27 2014......SUNRISE   751 AM PST   SUNSET   435 PM PST
DECEMBER 28 2014......SUNRISE   752 AM PST   SUNSET   435 PM PST


-  INDICATES NEGATIVE NUMBERS.
R  INDICATES RECORD WAS SET OR TIED.
MM INDICATES DATA IS MISSING.
T  INDICATES TRACE AMOUNT.




$$
