000
CDUS46 KPQR 211142
CLIHIO


CLIMATE REPORT
NATIONAL WEATHER SERVICE PORTLAND OREGON
341 AM PST TUE FEB 21 2017


...................................

...THE HILLSBORO OR CLIMATE SUMMARY FOR FEBRUARY 20 2017...

CLIMATE NORMAL PERIOD 1981 TO 2010
CLIMATE RECORD PERIOD 1929 TO 2017


WEATHER ITEM   OBSERVED TIME   RECORD YEAR NORMAL DEPARTURE LAST
                VALUE   (LST)  VALUE       VALUE  FROM      YEAR
                                                  NORMAL
..................................................................
TEMPERATURE (F)
 YESTERDAY
  MAXIMUM         49    449 PM  62    1995  52     -3       50
  MINIMUM         42    852 AM  18    2006  34      8       33
  AVERAGE         46                        43      3       42

PRECIPITATION (IN)
  YESTERDAY        0.81          1.71 1982   0.13   0.68
  MONTH TO DATE    9.39                      3.30   6.09
  SINCE OCT 1     33.18                     25.75   7.43
  SINCE JAN 1     13.50                      9.36   4.14

SNOWFALL (IN)
  YESTERDAY       MM
  MONTH TO DATE    0.0
  SINCE DEC 1      0.0
  SINCE JUL 1      0.0
  SNOW DEPTH       0

DEGREE DAYS
 HEATING
  YESTERDAY       19                        22     -3
  MONTH TO DATE  450                       458     -8
  SINCE JUL 1   3326                      3351    -25

 COOLING
  YESTERDAY        0                         0      0
  MONTH TO DATE    0                         0      0
  SINCE JAN 1      0                         0      0
..................................................................


WIND (MPH)
  HIGHEST WIND SPEED    13   HIGHEST WIND DIRECTION     S (170)
  HIGHEST GUST SPEED    17   HIGHEST GUST DIRECTION     S (200)
  AVERAGE WIND SPEED     5.0


SKY COVER
  POSSIBLE SUNSHINE  MM
  AVERAGE SKY COVER 0.9


WEATHER CONDITIONS
 THE FOLLOWING WEATHER WAS RECORDED YESTERDAY.
  HEAVY RAIN
  RAIN
  LIGHT RAIN
  FOG


RELATIVE HUMIDITY (PERCENT)
 HIGHEST   100          1000 AM
 LOWEST     86           100 PM
 AVERAGE    93

..........................................................


THE HILLSBORO OR CLIMATE NORMALS FOR TODAY
                         NORMAL    RECORD    YEAR
 MAXIMUM TEMPERATURE (F)   52        64      1970
 MINIMUM TEMPERATURE (F)   34        24      1957


SUNRISE AND SUNSET
FEBRUARY 21 2017......SUNRISE   703 AM PST   SUNSET   548 PM PST
FEBRUARY 22 2017......SUNRISE   702 AM PST   SUNSET   549 PM PST


-  INDICATES NEGATIVE NUMBERS.
R  INDICATES RECORD WAS SET OR TIED.
MM INDICATES DATA IS MISSING.
T  INDICATES TRACE AMOUNT.




$$
