000
CDUS46 KPQR 191141
CLIHIO


CLIMATE REPORT
NATIONAL WEATHER SERVICE PORTLAND OREGON
441 AM PDT THU OCT 19 2017


...................................

...THE HILLSBORO OR CLIMATE SUMMARY FOR OCTOBER 18 2017...

CLIMATE NORMAL PERIOD 1981 TO 2010
CLIMATE RECORD PERIOD 1929 TO 2017


WEATHER ITEM   OBSERVED TIME   RECORD YEAR NORMAL DEPARTURE LAST
                VALUE   (LST)  VALUE       VALUE  FROM      YEAR
                                                  NORMAL
..................................................................
TEMPERATURE (F)
 YESTERDAY
  MAXIMUM         64    323 PM  81    1974  62      2       58
  MINIMUM         47   1212 AM  28    1966  40      7       42
  AVERAGE         56                        51      5       50

PRECIPITATION (IN)
  YESTERDAY        0.02          0.69 1958   0.11  -0.09
  MONTH TO DATE    0.59                      1.51  -0.92
  SINCE OCT 1      0.59                      1.51  -0.92
  SINCE JAN 1     29.67                     25.02   4.65

SNOWFALL (IN)
  YESTERDAY       MM
  MONTH TO DATE    0.0
  SINCE SEP 1      0.0
  SINCE JUL 1      0.0
  SNOW DEPTH       0

DEGREE DAYS
 HEATING
  YESTERDAY        9                        14     -5
  MONTH TO DATE  245                       211     34
  SINCE JUL 1    365                       473   -108

 COOLING
  YESTERDAY        0                         0      0
  MONTH TO DATE    0                         0      0
  SINCE JAN 1    496                       197    299
..................................................................


WIND (MPH)
  HIGHEST WIND SPEED    21   HIGHEST WIND DIRECTION     S (170)
  HIGHEST GUST SPEED    26   HIGHEST GUST DIRECTION     S (170)
  AVERAGE WIND SPEED     7.6


SKY COVER
  POSSIBLE SUNSHINE  MM
  AVERAGE SKY COVER 0.9


WEATHER CONDITIONS
 THE FOLLOWING WEATHER WAS RECORDED YESTERDAY.
  LIGHT RAIN
  FOG


RELATIVE HUMIDITY (PERCENT)
 HIGHEST   100           200 AM
 LOWEST     67           600 PM
 AVERAGE    84

..........................................................


THE HILLSBORO OR CLIMATE NORMALS FOR TODAY
                         NORMAL    RECORD    YEAR
 MAXIMUM TEMPERATURE (F)   61        78      1940
 MINIMUM TEMPERATURE (F)   40        26      1949


SUNRISE AND SUNSET
OCTOBER 19 2017.......SUNRISE   734 AM PDT   SUNSET   619 PM PDT
OCTOBER 20 2017.......SUNRISE   735 AM PDT   SUNSET   617 PM PDT


-  INDICATES NEGATIVE NUMBERS.
R  INDICATES RECORD WAS SET OR TIED.
MM INDICATES DATA IS MISSING.
T  INDICATES TRACE AMOUNT.




$$
