000
CDUS46 KPQR 301141
CLIHIO


CLIMATE REPORT
NATIONAL WEATHER SERVICE PORTLAND OREGON
440 AM PDT SAT AUG 30 2014


...................................

...THE HILLSBORO OR CLIMATE SUMMARY FOR AUGUST 29 2014...

CLIMATE NORMAL PERIOD 1981 TO 2010
CLIMATE RECORD PERIOD 1929 TO 2014


WEATHER ITEM   OBSERVED TIME   RECORD YEAR NORMAL DEPARTURE LAST
                VALUE   (LST)  VALUE       VALUE  FROM      YEAR
                                                  NORMAL
..................................................................
TEMPERATURE (F)
 YESTERDAY
  MAXIMUM         77    424 PM  98    1967  80     -3       79
  MINIMUM         56    454 AM  37    1965  49      7       63
  AVERAGE         67                        64      3       71

PRECIPITATION (IN)
  YESTERDAY        0.00          0.95 1943   0.02  -0.02
  MONTH TO DATE    0.10                      0.58  -0.48
  SINCE OCT 1     24.88                     38.41 -13.53
  SINCE JAN 1     20.20                     22.02  -1.82

SNOWFALL (IN)
  YESTERDAY        0.0
  MONTH TO DATE    0.0
  SINCE JUN 1      0.0
  SINCE JUL 1      0.0
  SNOW DEPTH       0

DEGREE DAYS
 HEATING
  YESTERDAY        0                         2     -2
  MONTH TO DATE    3                        46    -43
  SINCE JUL 1      9                       102    -93

 COOLING
  YESTERDAY        2                         2      0
  MONTH TO DATE  172                        76     96
  SINCE JAN 1    350                       177    173
..................................................................


WIND (MPH)
  HIGHEST WIND SPEED    15   HIGHEST WIND DIRECTION     N (350)
  HIGHEST GUST SPEED    19   HIGHEST GUST DIRECTION     N (350)
  AVERAGE WIND SPEED     2.7


SKY COVER
  POSSIBLE SUNSHINE  MM
  AVERAGE SKY COVER 0.5


WEATHER CONDITIONS
 THE FOLLOWING WEATHER WAS RECORDED YESTERDAY.
  HAZE


RELATIVE HUMIDITY (PERCENT)
 HIGHEST   100           500 AM
 LOWEST     43           400 PM
 AVERAGE    72

..........................................................


THE HILLSBORO OR CLIMATE NORMALS FOR TODAY
                         NORMAL    RECORD    YEAR
 MAXIMUM TEMPERATURE (F)   80        98      1987
 MINIMUM TEMPERATURE (F)   49        30      1930


SUNRISE AND SUNSET
AUGUST 30 2014........SUNRISE   631 AM PDT   SUNSET   753 PM PDT
AUGUST 31 2014........SUNRISE   632 AM PDT   SUNSET   751 PM PDT


-  INDICATES NEGATIVE NUMBERS.
R  INDICATES RECORD WAS SET OR TIED.
MM INDICATES DATA IS MISSING.
T  INDICATES TRACE AMOUNT.




$$
