000
CDUS46 KPQR 011141
CLIHIO


CLIMATE REPORT
NATIONAL WEATHER SERVICE PORTLAND OREGON
440 AM PDT WED OCT 1 2014


...................................

...THE HILLSBORO OR CLIMATE SUMMARY FOR SEPTEMBER 30 2014...

CLIMATE NORMAL PERIOD 1981 TO 2010
CLIMATE RECORD PERIOD 1929 TO 2014


WEATHER ITEM   OBSERVED TIME   RECORD YEAR NORMAL DEPARTURE LAST
                VALUE   (LST)  VALUE       VALUE  FROM      YEAR
                                                  NORMAL
..................................................................
TEMPERATURE (F)
 YESTERDAY
  MAXIMUM         69    159 PM  89    1987  69      0       60
  MINIMUM         46   1158 PM  33    1950  43      3       48
  AVERAGE         58                        56      2       54

PRECIPITATION (IN)
  YESTERDAY        0.01          1.28 2005   0.09  -0.08
  MONTH TO DATE    1.10                      1.44  -0.34
  SINCE OCT 1     26.02                     39.90 -13.88
  SINCE JAN 1     21.34                     23.51  -2.17

SNOWFALL (IN)
  YESTERDAY       MM
  MONTH TO DATE    0.0
  SINCE SEP 1      0.0
  SINCE JUL 1      0.0
  SNOW DEPTH       0

DEGREE DAYS
 HEATING
  YESTERDAY        7                         9     -2
  MONTH TO DATE   46                       154   -108
  SINCE JUL 1     55                       262   -207

 COOLING
  YESTERDAY        0                         0      0
  MONTH TO DATE   45                        19     26
  SINCE JAN 1    395                       197    198
..................................................................


WIND (MPH)
  HIGHEST WIND SPEED    17   HIGHEST WIND DIRECTION     N (340)
  HIGHEST GUST SPEED    23   HIGHEST GUST DIRECTION     W (270)
  AVERAGE WIND SPEED     3.6


SKY COVER
  POSSIBLE SUNSHINE  MM
  AVERAGE SKY COVER 0.6


WEATHER CONDITIONS
 THE FOLLOWING WEATHER WAS RECORDED YESTERDAY.
  LIGHT RAIN
  FOG
  FOG W/VISIBILITY <= 1/4 MILE


RELATIVE HUMIDITY (PERCENT)
 HIGHEST   100          1200 AM
 LOWEST     53           200 PM
 AVERAGE    77

..........................................................


THE HILLSBORO OR CLIMATE NORMALS FOR TODAY
                         NORMAL    RECORD    YEAR
 MAXIMUM TEMPERATURE (F)   69        92      1987
 MINIMUM TEMPERATURE (F)   43        30      1950


SUNRISE AND SUNSET
OCTOBER  1 2014.......SUNRISE   710 AM PDT   SUNSET   652 PM PDT
OCTOBER  2 2014.......SUNRISE   711 AM PDT   SUNSET   650 PM PDT


-  INDICATES NEGATIVE NUMBERS.
R  INDICATES RECORD WAS SET OR TIED.
MM INDICATES DATA IS MISSING.
T  INDICATES TRACE AMOUNT.




$$
