000
CDUS46 KHNX 290821
CLIHJO


CLIMATE REPORT
NATIONAL WEATHER SERVICE SAN JOAQUIN VALLEY, CA
1221 AM PST MON DEC 29 2014


...................................

...THE HANFORD CA CLIMATE SUMMARY FOR DECEMBER 28 2014...

CLIMATE NORMAL PERIOD 1981 TO 2010
CLIMATE RECORD PERIOD 1998 TO 2014


WEATHER ITEM   OBSERVED TIME   RECORD YEAR NORMAL DEPARTURE
                VALUE   (LST)  VALUE       VALUE  FROM
                                                  NORMAL
...............................................................
TEMPERATURE (F)
 YESTERDAY
  MAXIMUM         54    413 PM  63    2001  53      1
  MINIMUM         32    547 AM  24    2011  35     -3
  AVERAGE         43                        44     -1

PRECIPITATION (IN)
  YESTERDAY        0.00          0.86 2004   0.09  -0.09
  MONTH TO DATE    2.32                      1.37   0.95
  SINCE JUL 1      3.13                      3.08   0.05
  SINCE JAN 1      5.56                      9.84  -4.28

SNOWFALL (IN)
  YESTERDAY        0.0
  MONTH TO DATE    0.0
  SINCE DEC 1      0.0
  SINCE JUL 1      0.0
  SNOW DEPTH       0

DEGREE DAYS
 HEATING
  YESTERDAY       22
  MONTH TO DATE  359
  SINCE DEC 1    359
  SINCE JUL 1    670

 COOLING
  YESTERDAY        0
  MONTH TO DATE    0
  SINCE DEC 1      0
  SINCE JAN 1   2274
...............................................................


WIND (MPH)
  HIGHEST WIND SPEED     6   HIGHEST WIND DIRECTION     E (110)
  HIGHEST GUST SPEED     9   HIGHEST GUST DIRECTION     W (290)
  AVERAGE WIND SPEED     1.1




RELATIVE HUMIDITY (PERCENT)
 HIGHEST    96
 LOWEST     54
 AVERAGE    75

..........................................................


THE HANFORD CA CLIMATE NORMALS FOR TODAY
                         NORMAL    RECORD    YEAR
 MAXIMUM TEMPERATURE (F)   53        64      2013
 MINIMUM TEMPERATURE (F)   35        27      2006


SUNRISE AND SUNSET
DECEMBER 29 2014......SUNRISE   709 AM PST   SUNSET   452 PM PST
DECEMBER 30 2014......SUNRISE   710 AM PST   SUNSET   453 PM PST


-  INDICATES NEGATIVE NUMBERS.
R  INDICATES RECORD WAS SET OR TIED.
MM INDICATES DATA IS MISSING.
T  INDICATES TRACE AMOUNT.




$$
