000
CDUS46 KHNX 020023
CLIHJO


CLIMATE REPORT
NATIONAL WEATHER SERVICE SAN JOAQUIN VALLEY, CA
520 PM PDT WED JUL 1 2015


...................................

...THE HANFORD CA CLIMATE SUMMARY FOR JULY 1 2015...
VALID AS OF 0500 PM LOCAL TIME.

CLIMATE NORMAL PERIOD 1981 TO 2010
CLIMATE RECORD PERIOD 1998 TO 2015


WEATHER ITEM   OBSERVED TIME   RECORD YEAR NORMAL DEPARTURE LAST
                VALUE   (LST)  VALUE       VALUE  FROM      YEAR
                                                  NORMAL
..................................................................
TEMPERATURE (F)
 TODAY
  MAXIMUM         99   1249 PM 107    2014  94      5      107
  MINIMUM         75    258 AM  55    2010  61     14       66
  AVERAGE         87                        78      9       87

PRECIPITATION (IN)
  TODAY            T   R         0.00   MM   0.00   0.00     0.00
  MONTH TO DATE    T                         0.00   0.00     0.00
  SINCE OCT 1      5.04                      9.89  -4.85     2.81
  SINCE JAN 1      1.92                      6.76  -4.84     2.43

SNOWFALL (IN)
  TODAY            0.0
  MONTH TO DATE    0.0
  SINCE JUN 1      0.0
  SINCE JUL 1      0.0
  SNOW DEPTH       0

DEGREE DAYS
 HEATING
  TODAY            0                                         0
  MONTH TO DATE    0                                         0
  SINCE JUN 1      0                                         0
  SINCE JUL 1      0                                         0

 COOLING
  TODAY           22                                        22
  MONTH TO DATE   22                                        22
  SINCE JUN 1    491                                       403
  SINCE JAN 1    797                                       691
..................................................................


WIND (MPH)
  HIGHEST WIND SPEED    15   HIGHEST WIND DIRECTION    SE (130)
  HIGHEST GUST SPEED    19   HIGHEST GUST DIRECTION    SE (120)
  AVERAGE WIND SPEED     6.0




RELATIVE HUMIDITY (PERCENT)
 HIGHEST    60
 LOWEST     27
 AVERAGE    44

..........................................................


THE HANFORD CA CLIMATE NORMALS FOR TOMORROW
                         NORMAL    RECORD    YEAR
 MAXIMUM TEMPERATURE (F)   94       111      2013
 MINIMUM TEMPERATURE (F)   62        57      2010
                                             1998


SUNRISE AND SUNSET
JULY  1 2015..........SUNRISE   544 AM PDT   SUNSET   820 PM PDT
JULY  2 2015..........SUNRISE   545 AM PDT   SUNSET   820 PM PDT


-  INDICATES NEGATIVE NUMBERS.
R  INDICATES RECORD WAS SET OR TIED.
MM INDICATES DATA IS MISSING.
T  INDICATES TRACE AMOUNT.




$$
