000
CDUS46 KHNX 050022
CLIHJO


CLIMATE REPORT
NATIONAL WEATHER SERVICE SAN JOAQUIN VALLEY, CA
421 PM PST WED MAR 4 2015


...................................

...THE HANFORD CA CLIMATE SUMMARY FOR MARCH 4 2015...
VALID AS OF 0400 PM LOCAL TIME.

CLIMATE NORMAL PERIOD 1981 TO 2010
CLIMATE RECORD PERIOD 1998 TO 2015


WEATHER ITEM   OBSERVED TIME   RECORD YEAR NORMAL DEPARTURE LAST
                VALUE   (LST)  VALUE       VALUE  FROM      YEAR
                                                  NORMAL
..................................................................
TEMPERATURE (F)
 TODAY
  MAXIMUM         68    257 PM  77    2012  66      2       67
  MINIMUM         38    519 AM  31    2006  42     -4       52
  AVERAGE         53                        54     -1       60

PRECIPITATION (IN)
  TODAY            0.00          0.74 2005   0.08  -0.08      T
  MONTH TO DATE    0.14                      0.33  -0.19      T
  SINCE OCT 1      4.05                      7.23  -3.18     2.14
  SINCE JAN 1      0.93                      4.10  -3.17     1.76

SNOWFALL (IN)
  TODAY            0.0
  MONTH TO DATE    0.0
  SINCE MAR 1      0.0
  SINCE JUL 1      0.0
  SNOW DEPTH       0

DEGREE DAYS
 HEATING
  TODAY           12                                         5
  MONTH TO DATE   52                                        33
  SINCE MAR 1     52                                        33
  SINCE JUL 1   1594                                      1810

 COOLING
  TODAY            0                                         0
  MONTH TO DATE    0                                         0
  SINCE MAR 1      0                                         0
  SINCE JAN 1      0                                         0
..................................................................


WIND (MPH)
  HIGHEST WIND SPEED     8   HIGHEST WIND DIRECTION     S (200)
  HIGHEST GUST SPEED    12   HIGHEST GUST DIRECTION    SE (150)
  AVERAGE WIND SPEED     1.6




RELATIVE HUMIDITY (PERCENT)
 HIGHEST    96
 LOWEST     42
 AVERAGE    69

..........................................................


THE HANFORD CA CLIMATE NORMALS FOR TOMORROW
                         NORMAL    RECORD    YEAR
 MAXIMUM TEMPERATURE (F)   66        79      2012
 MINIMUM TEMPERATURE (F)   42        32      2010


SUNRISE AND SUNSET
MARCH  4 2015.........SUNRISE   625 AM PST   SUNSET   556 PM PST
MARCH  5 2015.........SUNRISE   624 AM PST   SUNSET   557 PM PST


-  INDICATES NEGATIVE NUMBERS.
R  INDICATES RECORD WAS SET OR TIED.
MM INDICATES DATA IS MISSING.
T  INDICATES TRACE AMOUNT.




$$
