000
CDUS46 KHNX 030823
CLIHJO


CLIMATE REPORT
NATIONAL WEATHER SERVICE SAN JOAQUIN VALLEY, CA
1222 AM PST SAT DEC 3 2016


...................................

...THE HANFORD CA CLIMATE SUMMARY FOR DECEMBER 2 2016...

CLIMATE NORMAL PERIOD 1981 TO 2010
CLIMATE RECORD PERIOD 1998 TO 2016


WEATHER ITEM   OBSERVED TIME   RECORD YEAR NORMAL DEPARTURE
                VALUE   (LST)  VALUE       VALUE  FROM
                                                  NORMAL
...............................................................
TEMPERATURE (F)
 YESTERDAY
  MAXIMUM         54    211 PM  68    2003  58     -4
  MINIMUM         35   1159 PM  23    2004  35      0
  AVERAGE         45                        46     -1

PRECIPITATION (IN)
  YESTERDAY        0.00          0.37 2014   0.02  -0.02
  MONTH TO DATE    0.00                      0.04  -0.04
  SINCE OCT 1      1.00                      1.54  -0.54
  SINCE JAN 1      6.66                      8.51  -1.85

SNOWFALL (IN)
  YESTERDAY        0.0
  MONTH TO DATE    0.0
  SINCE DEC 1      0.0
  SINCE JUL 1      0.0
  SNOW DEPTH       0

DEGREE DAYS
 HEATING
  YESTERDAY       20
  MONTH TO DATE   39
  SINCE DEC 1     39
  SINCE JUL 1    345

 COOLING
  YESTERDAY        0
  MONTH TO DATE    0
  SINCE DEC 1      0
  SINCE JAN 1   1966
...............................................................


WIND (MPH)
  HIGHEST WIND SPEED    10   HIGHEST WIND DIRECTION    NW (310)
  HIGHEST GUST SPEED    13   HIGHEST GUST DIRECTION    NW (300)
  AVERAGE WIND SPEED     2.1




RELATIVE HUMIDITY (PERCENT)
 HIGHEST   100
 LOWEST     71
 AVERAGE    86

..........................................................


THE HANFORD CA CLIMATE NORMALS FOR TODAY
                         NORMAL    RECORD    YEAR
 MAXIMUM TEMPERATURE (F)   57        72      2015
 MINIMUM TEMPERATURE (F)   35        24      2004


SUNRISE AND SUNSET
DECEMBER  3 2016......SUNRISE   654 AM PST   SUNSET   443 PM PST
DECEMBER  4 2016......SUNRISE   655 AM PST   SUNSET   443 PM PST


-  INDICATES NEGATIVE NUMBERS.
R  INDICATES RECORD WAS SET OR TIED.
MM INDICATES DATA IS MISSING.
T  INDICATES TRACE AMOUNT.




$$
