000
CDUS46 KHNX 220823
CLIHJO


CLIMATE REPORT
NATIONAL WEATHER SERVICE SAN JOAQUIN VALLEY, CA
123 AM PDT SUN OCT 22 2017


...................................

...THE HANFORD CA CLIMATE SUMMARY FOR OCTOBER 21 2017...

CLIMATE NORMAL PERIOD 1981 TO 2010
CLIMATE RECORD PERIOD 1998 TO 2017


WEATHER ITEM   OBSERVED TIME   RECORD YEAR NORMAL DEPARTURE
                VALUE   (LST)  VALUE       VALUE  FROM
                                                  NORMAL
...............................................................
TEMPERATURE (F)
 YESTERDAY
  MAXIMUM         70    338 PM  91    2003  77     -7
  MINIMUM         41    623 AM  37    2007  46     -5
  AVERAGE         56                        62     -6

PRECIPITATION (IN)
  YESTERDAY        0.00          0.00   MM   0.02  -0.02
  MONTH TO DATE    0.06                      0.23  -0.17
  SINCE OCT 1      0.06                      0.23  -0.17
  SINCE JAN 1      8.40                      7.20   1.20

SNOWFALL (IN)
  YESTERDAY        0.0
  MONTH TO DATE    0.0
  SINCE SEP 1      0.0
  SINCE JUL 1      0.0
  SNOW DEPTH       0

DEGREE DAYS
 HEATING
  YESTERDAY        9
  MONTH TO DATE   57
  SINCE SEP 1     64
  SINCE JUL 1     64

 COOLING
  YESTERDAY        0
  MONTH TO DATE   13
  SINCE SEP 1    337
  SINCE JAN 1   2154
...............................................................


WIND (MPH)
  HIGHEST WIND SPEED    12   HIGHEST WIND DIRECTION    NW (320)
  HIGHEST GUST SPEED    16   HIGHEST GUST DIRECTION    NW (330)
  AVERAGE WIND SPEED     4.6




RELATIVE HUMIDITY (PERCENT)
 HIGHEST   100
 LOWEST     40
 AVERAGE    70

..........................................................


THE HANFORD CA CLIMATE NORMALS FOR TODAY
                         NORMAL    RECORD    YEAR
 MAXIMUM TEMPERATURE (F)   77        88      2003
 MINIMUM TEMPERATURE (F)   46        38      2007


SUNRISE AND SUNSET
OCTOBER 22 2017.......SUNRISE   712 AM PDT   SUNSET   613 PM PDT
OCTOBER 23 2017.......SUNRISE   713 AM PDT   SUNSET   612 PM PDT


-  INDICATES NEGATIVE NUMBERS.
R  INDICATES RECORD WAS SET OR TIED.
MM INDICATES DATA IS MISSING.
T  INDICATES TRACE AMOUNT.




$$
