000
CDUS43 KGLD 180740 RRA
CLIHLC

CLIMATE REPORT
NATIONAL WEATHER SERVICE GOODLAND
1237 AM MST SAT NOV 18 2017
...................................

...THE HILL CITY KS CLIMATE SUMMARY FOR NOVEMBER 17 2017...

CLIMATE NORMAL PERIOD 1981 TO 2010
CLIMATE RECORD PERIOD 1896 TO 2017

WEATHER ITEM   OBSERVED TIME   RECORD YEAR NORMAL DEPARTURE LAST
                VALUE   (LST)  VALUE       VALUE  FROM      YEAR
                                                  NORMAL
..................................................................
TEMPERATURE (F)
 YESTERDAY
  MAXIMUM         74    140 PM  82    1943  53     21       64
  MINIMUM         39    730 AM   0    1959  27     12       38
  AVERAGE         57                        40     17       51

PRECIPITATION (IN)
  YESTERDAY        0.00                      0.04  -0.04     0.06
  MONTH TO DATE    0.01                      0.63  -0.62     0.36
  SINCE SEP 1      6.71                      4.03   2.68     9.19
  SINCE JAN 1     24.54                     21.91   2.63    28.72

..................................................................

THE HILL CITY KS CLIMATE NORMALS FOR TODAY
                         NORMAL    RECORD    YEAR
 MAXIMUM TEMPERATURE (F)   52        80      1908
 MINIMUM TEMPERATURE (F)   26         2      2014

-  INDICATES NEGATIVE NUMBERS.
R  INDICATES RECORD WAS SET OR TIED.
MM INDICATES DATA IS MISSING.
T  INDICATES TRACE AMOUNT.

$$
