000
CDUS43 KGLD 220755
CLIHLC

CLIMATE REPORT
NATIONAL WEATHER SERVICE GOODLAND
1250 AM MST MON JAN 22 2018


...................................

...THE HILL CITY KS CLIMATE SUMMARY FOR JANUARY 21 2018...

CLIMATE NORMAL PERIOD 1981 TO 2010
CLIMATE RECORD PERIOD 1896 TO 2018


WEATHER ITEM   OBSERVED TIME   RECORD YEAR NORMAL DEPARTURE LAST
                VALUE   (LST)  VALUE       VALUE  FROM      YEAR
                                                  NORMAL
..................................................................
TEMPERATURE (F)
 YESTERDAY
  MAXIMUM         38   1229 AM  76    1986  42     -4       55
  MINIMUM         33   1159 PM -16    1966  17     16       28
  AVERAGE         36                        29      7       42

PRECIPITATION (IN)
  YESTERDAY        0.04                      0.01   0.03     0.00
  MONTH TO DATE    0.09                      0.23  -0.14     1.06
  SINCE DEC 1      0.12                      0.92  -0.80     1.48
  SINCE JAN 1      0.09                      0.23  -0.14     1.06

..................................................................

THE HILL CITY KS CLIMATE NORMALS FOR TODAY
                         NORMAL    RECORD    YEAR
 MAXIMUM TEMPERATURE (F)   42        81      1943
 MINIMUM TEMPERATURE (F)   17       -17      1966



-  INDICATES NEGATIVE NUMBERS.
R  INDICATES RECORD WAS SET OR TIED.
MM INDICATES DATA IS MISSING.
T  INDICATES TRACE AMOUNT.

$$
