000
CDUS45 KTFX 191014
CLIHLN


CLIMATE REPORT
NATIONAL WEATHER SERVICE GREAT FALLS MT
414 AM MDT SAT APR 19 2014


...................................

...THE HELENA MT CLIMATE SUMMARY FOR APRIL 18 2014...

CLIMATE NORMAL PERIOD 1981 TO 2010
CLIMATE RECORD PERIOD 1866 TO 2014


WEATHER ITEM   OBSERVED TIME   RECORD YEAR NORMAL DEPARTURE LAST
                VALUE   (LST)  VALUE       VALUE  FROM      YEAR
                                                  NORMAL
..................................................................
TEMPERATURE (F)
 YESTERDAY
  MAXIMUM         54   1045 AM  80    1936  59     -5       53
                                      1910
  MINIMUM         39   1005 PM   9    1951  33      6       17
  AVERAGE         47                        46      1       35

PRECIPITATION (IN)
  YESTERDAY        T             0.64 2003   0.03  -0.03     0.00
  MONTH TO DATE    0.04                      0.54  -0.50     0.54
  SINCE OCT 1      4.37                      3.36   1.01     4.60
  SINCE JAN 1      3.37                      1.79   1.58     1.30

SNOWFALL (IN)
  YESTERDAY        0.0           2.9  1987   0.1   -0.1      0.0
  MONTH TO DATE    T                         2.4   -2.4      1.6
  SINCE MAR 1      3.8                       8.6   -4.8      2.0
  SINCE JUL 1     41.8                      35.9    5.9     37.7
  SNOW DEPTH       0

DEGREE DAYS
 HEATING
  YESTERDAY       18                        19     -1       30
  MONTH TO DATE  360                       391    -31      462
  SINCE MAR 1   1288                      1282      6     1323
  SINCE JUL 1   6804                      6843    -39     6442

 COOLING
  YESTERDAY        0                         0      0        0
  MONTH TO DATE    0                         0      0        0
  SINCE MAR 1      0                         0      0        0
  SINCE JAN 1      0                         0      0        0
..................................................................


WIND (MPH)
  HIGHEST WIND SPEED    35   HIGHEST WIND DIRECTION     W (270)
  HIGHEST GUST SPEED    45   HIGHEST GUST DIRECTION    NW (300)
  AVERAGE WIND SPEED    13.2


SKY COVER
  AVERAGE SKY COVER 0.6


WEATHER CONDITIONS
 THE FOLLOWING WEATHER WAS RECORDED YESTERDAY.
  LIGHT RAIN
  HAZE


RELATIVE HUMIDITY (PERCENT)
 HIGHEST    76           400 AM
 LOWEST     19           500 PM
 AVERAGE    48

..........................................................


THE HELENA MT CLIMATE NORMALS FOR TODAY
                         NORMAL    RECORD    YEAR
 MAXIMUM TEMPERATURE (F)   59        85      1962
 MINIMUM TEMPERATURE (F)   33         7      1951


SUNRISE AND SUNSET
APRIL 19 2014.........SUNRISE   634 AM MDT   SUNSET   822 PM MDT
APRIL 20 2014.........SUNRISE   632 AM MDT   SUNSET   823 PM MDT


-  INDICATES NEGATIVE NUMBERS.
R  INDICATES RECORD WAS SET OR TIED.
MM INDICATES DATA IS MISSING.
T  INDICATES TRACE AMOUNT.




$$
