000
CDUS45 KTFX 241052
CLIHLN


CLIMATE REPORT
NATIONAL WEATHER SERVICE GREAT FALLS MT
352 AM MST MON NOV 24 2014


...................................

...THE HELENA MT CLIMATE SUMMARY FOR NOVEMBER 23 2014...

CLIMATE NORMAL PERIOD 1981 TO 2010
CLIMATE RECORD PERIOD 1866 TO 2014


WEATHER ITEM   OBSERVED TIME   RECORD YEAR NORMAL DEPARTURE LAST
                VALUE   (LST)  VALUE       VALUE  FROM      YEAR
                                                  NORMAL
..................................................................
TEMPERATURE (F)
 YESTERDAY
  MAXIMUM         43    300 PM  63    1942  39      4       31
  MINIMUM         31    251 AM -27    1985  19     12        4
  AVERAGE         37                        29      8       18

PRECIPITATION (IN)
  YESTERDAY        T             0.33 1893   0.01  -0.01     0.00
  MONTH TO DATE    0.28                      0.37  -0.09     0.15
  SINCE OCT 1      0.68                      1.05  -0.37     0.71
  SINCE JAN 1     10.64                     10.70  -0.06    10.29

SNOWFALL (IN)
  YESTERDAY        T            10.0  1893   0.1   -0.1      0.0
  MONTH TO DATE    0.7                       3.3   -2.6      1.5
  SINCE SEP 1      0.7                       7.0   -6.3      3.5
  SINCE JUL 1      0.7                       7.3   -6.6      3.5
  SNOW DEPTH       0

DEGREE DAYS
 HEATING
  YESTERDAY       28                        36     -8       47
  MONTH TO DATE  795                       710     85      698
  SINCE SEP 1   1372                      1549   -177     1547
  SINCE JUL 1   1419                      1618   -199     1550

 COOLING
  YESTERDAY        0                         0      0        0
  MONTH TO DATE    0                         0      0        0
  SINCE SEP 1     21                        23     -2       80
  SINCE JAN 1    469                       406     63      589
..................................................................


WIND (MPH)
  HIGHEST WIND SPEED    31   HIGHEST WIND DIRECTION     W (260)
  HIGHEST GUST SPEED    42   HIGHEST GUST DIRECTION    SW (240)
  AVERAGE WIND SPEED    14.1


SKY COVER
  AVERAGE SKY COVER 0.4


WEATHER CONDITIONS
 THE FOLLOWING WEATHER WAS RECORDED YESTERDAY.
  LIGHT SNOW


RELATIVE HUMIDITY (PERCENT)
 HIGHEST    72           300 AM
 LOWEST     38          1200 PM
 AVERAGE    55

..........................................................


THE HELENA MT CLIMATE NORMALS FOR TODAY
                         NORMAL    RECORD    YEAR
 MAXIMUM TEMPERATURE (F)   38        63      1986
                                             1964
 MINIMUM TEMPERATURE (F)   19       -17      1880


SUNRISE AND SUNSET
NOVEMBER 24 2014......SUNRISE   743 AM MST   SUNSET   446 PM MST
NOVEMBER 25 2014......SUNRISE   744 AM MST   SUNSET   446 PM MST


-  INDICATES NEGATIVE NUMBERS.
R  INDICATES RECORD WAS SET OR TIED.
MM INDICATES DATA IS MISSING.
T  INDICATES TRACE AMOUNT.




$$
