000
CDUS45 KTFX 060733
CLIHLN


CLIMATE REPORT
NATIONAL WEATHER SERVICE GREAT FALLS MT
1231 AM MST FRI MAR 6 2015


...................................

...THE HELENA MT CLIMATE SUMMARY FOR MARCH 5 2015...

CLIMATE NORMAL PERIOD 1981 TO 2010
CLIMATE RECORD PERIOD 1866 TO 2015


WEATHER ITEM   OBSERVED TIME   RECORD YEAR NORMAL DEPARTURE LAST
                VALUE   (LST)  VALUE       VALUE  FROM      YEAR
                                                  NORMAL
..................................................................
TEMPERATURE (F)
 YESTERDAY
  MAXIMUM         47    424 PM  73    1987  44      3       52
  MINIMUM         30    601 AM -24    1945  21      9       30
  AVERAGE         39                        33      6       41

PRECIPITATION (IN)
  YESTERDAY        0.00          0.73 1932   0.01  -0.01     0.00
                                      1897
  MONTH TO DATE    T                         0.07  -0.07     0.12
  SINCE OCT 1      3.30                      2.30   1.00     3.65
  SINCE JAN 1      1.02                      0.73   0.29     2.65

SNOWFALL (IN)
  YESTERDAY        0.0          10.3  1932   0.2   -0.2      0.0
  MONTH TO DATE    T                         1.0   -1.0      3.0
  SINCE MAR 1      T                         1.0   -1.0      3.0
  SINCE JUL 1     24.3                      28.3   -4.0     41.0
  SNOW DEPTH       0

DEGREE DAYS
 HEATING
  YESTERDAY       26                        32     -6       24
  MONTH TO DATE  202                       165     37      235
  SINCE MAR 1    202                       165     37      235
  SINCE JUL 1   5210                      5726   -516     5751

 COOLING
  YESTERDAY        0                         0      0        0
  MONTH TO DATE    0                         0      0        0
  SINCE MAR 1      0                         0      0        0
  SINCE JAN 1      0                         0      0        0
..................................................................


WIND (MPH)
  HIGHEST WIND SPEED    21   HIGHEST WIND DIRECTION     W (270)
  HIGHEST GUST SPEED    27   HIGHEST GUST DIRECTION     W (280)
  AVERAGE WIND SPEED     8.2


SKY COVER
  AVERAGE SKY COVER 0.2


WEATHER CONDITIONS
 THE FOLLOWING WEATHER WAS RECORDED YESTERDAY.
  NO SIGNIFICANT WEATHER WAS OBSERVED.


RELATIVE HUMIDITY (PERCENT)
 HIGHEST    40           800 PM
 LOWEST     16          1200 PM
 AVERAGE    28

..........................................................


THE HELENA MT CLIMATE NORMALS FOR TODAY
                         NORMAL    RECORD    YEAR
 MAXIMUM TEMPERATURE (F)   45        65      1987
 MINIMUM TEMPERATURE (F)   21       -20      1920


SUNRISE AND SUNSET
MARCH  6 2015.........SUNRISE   658 AM MST   SUNSET   621 PM MST
MARCH  7 2015.........SUNRISE   657 AM MST   SUNSET   622 PM MST


-  INDICATES NEGATIVE NUMBERS.
R  INDICATES RECORD WAS SET OR TIED.
MM INDICATES DATA IS MISSING.
T  INDICATES TRACE AMOUNT.




$$
