000
CDHW40 PHFO 271245
CLIHNL


CLIMATE REPORT
NATIONAL WEATHER SERVICE HONOLULU HI
245 AM HST FRI FEB 27 2015


...................................

...THE HONOLULU HI CLIMATE SUMMARY FOR FEBRUARY 26 2015...

CLIMATE NORMAL PERIOD 1981 TO 2010
CLIMATE RECORD PERIOD 1946 TO 2015


WEATHER ITEM   OBSERVED TIME   RECORD YEAR NORMAL DEPARTURE LAST
                VALUE   (LST)  VALUE       VALUE  FROM      YEAR
                                                  NORMAL
..................................................................
TEMPERATURE (F)
 YESTERDAY
  MAXIMUM         82    245 PM  86    1977  80      2       80
  MINIMUM         71    635 AM  55    1991  66      5       67
  AVERAGE         77                        73      4       74

PRECIPITATION (IN)
  YESTERDAY        0.01          3.07 2004   0.08  -0.07     0.00
  MONTH TO DATE    0.79                      1.84  -1.05     1.22
  SINCE DEC 1      2.80                      7.39  -4.59     7.31
  SINCE JAN 1      1.73                      4.15  -2.42     3.67

SNOWFALL (IN)
  YESTERDAY        0.0
  MONTH TO DATE    0.0
  SINCE DEC 1      0.0
  SINCE JUL 1      0.0
  SNOW DEPTH       0

DEGREE DAYS
 HEATING
  YESTERDAY        0                         0      0        0
  MONTH TO DATE    0                         0      0        0
  SINCE DEC 1      0                         0      0        0
  SINCE JUL 1      0                         0      0        0

 COOLING
  YESTERDAY       12                         8      4        9
  MONTH TO DATE  256                       208     48      254
  SINCE DEC 1    769                       764      5      835
  SINCE JAN 1    485                       462     23      500
..................................................................


WIND (MPH)
  HIGHEST WIND SPEED    14   HIGHEST WIND DIRECTION    SW (220)
  HIGHEST GUST SPEED    16   HIGHEST GUST DIRECTION    SW (230)
  AVERAGE WIND SPEED     5.7


SKY COVER
  POSSIBLE SUNSHINE  MM
  AVERAGE SKY COVER 0.6


WEATHER CONDITIONS
 THE FOLLOWING WEATHER WAS RECORDED YESTERDAY.
  NO SIGNIFICANT WEATHER WAS OBSERVED.


RELATIVE HUMIDITY (PERCENT)
 HIGHEST    90           500 AM
 LOWEST     63           100 PM
 AVERAGE    77

..........................................................


THE HONOLULU HI CLIMATE NORMALS FOR TODAY
                         NORMAL    RECORD    YEAR
 MAXIMUM TEMPERATURE (F)   80        85      2001
                                             1977
 MINIMUM TEMPERATURE (F)   66        56      1898


SUNRISE AND SUNSET
FEBRUARY 27 2015......SUNRISE   654 AM HST   SUNSET   635 PM HST
FEBRUARY 28 2015......SUNRISE   653 AM HST   SUNSET   636 PM HST


-  INDICATES NEGATIVE NUMBERS.
R  INDICATES RECORD WAS SET OR TIED.
MM INDICATES DATA IS MISSING.
T  INDICATES TRACE AMOUNT.




$$
