000
CDHW40 PHFO 031245
CLIHNL


CLIMATE REPORT
NATIONAL WEATHER SERVICE HONOLULU HI
245 AM HST FRI JUL 3 2015


...................................

...THE HONOLULU HI CLIMATE SUMMARY FOR JULY 2 2015...

CLIMATE NORMAL PERIOD 1981 TO 2010
CLIMATE RECORD PERIOD 1946 TO 2015


WEATHER ITEM   OBSERVED TIME   RECORD YEAR NORMAL DEPARTURE LAST
                VALUE   (LST)  VALUE       VALUE  FROM      YEAR
                                                  NORMAL
..................................................................
TEMPERATURE (F)
 YESTERDAY
  MAXIMUM         89   1121 AM  90    2008  88      1       89
                                      2005
                                      1995
  MINIMUM         74    443 AM  70    1999  74      0       76
                                      1955
  AVERAGE         82                        81      1       83

PRECIPITATION (IN)
  YESTERDAY        0.00          0.39 1958   0.01  -0.01      T
  MONTH TO DATE    0.00                      0.02  -0.02      T
  SINCE JUN 1      0.23                      0.28  -0.05     0.58
  SINCE JAN 1      3.22                      7.85  -4.63    10.55

SNOWFALL (IN)
  YESTERDAY        0.0
  MONTH TO DATE    0.0
  SINCE JUN 1      0.0
  SINCE JUL 1      0.0
  SNOW DEPTH       0

DEGREE DAYS
 HEATING
  YESTERDAY        0                         0      0        0
  MONTH TO DATE    0                         0      0        0
  SINCE JUN 1      0                         0      0        0
  SINCE JUL 1      0                         0      0        0

 COOLING
  YESTERDAY       17                        16      1       18
  MONTH TO DATE   32                        32      0       35
  SINCE JUN 1    512                       488     24      498
  SINCE JAN 1   1987                      1990     -3     2107
..................................................................


WIND (MPH)
  HIGHEST WIND SPEED    12   HIGHEST WIND DIRECTION     S (200)
  HIGHEST GUST SPEED    16   HIGHEST GUST DIRECTION     S (180)
  AVERAGE WIND SPEED     5.2


SKY COVER
  POSSIBLE SUNSHINE  MM
  AVERAGE SKY COVER 0.3


WEATHER CONDITIONS
 THE FOLLOWING WEATHER WAS RECORDED YESTERDAY.
  NO SIGNIFICANT WEATHER WAS OBSERVED.


RELATIVE HUMIDITY (PERCENT)
 HIGHEST    76           700 AM
 LOWEST     50          1100 AM
 AVERAGE    63

..........................................................


THE HONOLULU HI CLIMATE NORMALS FOR TODAY
                         NORMAL    RECORD    YEAR
 MAXIMUM TEMPERATURE (F)   88        90      2005
                                             1995
                                             1994
 MINIMUM TEMPERATURE (F)   74        68      1958


SUNRISE AND SUNSET
JULY  3 2015..........SUNRISE   554 AM HST   SUNSET   718 PM HST
JULY  4 2015..........SUNRISE   554 AM HST   SUNSET   718 PM HST


-  INDICATES NEGATIVE NUMBERS.
R  INDICATES RECORD WAS SET OR TIED.
MM INDICATES DATA IS MISSING.
T  INDICATES TRACE AMOUNT.




$$
