000
CDHW40 PHFO 231236
CLIHNL


CLIMATE REPORT
NATIONAL WEATHER SERVICE HONOLULU HI
226 AM HST SAT JUL 23 2016


...................................

...THE HONOLULU HI CLIMATE SUMMARY FOR JULY 22 2016...

CLIMATE NORMAL PERIOD 1981 TO 2010
CLIMATE RECORD PERIOD 1946 TO 2016


WEATHER ITEM   OBSERVED TIME   RECORD YEAR NORMAL DEPARTURE LAST
                VALUE   (LST)  VALUE       VALUE  FROM      YEAR
                                                  NORMAL
..................................................................
TEMPERATURE (F)
 YESTERDAY
  MAXIMUM         87        MM  91    1988  88     -1       90
                                      1986
  MINIMUM         76        MM  67    1953  75      1       74
  AVERAGE         82                        81      1       82

PRECIPITATION (IN)
  YESTERDAY        T             0.36 1997   0.02  -0.02     0.10
  MONTH TO DATE    0.68                      0.33   0.35     0.36
  SINCE JUN 1      0.87                      0.59   0.28     0.59
  SINCE JAN 1      4.91                      8.16  -3.25     3.58

SNOWFALL (IN)
  YESTERDAY        0.0
  MONTH TO DATE    0.0
  SINCE JUN 1      0.0
  SINCE JUL 1      0.0
  SNOW DEPTH       0

DEGREE DAYS
 HEATING
  YESTERDAY        0                         0      0        0
  MONTH TO DATE    0                         0      0        0
  SINCE JUN 1      0                         0      0        0
  SINCE JUL 1      0                         0      0        0

 COOLING
  YESTERDAY       17                        16      1       17
  MONTH TO DATE  371                       352     19      368
  SINCE JUN 1    801                       808     -7      848
  SINCE JAN 1   2515                      2310    205     2318
..................................................................


WIND (MPH)
  HIGHEST WIND SPEED    24   HIGHEST WIND DIRECTION    NE (50)
  HIGHEST GUST SPEED    38   HIGHEST GUST DIRECTION    NE (40)
  AVERAGE WIND SPEED    14.4


SKY COVER
  POSSIBLE SUNSHINE  MM
  AVERAGE SKY COVER 0.5


WEATHER CONDITIONS
 THE FOLLOWING WEATHER WAS RECORDED YESTERDAY.
  LIGHT RAIN


RELATIVE HUMIDITY (PERCENT)
 HIGHEST    71           300 AM
 LOWEST     51           500 PM
 AVERAGE    61

..........................................................


THE HONOLULU HI CLIMATE NORMALS FOR TODAY
                         NORMAL    RECORD    YEAR
 MAXIMUM TEMPERATURE (F)   88        92      1987
                                             1986
 MINIMUM TEMPERATURE (F)   75        66      1955


SUNRISE AND SUNSET
JULY 23 2016..........SUNRISE   602 AM HST   SUNSET   714 PM HST
JULY 24 2016..........SUNRISE   602 AM HST   SUNSET   714 PM HST


-  INDICATES NEGATIVE NUMBERS.
R  INDICATES RECORD WAS SET OR TIED.
MM INDICATES DATA IS MISSING.
T  INDICATES TRACE AMOUNT.




$$
