000
CDHW40 PHFO 161245
CLIHNL


CLIMATE REPORT
NATIONAL WEATHER SERVICE HONOLULU HI
245 AM HST TUE JAN 16 2018


...................................

...THE HONOLULU HI CLIMATE SUMMARY FOR JANUARY 15 2018...

CLIMATE NORMAL PERIOD 1981 TO 2010
CLIMATE RECORD PERIOD 1946 TO 2018


WEATHER ITEM   OBSERVED TIME   RECORD YEAR NORMAL DEPARTURE LAST
                VALUE   (LST)  VALUE       VALUE  FROM      YEAR
                                                  NORMAL
..................................................................
TEMPERATURE (F)
 YESTERDAY
  MAXIMUM         85    150 PM  87    1998  80      5       83
  MINIMUM         68    526 AM  58    1985  66      2       66
  AVERAGE         77                        73      4       75

PRECIPITATION (IN)
  YESTERDAY        0.00          1.04 1982   0.08  -0.08     0.00
  MONTH TO DATE    T                         1.30  -1.30      T
  SINCE DEC 1      3.40                      4.54  -1.14     0.87
  SINCE JAN 1      T                         1.30  -1.30      T

SNOWFALL (IN)
  YESTERDAY        0.0
  MONTH TO DATE    0.0
  SINCE DEC 1      0.0
  SINCE JUL 1      0.0
  SNOW DEPTH      MM

DEGREE DAYS
 HEATING
  YESTERDAY        0                         0      0        0
  MONTH TO DATE    0                         0      0        0
  SINCE DEC 1      0                         0      0        0
  SINCE JUL 1      0                         0      0        0

 COOLING
  YESTERDAY       12                         8      4       10
  MONTH TO DATE  169                       122     47      117
  SINCE DEC 1    475                       424     51      422
  SINCE JAN 1    169                       122     47      117
..................................................................


WIND (MPH)
  HIGHEST WIND SPEED    15   HIGHEST WIND DIRECTION    NE (60)
  HIGHEST GUST SPEED    20   HIGHEST GUST DIRECTION    NE (40)
  AVERAGE WIND SPEED     6.4


SKY COVER
  POSSIBLE SUNSHINE  MM
  AVERAGE SKY COVER  MM


WEATHER CONDITIONS
 THE FOLLOWING WEATHER WAS RECORDED YESTERDAY.
  NO SIGNIFICANT WEATHER WAS OBSERVED.


RELATIVE HUMIDITY (PERCENT)
 HIGHEST    MM
 LOWEST     MM
 AVERAGE    MM

..........................................................


THE HONOLULU HI CLIMATE NORMALS FOR TODAY
                         NORMAL    RECORD    YEAR
 MAXIMUM TEMPERATURE (F)   80        87      1996
 MINIMUM TEMPERATURE (F)   66        58      1985
                                             1959


SUNRISE AND SUNSET
JANUARY 16 2018.......SUNRISE   712 AM HST   SUNSET   611 PM HST
JANUARY 17 2018.......SUNRISE   712 AM HST   SUNSET   612 PM HST


-  INDICATES NEGATIVE NUMBERS.
R  INDICATES RECORD WAS SET OR TIED.
MM INDICATES DATA IS MISSING.
T  INDICATES TRACE AMOUNT.




$$
