000
CDHW40 PHFO 121245
CLIHNL


CLIMATE REPORT
NATIONAL WEATHER SERVICE HONOLULU HI
245 AM HST FRI FEB 12 2016


...................................

...THE HONOLULU HI CLIMATE SUMMARY FOR FEBRUARY 11 2016...

CLIMATE NORMAL PERIOD 1981 TO 2010
CLIMATE RECORD PERIOD 1946 TO 2016


WEATHER ITEM   OBSERVED TIME   RECORD YEAR NORMAL DEPARTURE LAST
                VALUE   (LST)  VALUE       VALUE  FROM      YEAR
                                                  NORMAL
..................................................................
TEMPERATURE (F)
 YESTERDAY
  MAXIMUM         86    116 PM  88    1984  80      6       82
  MINIMUM         65    708 AM  56    1983  66     -1       68
  AVERAGE         76                        73      3       75

PRECIPITATION (IN)
  YESTERDAY        0.00          2.48 1989   0.07  -0.07     0.01
  MONTH TO DATE    0.08                      0.70  -0.62     0.22
  SINCE DEC 1      0.38                      6.25  -5.87     2.23
  SINCE JAN 1      0.11                      3.01  -2.90     1.16

SNOWFALL (IN)
  YESTERDAY        0.0
  MONTH TO DATE    0.0
  SINCE DEC 1      0.0
  SINCE JUL 1      0.0
  SNOW DEPTH       0

DEGREE DAYS
 HEATING
  YESTERDAY        0                         0      0        0
  MONTH TO DATE    0                         0      0        0
  SINCE DEC 1      0                         0      0        0
  SINCE JUL 1      0                         0      0        0

 COOLING
  YESTERDAY       11                         8      3       10
  MONTH TO DATE  102                        88     14      114
  SINCE DEC 1    801                       644    157      627
  SINCE JAN 1    395                       342     53      343
..................................................................


WIND (MPH)
  HIGHEST WIND SPEED    18   HIGHEST WIND DIRECTION     E (70)
  HIGHEST GUST SPEED    23   HIGHEST GUST DIRECTION     E (70)
  AVERAGE WIND SPEED     8.3


SKY COVER
  POSSIBLE SUNSHINE  MM
  AVERAGE SKY COVER 0.4


WEATHER CONDITIONS
 THE FOLLOWING WEATHER WAS RECORDED YESTERDAY.
  NO SIGNIFICANT WEATHER WAS OBSERVED.


RELATIVE HUMIDITY (PERCENT)
 HIGHEST    81           400 AM
 LOWEST     44           100 PM
 AVERAGE    63

..........................................................


THE HONOLULU HI CLIMATE NORMALS FOR TODAY
                         NORMAL    RECORD    YEAR
 MAXIMUM TEMPERATURE (F)   80        85      1958
 MINIMUM TEMPERATURE (F)   66        53      1983


SUNRISE AND SUNSET
FEBRUARY 12 2016......SUNRISE   704 AM HST   SUNSET   628 PM HST
FEBRUARY 13 2016......SUNRISE   704 AM HST   SUNSET   629 PM HST


-  INDICATES NEGATIVE NUMBERS.
R  INDICATES RECORD WAS SET OR TIED.
MM INDICATES DATA IS MISSING.
T  INDICATES TRACE AMOUNT.




$$
