000
CDHW40 PHFO 300230
CLIHNL


CLIMATE REPORT
NATIONAL WEATHER SERVICE HONOLULU HI
429 PM HST SUN MAY 29 2016


...................................

...THE HONOLULU HI CLIMATE SUMMARY FOR MAY 29 2016...
VALID TODAY AS OF 0400 PM LOCAL TIME.

CLIMATE NORMAL PERIOD 1981 TO 2010
CLIMATE RECORD PERIOD 1946 TO 2016


WEATHER ITEM   OBSERVED TIME   RECORD YEAR NORMAL DEPARTURE LAST
                VALUE   (LST)  VALUE       VALUE  FROM      YEAR
                                                  NORMAL
..................................................................
TEMPERATURE (F)
 TODAY
  MAXIMUM         82    300 PM  92    1987  86     -4       86
  MINIMUM         70    627 AM  65    1975  72     -2       69
                                      1964
  AVERAGE         76                        79     -3       78

PRECIPITATION (IN)
  TODAY            0.00          0.59 2009   0.01  -0.01     0.01
  MONTH TO DATE    2.65                      0.59   2.06     0.20
  SINCE MAR 1      3.09                      3.24  -0.15     1.19
  SINCE JAN 1      3.52                      7.54  -4.02     2.99

SNOWFALL (IN)
  TODAY            0.0
  MONTH TO DATE    0.0
  SINCE MAR 1      0.0
  SINCE JUL 1      0.0
  SNOW DEPTH       0

DEGREE DAYS
 HEATING
  TODAY            0                         0      0        0
  MONTH TO DATE    0                         0      0        0
  SINCE MAR 1      0                         0      0        0
  SINCE JUL 1      0                         0      0        0

 COOLING
  TODAY           11                        14     -3       13
  MONTH TO DATE  412                       368     44      317
  SINCE MAR 1   1110                       993    117      933
  SINCE JAN 1   1692                      1475    217     1443
..................................................................


WIND (MPH)
  HIGHEST WIND SPEED    12   HIGHEST WIND DIRECTION     S (180)
  HIGHEST GUST SPEED    16   HIGHEST GUST DIRECTION     S (190)
  AVERAGE WIND SPEED     5.1


SKY COVER
  POSSIBLE SUNSHINE  MM
  AVERAGE SKY COVER 0.3


WEATHER CONDITIONS
 THE FOLLOWING WEATHER WAS RECORDED TODAY.
  NO SIGNIFICANT WEATHER WAS OBSERVED.


RELATIVE HUMIDITY (PERCENT)
 HIGHEST    93           100 AM
 LOWEST     62          1100 AM
 AVERAGE    78

..........................................................


THE HONOLULU HI CLIMATE NORMALS FOR TOMORROW
                         NORMAL    RECORD    YEAR
 MAXIMUM TEMPERATURE (F)   86        92      1992
 MINIMUM TEMPERATURE (F)   72        65      1975
                                             1964


SUNRISE AND SUNSET
MAY 29 2016...........SUNRISE   549 AM HST   SUNSET   709 PM HST
MAY 30 2016...........SUNRISE   549 AM HST   SUNSET   710 PM HST


-  INDICATES NEGATIVE NUMBERS.
R  INDICATES RECORD WAS SET OR TIED.
MM INDICATES DATA IS MISSING.
T  INDICATES TRACE AMOUNT.




$$
