000
CDHW40 PHFO 311245
CLIHNL


CLIMATE REPORT
NATIONAL WEATHER SERVICE
1245 PM UTC FRI JUL 31 2015


...................................

...THE HONOLULU HI CLIMATE SUMMARY FOR JULY 30 2015...

CLIMATE NORMAL PERIOD 1981 TO 2010
CLIMATE RECORD PERIOD 1946 TO 2015


WEATHER ITEM   OBSERVED TIME   RECORD YEAR NORMAL DEPARTURE LAST
                VALUE   (LST)  VALUE       VALUE  FROM      YEAR
                                                  NORMAL
..................................................................
TEMPERATURE (F)
 YESTERDAY
  MAXIMUM         92R   144 PM  92    1990  88      4       89
  MINIMUM         78    131 AM  71    1976  75      3       77
                                      1972
                                      1965
  AVERAGE         85                        82      3       83

PRECIPITATION (IN)
  YESTERDAY        T             0.11 1970   0.02  -0.02      T
  MONTH TO DATE    0.36                      0.49  -0.13     1.12
  SINCE JUN 1      0.36                      0.75  -0.39     1.70
  SINCE JAN 1      3.22                      8.32  -5.10    11.67

SNOWFALL (IN)
  YESTERDAY        0.0
  MONTH TO DATE    0.0
  SINCE JUN 1      0.0
  SINCE JUL 1      0.0
  SNOW DEPTH      MM

DEGREE DAYS
 HEATING
  YESTERDAY        0                         0      0        0
  MONTH TO DATE    0                         0      0        0
  SINCE JUN 1      0                         0      0        0
  SINCE JUL 1      0                         0      0        0

 COOLING
  YESTERDAY       20                        17      3       18
  MONTH TO DATE  413                       484    -71      521
  SINCE JUN 1    413                       940   -527      984
  SINCE JAN 1   1697                      2442   -745     2593
..................................................................


WIND (MPH)
  HIGHEST WIND SPEED    22   HIGHEST WIND DIRECTION    NE (60)
  HIGHEST GUST SPEED    28   HIGHEST GUST DIRECTION     E (70)
  AVERAGE WIND SPEED    14.1


SKY COVER
  POSSIBLE SUNSHINE  MM
  AVERAGE SKY COVER  MM


WEATHER CONDITIONS
 THE FOLLOWING WEATHER WAS RECORDED YESTERDAY.
  NO SIGNIFICANT WEATHER WAS OBSERVED.


RELATIVE HUMIDITY (PERCENT)
 HIGHEST    MM
 LOWEST     MM
 AVERAGE    MM

..........................................................


THE HONOLULU HI CLIMATE NORMALS FOR TODAY
                         NORMAL    RECORD    YEAR
 MAXIMUM TEMPERATURE (F)   88        92      2003
                                             1997
 MINIMUM TEMPERATURE (F)   75        69      1963


SUNRISE AND SUNSET
JULY 31 2015..........SUNRISE   605 AM HST   SUNSET   711 PM HST
AUGUST  1 2015........SUNRISE   605 AM HST   SUNSET   711 PM HST


-  INDICATES NEGATIVE NUMBERS.
R  INDICATES RECORD WAS SET OR TIED.
MM INDICATES DATA IS MISSING.
T  INDICATES TRACE AMOUNT.




$$
