000
CDUS43 KFSD 230702
CLIHON


CLIMATE REPORT
NATIONAL WEATHER SERVICE SIOUX FALLS SD
201 AM CDT SUN APR 23 2017


...................................

...THE HURON SD CLIMATE SUMMARY FOR APRIL 22 2017...

CLIMATE NORMAL PERIOD 1981 TO 2010
CLIMATE RECORD PERIOD 1881 TO 2017


WEATHER ITEM   OBSERVED TIME   RECORD YEAR NORMAL DEPARTURE LAST
                VALUE   (LST)  VALUE       VALUE  FROM      YEAR
                                                  NORMAL
..................................................................
TEMPERATURE (F)
 YESTERDAY
  MAXIMUM         69    405 PM  92    1990  62      7       65
  MINIMUM         32    317 AM  19    2015  37     -5       28
  AVERAGE         51                        49      2       47

PRECIPITATION (IN)
  YESTERDAY        0.00          1.70 1882   0.08  -0.08     0.00
  MONTH TO DATE    1.18                      1.61  -0.43     1.73
  SINCE MAR 1      1.95                      3.07  -1.12     2.80
  SINCE JAN 1      2.75                      4.17  -1.42     3.67

SNOWFALL (IN)
  YESTERDAY        0.0           3.8  2013   0.1   -0.1      0.0
  MONTH TO DATE    T                         3.5   -3.5       T
  SINCE MAR 1     13.9                      12.4    1.5      2.3
  SINCE JUL 1     35.9                      43.4   -7.5     33.0
  SNOW DEPTH       0

DEGREE DAYS
 HEATING
  YESTERDAY       14                        16     -2       18
  MONTH TO DATE  366                       447    -81      409
  SINCE MAR 1   1313                      1434   -121     1156
  SINCE JUL 1   6462                      7266   -804     6232

 COOLING
  YESTERDAY        0                         0      0        0
  MONTH TO DATE    0                         0      0        0
  SINCE MAR 1      0                         0      0        0
  SINCE JAN 1      0                         0      0        0
..................................................................


WIND (MPH)
  HIGHEST WIND SPEED    15   HIGHEST WIND DIRECTION     W (250)
  HIGHEST GUST SPEED    20   HIGHEST GUST DIRECTION    NE (30)
  AVERAGE WIND SPEED     6.4


SKY COVER
  POSSIBLE SUNSHINE  MM
  AVERAGE SKY COVER 0.0


WEATHER CONDITIONS
 THE FOLLOWING WEATHER WAS RECORDED YESTERDAY.
  FOG


RELATIVE HUMIDITY (PERCENT)
 HIGHEST   100           300 AM
 LOWEST     29           600 PM
 AVERAGE    65

..........................................................


THE HURON SD CLIMATE NORMALS FOR TODAY
                         NORMAL    RECORD    YEAR
 MAXIMUM TEMPERATURE (F)   63        91      2009
 MINIMUM TEMPERATURE (F)   37         8      2013


SUNRISE AND SUNSET
APRIL 23 2017.........SUNRISE   635 AM CDT   SUNSET   828 PM CDT
APRIL 24 2017.........SUNRISE   634 AM CDT   SUNSET   829 PM CDT


-  INDICATES NEGATIVE NUMBERS.
R  INDICATES RECORD WAS SET OR TIED.
MM INDICATES DATA IS MISSING.
T  INDICATES TRACE AMOUNT.




$$
