000
CDUS43 KFSD 292239
CLIHON


CLIMATE REPORT
NATIONAL WEATHER SERVICE SIOUX FALLS SD
538 PM CDT FRI MAY 29 2015


...................................

...THE HURON SD CLIMATE SUMMARY FOR MAY 29 2015...
VALID TODAY AS OF 0500 PM LOCAL TIME.

CLIMATE NORMAL PERIOD 1981 TO 2010
CLIMATE RECORD PERIOD 1881 TO 2015


WEATHER ITEM   OBSERVED TIME   RECORD YEAR NORMAL DEPARTURE LAST
                VALUE   (LST)  VALUE       VALUE  FROM      YEAR
                                                  NORMAL
..................................................................
TEMPERATURE (F)
 TODAY
  MAXIMUM         66    400 PM  99    1934  74     -8       87
  MINIMUM         51    300 PM  24    1947  51      0       61
  AVERAGE         59                        62     -3       74

PRECIPITATION (IN)
  TODAY            0.00          1.17 1942   0.11  -0.11     0.00
  MONTH TO DATE    4.54                      2.87   1.67     1.28
  SINCE MAR 1      5.30                      6.64  -1.34     3.16
  SINCE JAN 1      5.91                      7.74  -1.83     3.72

SNOWFALL (IN)
  TODAY            0.0           0.0    MM   0.0    0.0      0.0
  MONTH TO DATE    0.0                       0.1   -0.1      0.0
  SINCE MAR 1      1.2                      13.0  -11.8      6.9
  SINCE JUL 1     22.8                      44.0  -21.2     28.6
  SNOW DEPTH       0

DEGREE DAYS
 HEATING
  TODAY            6                         4      2        0
  MONTH TO DATE  228                       235     -7      274
  SINCE MAR 1   1529                      1781   -252     1967
  SINCE JUL 1   7466                      7613   -147     8287

 COOLING
  TODAY            0                         2     -2        9
  MONTH TO DATE   18                        27     -9       46
  SINCE MAR 1     20                        31    -11       46
  SINCE JAN 1     20                        31    -11       46
..................................................................


WIND (MPH)
  HIGHEST WIND SPEED    22   HIGHEST WIND DIRECTION     N (360)
  HIGHEST GUST SPEED    35   HIGHEST GUST DIRECTION     N (350)
  AVERAGE WIND SPEED    21.9


SKY COVER
  POSSIBLE SUNSHINE  MM
  AVERAGE SKY COVER 0.1


WEATHER CONDITIONS
 THE FOLLOWING WEATHER WAS RECORDED TODAY.
  LIGHT RAIN


RELATIVE HUMIDITY (PERCENT)
 HIGHEST    83           100 PM
 LOWEST     77           400 PM
 AVERAGE    80

..........................................................


THE HURON SD CLIMATE NORMALS FOR TOMORROW
                         NORMAL    RECORD    YEAR
 MAXIMUM TEMPERATURE (F)   74       106      1934
 MINIMUM TEMPERATURE (F)   51        30      1897


SUNRISE AND SUNSET
MAY 29 2015...........SUNRISE   554 AM CDT   SUNSET   907 PM CDT
MAY 30 2015...........SUNRISE   553 AM CDT   SUNSET   908 PM CDT


-  INDICATES NEGATIVE NUMBERS.
R  INDICATES RECORD WAS SET OR TIED.
MM INDICATES DATA IS MISSING.
T  INDICATES TRACE AMOUNT.




$$
