000
CDUS43 KFSD 280659
CLIHON


CLIMATE REPORT
NATIONAL WEATHER SERVICE SIOUX FALLS SD
159 AM CDT WED SEP 28 2016


...................................

...THE HURON SD CLIMATE SUMMARY FOR SEPTEMBER 27 2016...

CLIMATE NORMAL PERIOD 1981 TO 2010
CLIMATE RECORD PERIOD 1881 TO 2016


WEATHER ITEM   OBSERVED TIME   RECORD YEAR NORMAL DEPARTURE LAST
                VALUE   (LST)  VALUE       VALUE  FROM      YEAR
                                                  NORMAL
..................................................................
TEMPERATURE (F)
 YESTERDAY
  MAXIMUM         77    400 PM  98    1956  70      7       85
                                      1894
  MINIMUM         38    653 AM  18    1893  43     -5       58
  AVERAGE         58                        56      2       72

PRECIPITATION (IN)
  YESTERDAY        0.00          0.56 2013   0.08  -0.08     0.00
  MONTH TO DATE    1.29                      2.25  -0.96     2.14
  SINCE SEP 1      1.29                      2.25  -0.96     2.14
  SINCE JAN 1     15.84                     19.51  -3.67    21.33

SNOWFALL (IN)
  YESTERDAY        0.0           0.0    MM   0.0    0.0      0.0
  MONTH TO DATE    0.0                       0.1   -0.1      0.0
  SINCE SEP 1      0.0                       0.1   -0.1      0.0
  SINCE JUL 1      0.0                       0.1   -0.1      0.0
  SNOW DEPTH       0

DEGREE DAYS
 HEATING
  YESTERDAY        7                         9     -2        0
  MONTH TO DATE   69                       136    -67       60
  SINCE SEP 1     69                       136    -67       60
  SINCE JUL 1     86                       165    -79      100

 COOLING
  YESTERDAY        0                         1     -1        7
  MONTH TO DATE   76                        68      8      131
  SINCE SEP 1     76                        68      8      131
  SINCE JAN 1    882                       737    145      787
..................................................................


WIND (MPH)
  HIGHEST WIND SPEED    22   HIGHEST WIND DIRECTION    NW (320)
  HIGHEST GUST SPEED    31   HIGHEST GUST DIRECTION    NW (320)
  AVERAGE WIND SPEED     8.5


SKY COVER
  POSSIBLE SUNSHINE  MM
  AVERAGE SKY COVER 0.0


WEATHER CONDITIONS
 THE FOLLOWING WEATHER WAS RECORDED YESTERDAY.
  NO SIGNIFICANT WEATHER WAS OBSERVED.


RELATIVE HUMIDITY (PERCENT)
 HIGHEST    85           600 AM
 LOWEST     27           500 PM
 AVERAGE    56

..........................................................


THE HURON SD CLIMATE NORMALS FOR TODAY
                         NORMAL    RECORD    YEAR
 MAXIMUM TEMPERATURE (F)   69        93      2011
 MINIMUM TEMPERATURE (F)   43        20      1951


SUNRISE AND SUNSET
SEPTEMBER 28 2016.....SUNRISE   728 AM CDT   SUNSET   718 PM CDT
SEPTEMBER 29 2016.....SUNRISE   729 AM CDT   SUNSET   716 PM CDT


-  INDICATES NEGATIVE NUMBERS.
R  INDICATES RECORD WAS SET OR TIED.
MM INDICATES DATA IS MISSING.
T  INDICATES TRACE AMOUNT.




$$
