000
CDUS44 KHGX 211423
CLIHOU

CLIMATE REPORT
NATIONAL WEATHER SERVICE HOUSTON/GALVESTON TX
823 AM CST SUN DEC 21 2014


...MORNING CLIMATE DATA...

                            MORNING LOW    PRECIP SINCE MIDNIGHT
HOUSTON INTERCONTINENTAL         48                0.00
GALVESTON SCHOLES FIELD          51                0.00
BRYAN/COLLEGE STATION            49                0.00
HOUSTON HOBBY                    49                0.00
...................................


...THE HOUSTON INTERCONTINENTAL CLIMATE SUMMARY FOR DECEMBER 20 2014...

CLIMATE NORMAL PERIOD 1981 TO 2010
CLIMATE RECORD PERIOD 1892 TO 2014


WEATHER ITEM   OBSERVED TIME   RECORD YEAR NORMAL DEPARTURE LAST
                VALUE   (LST)  VALUE       VALUE  FROM      YEAR
                                                  NORMAL
..................................................................
TEMPERATURE (F)
 YESTERDAY
  MAXIMUM         54    401 PM  81    1921  63     -9       77
  MINIMUM         50   1159 PM  21    1996  44      6       68
  AVERAGE         52                        54     -2       73

PRECIPITATION (IN)
  YESTERDAY        0.00          2.02 1997   0.12  -0.12      T
                                      1923
  MONTH TO DATE    3.98                      2.52   1.46     0.17
  SINCE DEC 1      3.98                      2.52   1.46     0.17
  SINCE JAN 1     42.10                     48.55  -6.45    37.35

SNOWFALL (IN)
  YESTERDAY        0.0           0.0  2001
  MONTH TO DATE    0.0
  SINCE DEC 1      0.0
  SINCE JUL 1      0.0

DEGREE DAYS
 HEATING
  YESTERDAY       13                        12      1        0
  MONTH TO DATE  108                       215   -107      275
  SINCE DEC 1    108                       215   -107      275
  SINCE JUL 1    356                       400    -44      524
..................................................................


WIND (MPH)
  HIGHEST WIND SPEED    14   HIGHEST WIND DIRECTION     N (360)
  HIGHEST GUST SPEED    18   HIGHEST GUST DIRECTION     N (20)




RELATIVE HUMIDITY (PERCENT)
 HIGHEST    96
 LOWEST     83
 AVERAGE    90

..........................................................


THE HOUSTON INTERCONTINENTAL CLIMATE NORMALS FOR TODAY
                         NORMAL    RECORD    YEAR
 MAXIMUM TEMPERATURE (F)   63        82      2010
 MINIMUM TEMPERATURE (F)   44        21      1973


SUNRISE AND SUNSET
DECEMBER 21 2014......SUNRISE   713 AM CST   SUNSET   526 PM CST
DECEMBER 22 2014......SUNRISE   713 AM CST   SUNSET   527 PM CST


-  INDICATES NEGATIVE NUMBERS.
R  INDICATES RECORD WAS SET OR TIED.
MM INDICATES DATA IS MISSING.
T  INDICATES TRACE AMOUNT.

&&

...................................

...THE HOUSTON/HOBBY AIRPORT CLIMATE SUMMARY FOR DECEMBER 20 2014...

CLIMATE NORMAL PERIOD 1981 TO 2010
CLIMATE RECORD PERIOD 1930 TO 2014


WEATHER ITEM   OBSERVED TIME   RECORD YEAR NORMAL DEPARTURE LAST
                VALUE   (LST)  VALUE       VALUE  FROM      YEAR
                                                  NORMAL
..................................................................
TEMPERATURE (F)
 YESTERDAY
  MAXIMUM         55   1208 PM  81    1978  64     -9       76
                                      1951
  MINIMUM         51    915 PM  26    1945  46      5       67
  AVERAGE         53                        55     -2       72

PRECIPITATION (IN)
  YESTERDAY        0.00          1.60 1997   0.12  -0.12     0.03
  MONTH TO DATE    3.77                      2.65   1.12     0.17
  SINCE DEC 1      3.77                      2.65   1.12     0.17
  SINCE JAN 1     40.29                     53.27 -12.98    42.36

SNOWFALL (IN)
  YESTERDAY        0.0          MM      MM
  MONTH TO DATE    0.0
  SINCE DEC 1      0.0
  SINCE JUL 1      0.0

DEGREE DAYS
 HEATING
  YESTERDAY       12                        11      1        0
  MONTH TO DATE   91                       194   -103      247
  SINCE DEC 1     91                       194   -103      247
  SINCE JUL 1    305                       350    -45      464
..................................................................


WIND (MPH)
  HIGHEST WIND SPEED    16   HIGHEST WIND DIRECTION     N (10)
  HIGHEST GUST SPEED    20   HIGHEST GUST DIRECTION     N (10)




RELATIVE HUMIDITY (PERCENT)
 HIGHEST    96
 LOWEST     83
 AVERAGE    90

..........................................................


THE HOUSTON/HOBBY AIRPORT CLIMATE NORMALS FOR TODAY
                         NORMAL    RECORD    YEAR
 MAXIMUM TEMPERATURE (F)   64        82      2010
                                             1970
 MINIMUM TEMPERATURE (F)   46        23      1973


SUNRISE AND SUNSET
DECEMBER 21 2014......SUNRISE   712 AM CST   SUNSET   527 PM CST
DECEMBER 22 2014......SUNRISE   712 AM CST   SUNSET   527 PM CST


-  INDICATES NEGATIVE NUMBERS.
R  INDICATES RECORD WAS SET OR TIED.
MM INDICATES DATA IS MISSING.
T  INDICATES TRACE AMOUNT.


...MISCELLANEOUS CLIMATE DATA FOR YESTERDAY...

LOCATION                        HIGH    LOW     PRECIP

PEARLAND                         56      50      0.00
SUGAR LAND                       56      50      0.00
TOMBALL                          54      50      0.00
CONROE                           52      48      0.00
HUNTSVILLE                       52      48       T
ANGLETON/LAKE JACKSON            54      50       T
PALACIOS                         55      52      0.00
LEAGUE CITY (NWS)                53      50      0.00


THIS PRODUCT...ALONG WITH OTHER WEATHER...HYDROLOGIC...AND CLIMATE
PRODUCTS...IS AVAILABLE ON THE WEB AT HTTP://WWW.SRH.NOAA.GOV/HGX
OR AT HTTP://WEATHER.GOV


$$
