000
CDUS44 KHGX 091413
CLIHOU

CLIMATE REPORT
NATIONAL WEATHER SERVICE HOUSTON/GALVESTON TX
810 AM CST TUE FEB 9 2016


...MORNING CLIMATE DATA...

                            MORNING LOW    PRECIP SINCE MIDNIGHT
HOUSTON INTERCONTINENTAL         41                0.00
GALVESTON SCHOLES FIELD          43                0.00
BRYAN/COLLEGE STATION            36                0.00
HOUSTON HOBBY                    41                0.00
...................................

...THE HOUSTON INTERCONTINENTAL CLIMATE SUMMARY FOR FEBRUARY 8 2016...

CLIMATE NORMAL PERIOD 1981 TO 2010
CLIMATE RECORD PERIOD 1892 TO 2016


WEATHER ITEM   OBSERVED TIME   RECORD YEAR NORMAL DEPARTURE LAST
                VALUE   (LST)  VALUE       VALUE  FROM      YEAR
                                                  NORMAL
..................................................................
TEMPERATURE (F)
 YESTERDAY
  MAXIMUM         63    405 PM  82    1932  65     -2       77
  MINIMUM         44   1159 PM  10    1895  45     -1       54
  AVERAGE         54                        55     -1       66

PRECIPITATION (IN)
  YESTERDAY        0.00          1.84 1934   0.11  -0.11     0.00
  MONTH TO DATE    0.15                      0.86  -0.71     0.34
  SINCE DEC 1      7.52                      7.98  -0.46     9.11
  SINCE JAN 1      2.31                      4.24  -1.93     3.51

SNOWFALL (IN)
  YESTERDAY        0.0           0.3  1973
  MONTH TO DATE    0.0
  SINCE DEC 1      0.0
  SINCE JUL 1      0.0

DEGREE DAYS
 HEATING
  YESTERDAY       11                        11      0        0
  MONTH TO DATE   90                        88      2      103
  SINCE DEC 1    700                       827   -127      824
  SINCE JUL 1    813                      1012   -199     1072
..................................................................


WIND (MPH)
  HIGHEST WIND SPEED    29   HIGHEST WIND DIRECTION    NW (330)
  HIGHEST GUST SPEED    37   HIGHEST GUST DIRECTION    NW (300)




RELATIVE HUMIDITY (PERCENT)
 HIGHEST    77
 LOWEST     12
 AVERAGE    45

..........................................................


THE HOUSTON INTERCONTINENTAL CLIMATE NORMALS FOR TODAY
                         NORMAL    RECORD    YEAR
 MAXIMUM TEMPERATURE (F)   65        86      1962
 MINIMUM TEMPERATURE (F)   45        15      1933


SUNRISE AND SUNSET
FEBRUARY  9 2016......SUNRISE   706 AM CST   SUNSET   605 PM CST
FEBRUARY 10 2016......SUNRISE   706 AM CST   SUNSET   606 PM CST


-  INDICATES NEGATIVE NUMBERS.
R  INDICATES RECORD WAS SET OR TIED.
MM INDICATES DATA IS MISSING.
T  INDICATES TRACE AMOUNT.


&&

...................................

...THE HOUSTON/HOBBY AIRPORT CLIMATE SUMMARY FOR FEBRUARY 8 2016...

CLIMATE NORMAL PERIOD 1981 TO 2010
CLIMATE RECORD PERIOD 1930 TO 2016


WEATHER ITEM   OBSERVED TIME   RECORD YEAR NORMAL DEPARTURE LAST
                VALUE   (LST)  VALUE       VALUE  FROM      YEAR
                                                  NORMAL
..................................................................
TEMPERATURE (F)
 YESTERDAY
  MAXIMUM         64    413 PM  83    1962  65     -1       76
  MINIMUM         44    234 AM  15    1933  47     -3       52
  AVERAGE         54                        56     -2       64

PRECIPITATION (IN)
  YESTERDAY        0.00          1.02 1973   0.11  -0.11     0.00
  MONTH TO DATE    0.19                      0.93  -0.74     0.28
  SINCE DEC 1      6.19                      8.83  -2.64    10.02
  SINCE JAN 1      2.70                      4.80  -2.10     5.41

SNOWFALL (IN)
  YESTERDAY        0.0           T    1973
                                      1933
  MONTH TO DATE    0.0
  SINCE DEC 1      0.0
  SINCE JUL 1      0.0

DEGREE DAYS
 HEATING
  YESTERDAY       11                        10      1        1
  MONTH TO DATE   80                        80      0       93
  SINCE DEC 1    591                       755   -164      753
  SINCE JUL 1    665                       911   -246      967
..................................................................


WIND (MPH)
  HIGHEST WIND SPEED    32   HIGHEST WIND DIRECTION    NW (320)
  HIGHEST GUST SPEED    41   HIGHEST GUST DIRECTION    NW (320)




RELATIVE HUMIDITY (PERCENT)
 HIGHEST    89
 LOWEST     10
 AVERAGE    50

..........................................................


THE HOUSTON/HOBBY AIRPORT CLIMATE NORMALS FOR TODAY
                         NORMAL    RECORD    YEAR
 MAXIMUM TEMPERATURE (F)   65        87      1962
 MINIMUM TEMPERATURE (F)   47        17      1933


SUNRISE AND SUNSET
FEBRUARY  9 2016......SUNRISE   706 AM CST   SUNSET   605 PM CST
FEBRUARY 10 2016......SUNRISE   705 AM CST   SUNSET   606 PM CST


-  INDICATES NEGATIVE NUMBERS.
R  INDICATES RECORD WAS SET OR TIED.
MM INDICATES DATA IS MISSING.
T  INDICATES TRACE AMOUNT.

...MISCELLANEOUS CLIMATE DATA FOR YESTERDAY...

LOCATION                        HIGH    LOW     PRECIP
PEARLAND                         64      43      0.00
SUGAR LAND                       62      41      0.00
TOMBALL                          63      39      0.00
CONROE                           61      34      0.00
HUNTSVILLE                       59      39      0.00
ANGLETON/LAKE JACKSON            65      39      0.00
PALACIOS                         68      42      0.00
LEAGUE CITY (NWS)                62      44      0.00


THIS PRODUCT...ALONG WITH OTHER WEATHER...HYDROLOGIC...AND CLIMATE
PRODUCTS...IS AVAILABLE ON THE WEB AT HTTP://WWW.SRH.NOAA.GOV/HGX
OR AT HTTP://WEATHER.GOV

$$
