000
CDUS44 KHGX 051411
CLIHOU

CLIMATE REPORT
NATIONAL WEATHER SERVICE HOUSTON/GALVESTON TX
810 AM CST MON DEC 5 2016

...MORNING CLIMATE DATA...

                            MORNING LOW    PRECIP SINCE MIDNIGHT
HOUSTON INTERCONTINENTAL         50                0.50
GALVESTON SCHOLES FIELD          53                0.24
BRYAN/COLLEGE STATION            49                0.46
HOUSTON HOBBY                    50                0.56

...................................

...THE HOUSTON INTERCONTINENTAL CLIMATE SUMMARY FOR DECEMBER 4 2016...

CLIMATE NORMAL PERIOD 1981 TO 2010
CLIMATE RECORD PERIOD 1892 TO 2016


WEATHER ITEM   OBSERVED TIME   RECORD YEAR NORMAL DEPARTURE LAST
                VALUE   (LST)  VALUE       VALUE  FROM      YEAR
                                                  NORMAL
..................................................................
TEMPERATURE (F)
 YESTERDAY
  MAXIMUM         53    635 PM  83    2012  67    -14       61
  MINIMUM         51   1159 PM  27    1897  47      4       38
  AVERAGE         52                        56     -4       50

PRECIPITATION (IN)
  YESTERDAY        0.62          1.96 1930   0.13   0.49     0.00
  MONTH TO DATE    1.58                      0.55   1.03     0.02
  SINCE DEC 1      1.58                      0.55   1.03     0.02
  SINCE JAN 1     58.98                     46.58  12.40    64.84

SNOWFALL (IN)
  YESTERDAY        0.0           1.0  2009
  MONTH TO DATE    0.0
  SINCE DEC 1      0.0
  SINCE JUL 1      0.0

DEGREE DAYS
 HEATING
  YESTERDAY       13                        10      3       15
  MONTH TO DATE   49                        37     12       51
  SINCE DEC 1     49                        37     12       51
  SINCE JUL 1    107                       222   -115      164
..................................................................


WIND (MPH)
  HIGHEST WIND SPEED    18   HIGHEST WIND DIRECTION    NE (30)
  HIGHEST GUST SPEED    23   HIGHEST GUST DIRECTION    NE (40)




RELATIVE HUMIDITY (PERCENT)
 HIGHEST   100
 LOWEST     89
 AVERAGE    95

..........................................................


THE HOUSTON INTERCONTINENTAL CLIMATE NORMALS FOR TODAY
                         NORMAL    RECORD    YEAR
 MAXIMUM TEMPERATURE (F)   66        83      1998
 MINIMUM TEMPERATURE (F)   46        26      2009


SUNRISE AND SUNSET
DECEMBER  5 2016......SUNRISE   703 AM CST   SUNSET   521 PM CST
DECEMBER  6 2016......SUNRISE   704 AM CST   SUNSET   521 PM CST


-  INDICATES NEGATIVE NUMBERS.
R  INDICATES RECORD WAS SET OR TIED.
MM INDICATES DATA IS MISSING.
T  INDICATES TRACE AMOUNT.


&&

...................................

...THE HOUSTON/HOBBY AIRPORT CLIMATE SUMMARY FOR DECEMBER 4 2016...

CLIMATE NORMAL PERIOD 1981 TO 2010
CLIMATE RECORD PERIOD 1930 TO 2016


WEATHER ITEM   OBSERVED TIME   RECORD YEAR NORMAL DEPARTURE LAST
                VALUE   (LST)  VALUE       VALUE  FROM      YEAR
                                                  NORMAL
..................................................................
TEMPERATURE (F)
 YESTERDAY
  MAXIMUM         55   1219 AM  83    1977  67    -12       62
  MINIMUM         52   1159 PM  32    2009  49      3       43
                                      1931
  AVERAGE         54                        58     -4       53

PRECIPITATION (IN)
  YESTERDAY        0.66          2.55 1930   0.14   0.52     0.00
  MONTH TO DATE    1.40                      0.56   0.84     0.03
  SINCE DEC 1      1.40                      0.56   0.84     0.03
  SINCE JAN 1     54.53                     51.18   3.35    73.67

SNOWFALL (IN)
  YESTERDAY        0.0           1.0  2009
  MONTH TO DATE    0.0
  SINCE DEC 1      0.0
  SINCE JUL 1      0.0

DEGREE DAYS
 HEATING
  YESTERDAY       11                         9      2       12
  MONTH TO DATE   32                        33     -1       39
  SINCE DEC 1     32                        33     -1       39
  SINCE JUL 1     69                       189   -120      113
..................................................................


WIND (MPH)
  HIGHEST WIND SPEED    21   HIGHEST WIND DIRECTION     N (350)
  HIGHEST GUST SPEED    23   HIGHEST GUST DIRECTION     N (350)




RELATIVE HUMIDITY (PERCENT)
 HIGHEST   100
 LOWEST     89
 AVERAGE    95

..........................................................


THE HOUSTON/HOBBY AIRPORT CLIMATE NORMALS FOR TODAY
                         NORMAL    RECORD    YEAR
 MAXIMUM TEMPERATURE (F)   67        84      1975
 MINIMUM TEMPERATURE (F)   48        27      2009


SUNRISE AND SUNSET
DECEMBER  5 2016......SUNRISE   702 AM CST   SUNSET   522 PM CST
DECEMBER  6 2016......SUNRISE   703 AM CST   SUNSET   522 PM CST


-  INDICATES NEGATIVE NUMBERS.
R  INDICATES RECORD WAS SET OR TIED.
MM INDICATES DATA IS MISSING.
T  INDICATES TRACE AMOUNT.

...MISCELLANEOUS CLIMATE DATA FOR YESTERDAY...

LOCATION                        HIGH    LOW     PRECIP
PEARLAND                         57      53      0.61
SUGAR LAND                       53      51      0.06
TOMBALL                          52      51      0.75
CONROE                           51      49      0.82
HUNTSVILLE                       51      49      0.34
ANGLETON/LAKE JACKSON            57      53      0.66
PALACIOS                         55      51      1.52
LEAGUE CITY (NWS)                55      51      0.68


THIS PRODUCT...ALONG WITH OTHER WEATHER...HYDROLOGIC...AND CLIMATE
PRODUCTS...IS AVAILABLE ON THE WEB AT HTTP://WWW.SRH.NOAA.GOV/HGX
OR AT HTTP://WEATHER.GOV



$$
