000
CDUS44 KHGX 271319
CLIHOU

CLIMATE REPORT
NATIONAL WEATHER SERVICE HOUSTON/GALVESTON TX
817 AM CDT WED JUL 27 2016

...MORNING CLIMATE DATA...

                            MORNING LOW    PRECIP SINCE MIDNIGHT
HOUSTON INTERCONTINENTAL         76                0.00
GALVESTON SCHOLES FIELD          81                 T
BRYAN/COLLEGE STATION            75                0.00
HOUSTON HOBBY                    76                0.00

...................................

...THE HOUSTON INTERCONTINENTAL CLIMATE SUMMARY FOR JULY 26 2016...

CLIMATE NORMAL PERIOD 1981 TO 2010
CLIMATE RECORD PERIOD 1892 TO 2016


WEATHER ITEM   OBSERVED TIME   RECORD YEAR NORMAL DEPARTURE LAST
                VALUE   (LST)  VALUE       VALUE  FROM      YEAR
                                                  NORMAL
..................................................................
TEMPERATURE (F)
 YESTERDAY
  MAXIMUM         92   1151 AM 105    1954  94     -2       99
  MINIMUM         77    523 AM  68    1972  75      2       78
                                      1891
  AVERAGE         85                        85      0       89

PRECIPITATION (IN)
  YESTERDAY        T             2.35 1951   0.11  -0.11     0.00
  MONTH TO DATE    0.75                      3.31  -2.56     0.44
  SINCE JUN 1     13.87                      9.24   4.63    11.83
  SINCE JAN 1     42.82                     27.63  15.19    42.27

DEGREE DAYS
 COOLING
  YESTERDAY       20                        20      0       24
  MONTH TO DATE  595                       502     93      541
  SINCE JUN 1   1115                      1022     93     1064
  SINCE JAN 1   1696                      1674     22     1756
..................................................................


WIND (MPH)
  HIGHEST WIND SPEED    15   HIGHEST WIND DIRECTION    SW (220)
  HIGHEST GUST SPEED    20   HIGHEST GUST DIRECTION    SW (220)




RELATIVE HUMIDITY (PERCENT)
 HIGHEST    97
 LOWEST     68
 AVERAGE    83

..........................................................


THE HOUSTON INTERCONTINENTAL CLIMATE NORMALS FOR TODAY
                         NORMAL    RECORD    YEAR
 MAXIMUM TEMPERATURE (F)   95       101      1995
 MINIMUM TEMPERATURE (F)   75        66      1902


SUNRISE AND SUNSET
JULY 27 2016..........SUNRISE   638 AM CDT   SUNSET   818 PM CDT
JULY 28 2016..........SUNRISE   638 AM CDT   SUNSET   817 PM CDT


-  INDICATES NEGATIVE NUMBERS.
R  INDICATES RECORD WAS SET OR TIED.
MM INDICATES DATA IS MISSING.
T  INDICATES TRACE AMOUNT.


&&

...................................

...THE HOUSTON/HOBBY AIRPORT CLIMATE SUMMARY FOR JULY 26 2016...

CLIMATE NORMAL PERIOD 1981 TO 2010
CLIMATE RECORD PERIOD 1930 TO 2016


WEATHER ITEM   OBSERVED TIME   RECORD YEAR NORMAL DEPARTURE LAST
                VALUE   (LST)  VALUE       VALUE  FROM      YEAR
                                                  NORMAL
..................................................................
TEMPERATURE (F)
 YESTERDAY
  MAXIMUM         87   1200 PM 104    1954  93     -6       98
  MINIMUM         75    243 PM  68    1933  76     -1       78
  AVERAGE         81                        84     -3       88

PRECIPITATION (IN)
  YESTERDAY        3.05          5.51 1979   0.13   2.92     0.00
  MONTH TO DATE    5.32                      4.05   1.27     2.57
  SINCE JUN 1     14.15                     11.15   3.00     7.44
  SINCE JAN 1     39.00                     29.43   9.57    42.30

DEGREE DAYS
 COOLING
  YESTERDAY       16                        19     -3       23
  MONTH TO DATE  580                       488     92      536
  SINCE JUN 1   1130                       998    132     1075
  SINCE JAN 1   1901                      1652    249     1814
..................................................................


WIND (MPH)
  HIGHEST WIND SPEED    18   HIGHEST WIND DIRECTION     W (290)
  HIGHEST GUST SPEED    23   HIGHEST GUST DIRECTION    NW (310)




RELATIVE HUMIDITY (PERCENT)
 HIGHEST   100
 LOWEST     65
 AVERAGE    83

..........................................................


THE HOUSTON/HOBBY AIRPORT CLIMATE NORMALS FOR TODAY
                         NORMAL    RECORD    YEAR
 MAXIMUM TEMPERATURE (F)   93        99      1965
 MINIMUM TEMPERATURE (F)   76        68      1931


SUNRISE AND SUNSET
JULY 27 2016..........SUNRISE   638 AM CDT   SUNSET   817 PM CDT
JULY 28 2016..........SUNRISE   639 AM CDT   SUNSET   816 PM CDT


-  INDICATES NEGATIVE NUMBERS.
R  INDICATES RECORD WAS SET OR TIED.
MM INDICATES DATA IS MISSING.
T  INDICATES TRACE AMOUNT.

...MISCELLANEOUS CLIMATE DATA FOR YESTERDAY...

LOCATION                        HIGH    LOW     PRECIP
PEARLAND                         89      78      0.11
SUGAR LAND                       87      73      3.60
TOMBALL                          91      75      0.08
CONROE                           94      74       T
HUNTSVILLE                       91      75      0.09
ANGLETON/LAKE JACKSON            87      77      0.35
PALACIOS                         86      74      0.86
LEAGUE CITY (NWS)                84      75      0.86


THIS PRODUCT...ALONG WITH OTHER WEATHER...HYDROLOGIC...AND CLIMATE
PRODUCTS...IS AVAILABLE ON THE WEB AT HTTP://WWW.SRH.NOAA.GOV/HGX
OR AT HTTP://WEATHER.GOV



$$
