000
CDUS46 KSEW 290120
CLIHQM


CLIMATE REPORT
NATIONAL WEATHER SERVICE SEATTLE WA
620 PM PDT THU APR 28 2016


...................................

...THE HOQUIAM WA AIRPORT CLIMATE SUMMARY FOR APRIL 28 2016...
VALID TODAY AS OF 0600 PM LOCAL TIME.

CLIMATE NORMAL PERIOD 1981 TO 2010
CLIMATE RECORD PERIOD 1953 TO 2016


WEATHER ITEM   OBSERVED TIME   RECORD YEAR NORMAL DEPARTURE LAST
                VALUE   (LST)  VALUE       VALUE  FROM      YEAR
                                                  NORMAL
..................................................................
TEMPERATURE (F)
 TODAY
  MAXIMUM         61        MM  73    1957  57      4       58
  MINIMUM         44        MM  31    1964  43      1       51
  AVERAGE         53                        50      3       55

PRECIPITATION (IN)
  TODAY            0.00          2.23 1981   0.13  -0.13     0.07
  MONTH TO DATE    2.68                      4.83  -2.15     3.19
  SINCE OCT 1     71.87                     57.02  14.85    57.22
  SINCE JAN 1     38.45                     29.36   9.09    25.80

DEGREE DAYS
 HEATING
  TODAY           12                        15     -3       10
  MONTH TO DATE  306                       459   -153      444
  SINCE MAR 1    834                      1048   -214      907

 COOLING
  TODAY            0                         0      0        0
  MONTH TO DATE    4                         0      4        0
  SINCE MAR 1      4                         0      4        0
  SINCE JAN 1      4                         0      4        0
..................................................................


WIND (MPH)
  RESULTANT WIND SPEED  MM   RESULTANT WIND DIRECTION  MM
  HIGHEST WIND SPEED    MM   HIGHEST WIND DIRECTION    MM
  HIGHEST GUST SPEED    MM   HIGHEST GUST DIRECTION    MM
  AVERAGE WIND SPEED    MM


SKY COVER
  AVERAGE SKY COVER 0.0


WEATHER CONDITIONS
 THE FOLLOWING WEATHER WAS RECORDED TODAY.
  NO SIGNIFICANT WEATHER WAS OBSERVED.


RELATIVE HUMIDITY (PERCENT)
 HIGHEST    MM
 LOWEST     MM
 AVERAGE    MM

..........................................................


THE HOQUIAM WA AIRPORT CLIMATE NORMALS FOR TOMORROW
                         NORMAL    RECORD    YEAR
 MAXIMUM TEMPERATURE (F)   57        82      1998
 MINIMUM TEMPERATURE (F)   43        33      2011
                                             1986
                                             1975


SUNRISE AND SUNSET
APRIL 28 2016.........SUNRISE   604 AM PDT   SUNSET   823 PM PDT
APRIL 29 2016.........SUNRISE   602 AM PDT   SUNSET   824 PM PDT


-  INDICATES NEGATIVE NUMBERS.
R  INDICATES RECORD WAS SET OR TIED.
MM INDICATES DATA IS MISSING.
T  INDICATES TRACE AMOUNT.




$$
