000
CDUS46 KSEW 310830
CLIHQM


CLIMATE REPORT
NATIONAL WEATHER SERVICE SEATTLE WA
130 AM PDT MON AUG 31 2015


...................................

...THE HOQUIAM WA AIRPORT CLIMATE SUMMARY FOR AUGUST 30 2015...

CLIMATE NORMAL PERIOD 1981 TO 2010
CLIMATE RECORD PERIOD 1953 TO 2015


WEATHER ITEM   OBSERVED TIME   RECORD YEAR NORMAL DEPARTURE LAST
                VALUE   (LST)  VALUE       VALUE  FROM      YEAR
                                                  NORMAL
..................................................................
TEMPERATURE (F)
 YESTERDAY
  MAXIMUM         68    359 PM  83    1993  68      0       68
                                      1968
  MINIMUM         56   1227 AM  43    1972  53      3       57
  AVERAGE         62                        61      1       63

PRECIPITATION (IN)
  YESTERDAY        0.32          1.82 1991   0.06   0.26     1.25
  MONTH TO DATE    1.64                      1.24   0.40     1.99
  SINCE OCT 1     59.93                     65.20  -5.27    55.76
  SINCE JAN 1     28.51                     37.54  -9.03    43.65

DEGREE DAYS
 HEATING
  YESTERDAY        3                         4     -1        2
  MONTH TO DATE   55                       120    -65       76
  SINCE JUN 1    258                       530   -272      395

 COOLING
  YESTERDAY        0                         0      0        0
  MONTH TO DATE   12                         0     12        7
  SINCE JUN 1     31                         8     23       15
  SINCE JAN 1     31                         9     22       30
..................................................................


WIND (MPH)
  RESULTANT WIND SPEED  13   RESULTANT WIND DIRECTION   S (190)
  HIGHEST WIND SPEED    22   HIGHEST WIND DIRECTION     S (190)
  HIGHEST GUST SPEED    26   HIGHEST GUST DIRECTION     S (200)
  AVERAGE WIND SPEED    12.3


SKY COVER
  AVERAGE SKY COVER 0.6


WEATHER CONDITIONS
 THE FOLLOWING WEATHER WAS RECORDED YESTERDAY.
  RAIN
  LIGHT RAIN
  FOG


RELATIVE HUMIDITY (PERCENT)
 HIGHEST    93           100 AM
 LOWEST     63           100 PM
 AVERAGE    78

..........................................................


THE HOQUIAM WA AIRPORT CLIMATE NORMALS FOR TODAY
                         NORMAL    RECORD    YEAR
 MAXIMUM TEMPERATURE (F)   68        94      1987
 MINIMUM TEMPERATURE (F)   53        43      1969


SUNRISE AND SUNSET
AUGUST 31 2015........SUNRISE   634 AM PDT   SUNSET   757 PM PDT
SEPTEMBER  1 2015.....SUNRISE   635 AM PDT   SUNSET   756 PM PDT


-  INDICATES NEGATIVE NUMBERS.
R  INDICATES RECORD WAS SET OR TIED.
MM INDICATES DATA IS MISSING.
T  INDICATES TRACE AMOUNT.




$$
