000
CDUS46 KSEW 290121
CLIHQM


CLIMATE REPORT
NATIONAL WEATHER SERVICE SEATTLE WA
620 PM PDT WED SEP 28 2016


...................................

...THE HOQUIAM WA AIRPORT CLIMATE SUMMARY FOR SEPTEMBER 28 2016...
VALID TODAY AS OF 0600 PM LOCAL TIME.

CLIMATE NORMAL PERIOD 1981 TO 2010
CLIMATE RECORD PERIOD 1953 TO 2016


WEATHER ITEM   OBSERVED TIME   RECORD YEAR NORMAL DEPARTURE LAST
                VALUE   (LST)  VALUE       VALUE  FROM      YEAR
                                                  NORMAL
..................................................................
TEMPERATURE (F)
 TODAY
  MAXIMUM         64    212 PM  85    1970  64      0       75
  MINIMUM         44    528 AM  38    1983  49     -5       44
  AVERAGE         54                        57     -3       60

PRECIPITATION (IN)
  TODAY            0.00          1.78 2013   0.10  -0.10     0.00
  MONTH TO DATE    3.24                      2.07   1.17     2.76
  SINCE OCT 1     78.33                     67.34  10.99    62.82
  SINCE JAN 1     44.91                     39.68   5.23    31.40

DEGREE DAYS
 HEATING
  TODAY           11                         8      3        5
  MONTH TO DATE  178                       171      7      164
  SINCE SEP 1    178                       171      7      164

 COOLING
  TODAY            0                         0      0        0
  MONTH TO DATE    1                         0      1        4
  SINCE SEP 1      1                         0      1        4
  SINCE JAN 1     50                        16     34       35
..................................................................


WIND (MPH)
  RESULTANT WIND SPEED   1   RESULTANT WIND DIRECTION  SW (230)
  HIGHEST WIND SPEED    15   HIGHEST WIND DIRECTION    SW (230)
  HIGHEST GUST SPEED    16   HIGHEST GUST DIRECTION    SW (230)
  AVERAGE WIND SPEED     6.0


SKY COVER
  AVERAGE SKY COVER 0.0


WEATHER CONDITIONS
 THE FOLLOWING WEATHER WAS RECORDED TODAY.
  FOG


RELATIVE HUMIDITY (PERCENT)
 HIGHEST   100          1200 AM
 LOWEST     64          1100 AM
 AVERAGE    82

..........................................................


THE HOQUIAM WA AIRPORT CLIMATE NORMALS FOR TOMORROW
                         NORMAL    RECORD    YEAR
 MAXIMUM TEMPERATURE (F)   64        80      1957
 MINIMUM TEMPERATURE (F)   48        37      1961
                                             1954


SUNRISE AND SUNSET
SEPTEMBER 28 2016.....SUNRISE   711 AM PDT   SUNSET   700 PM PDT
SEPTEMBER 29 2016.....SUNRISE   713 AM PDT   SUNSET   658 PM PDT


-  INDICATES NEGATIVE NUMBERS.
R  INDICATES RECORD WAS SET OR TIED.
MM INDICATES DATA IS MISSING.
T  INDICATES TRACE AMOUNT.




$$
