000
CDUS46 KSEW 290120
CLIHQM


CLIMATE REPORT
NATIONAL WEATHER SERVICE SEATTLE WA
520 PM PST FRI NOV 28 2014


...................................

...THE HOQUIAM WA AIRPORT CLIMATE SUMMARY FOR NOVEMBER 28 2014...
VALID TODAY AS OF 0500 PM LOCAL TIME.

CLIMATE NORMAL PERIOD 1981 TO 2010
CLIMATE RECORD PERIOD 1953 TO 2014


WEATHER ITEM   OBSERVED TIME   RECORD YEAR NORMAL DEPARTURE LAST
                VALUE   (LST)  VALUE       VALUE  FROM      YEAR
                                                  NORMAL
..................................................................
TEMPERATURE (F)
 TODAY
  MAXIMUM         56    427 AM  59    2002  48      8       53
  MINIMUM         44    459 PM  24    1985  38      6       33
  AVERAGE         50                        43      7       43

PRECIPITATION (IN)
  TODAY            1.01          2.97 2003   0.37   0.64     0.00
  MONTH TO DATE    9.43                     10.41  -0.98     5.33
  SINCE OCT 1     19.98                     16.94   3.04     7.59
  SINCE JAN 1     67.07                     56.83  10.24    49.46

DEGREE DAYS
 HEATING
  TODAY           15                        22     -7       22
  MONTH TO DATE  486                       532    -46      532
  SINCE SEP 1    800                      1124   -324     1092

 COOLING
  TODAY            0                         0      0        0
  MONTH TO DATE    0                         0      0        0
  SINCE SEP 1     18                         7     11        7
  SINCE JAN 1     48                        23     25       20
..................................................................


WIND (MPH)
  RESULTANT WIND SPEED  10   RESULTANT WIND DIRECTION  SW (230)
  HIGHEST WIND SPEED    25   HIGHEST WIND DIRECTION     S (190)
  HIGHEST GUST SPEED    34   HIGHEST GUST DIRECTION     S (190)
  AVERAGE WIND SPEED    15.5


SKY COVER
  AVERAGE SKY COVER 1.0


WEATHER CONDITIONS
 THE FOLLOWING WEATHER WAS RECORDED TODAY.
  HEAVY RAIN
  RAIN
  LIGHT RAIN
  FOG


RELATIVE HUMIDITY (PERCENT)
 HIGHEST   100           700 AM
 LOWEST     86          1100 AM
 AVERAGE    93

..........................................................


THE HOQUIAM WA AIRPORT CLIMATE NORMALS FOR TOMORROW
                         NORMAL    RECORD    YEAR
 MAXIMUM TEMPERATURE (F)   48        57      1995
                                             1964
 MINIMUM TEMPERATURE (F)   38        25      2006


SUNRISE AND SUNSET
NOVEMBER 28 2014......SUNRISE   737 AM PST   SUNSET   430 PM PST
NOVEMBER 29 2014......SUNRISE   738 AM PST   SUNSET   430 PM PST


-  INDICATES NEGATIVE NUMBERS.
R  INDICATES RECORD WAS SET OR TIED.
MM INDICATES DATA IS MISSING.
T  INDICATES TRACE AMOUNT.




$$
