117
CDUS46 KSEW 180833
CLIHQM


CLIMATE REPORT
NATIONAL WEATHER SERVICE SEATTLE WA
133 AM PDT WED OCT 18 2017


...................................

...THE HOQUIAM WA AIRPORT CLIMATE SUMMARY FOR OCTOBER 17 2017...

CLIMATE NORMAL PERIOD 1981 TO 2010
CLIMATE RECORD PERIOD 1953 TO 2017


WEATHER ITEM   OBSERVED TIME   RECORD YEAR NORMAL DEPARTURE LAST
                VALUE   (LST)  VALUE       VALUE  FROM      YEAR
                                                  NORMAL
..................................................................
TEMPERATURE (F)
 YESTERDAY
  MAXIMUM         59    230 PM  73    1989  59      0       59
  MINIMUM         47    937 PM  33    2010  45      2       51
                                      1984
  AVERAGE         53                        52      1       55

PRECIPITATION (IN)
  YESTERDAY        0.48          1.83 1975   0.21   0.27     0.50
  MONTH TO DATE    1.29                      2.81  -1.52    10.67
  SINCE OCT 1      1.29                      2.81  -1.52    10.67
  SINCE JAN 1     46.79                     42.70   4.09    55.58

DEGREE DAYS
 HEATING
  YESTERDAY       12                        13     -1       10
  MONTH TO DATE  223                       189     34      185
  SINCE SEP 1    365                       385    -20      387

 COOLING
  YESTERDAY        0                         0      0        0
  MONTH TO DATE    0                         0      0        0
  SINCE SEP 1     32                         7     25        1
  SINCE JAN 1     77                        23     54       50
..................................................................


WIND (MPH)
  RESULTANT WIND SPEED   5   RESULTANT WIND DIRECTION  SW (210)
  HIGHEST WIND SPEED    29   HIGHEST WIND DIRECTION     S (170)
  HIGHEST GUST SPEED    36   HIGHEST GUST DIRECTION     S (170)
  AVERAGE WIND SPEED    10.4


SKY COVER
  AVERAGE SKY COVER 0.5


WEATHER CONDITIONS
 THE FOLLOWING WEATHER WAS RECORDED YESTERDAY.
  RAIN
  LIGHT RAIN
  FOG


RELATIVE HUMIDITY (PERCENT)
 HIGHEST   100           500 AM
 LOWEST     57           200 PM
 AVERAGE    79

..........................................................


THE HOQUIAM WA AIRPORT CLIMATE NORMALS FOR TODAY
                         NORMAL    RECORD    YEAR
 MAXIMUM TEMPERATURE (F)   58        73      1978
 MINIMUM TEMPERATURE (F)   45        35      1982


SUNRISE AND SUNSET
OCTOBER 18 2017.......SUNRISE   739 AM PDT   SUNSET   622 PM PDT
OCTOBER 19 2017.......SUNRISE   740 AM PDT   SUNSET   620 PM PDT


-  INDICATES NEGATIVE NUMBERS.
R  INDICATES RECORD WAS SET OR TIED.
MM INDICATES DATA IS MISSING.
T  INDICATES TRACE AMOUNT.




$$
