000
CDUS46 KSEW 310118
CLIHQM


CLIMATE REPORT
NATIONAL WEATHER SERVICE SEATTLE WA
617 PM PDT SAT JUL 30 2016


...................................

...THE HOQUIAM WA AIRPORT CLIMATE SUMMARY FOR JULY 30 2016...
VALID TODAY AS OF 0600 PM LOCAL TIME.

CLIMATE NORMAL PERIOD 1981 TO 2010
CLIMATE RECORD PERIOD 1953 TO 2016


WEATHER ITEM   OBSERVED TIME   RECORD YEAR NORMAL DEPARTURE LAST
                VALUE   (LST)  VALUE       VALUE  FROM      YEAR
                                                  NORMAL
..................................................................
TEMPERATURE (F)
 TODAY
  MAXIMUM         65    224 PM  93    1959  67     -2       86
  MINIMUM         55    526 AM  45    1969  54      1       53
  AVERAGE         60                        61     -1       70

PRECIPITATION (IN)
  TODAY            0.00          0.99 1955   0.03  -0.03     0.00
  MONTH TO DATE    0.37                      1.12  -0.75     0.38
  SINCE OCT 1     74.49                     63.94  10.55    58.29
  SINCE JAN 1     41.07                     36.28   4.79    26.87

DEGREE DAYS
 HEATING
  TODAY            5                         4      1        0
  MONTH TO DATE  112                       153    -41       43
  SINCE JUN 1    325                       399    -74      203

 COOLING
  TODAY            0                         0      0        5
  MONTH TO DATE    0                         0      0       15
  SINCE JUN 1     13                         2     11       18
  SINCE JAN 1     18                         3     15       18
..................................................................


WIND (MPH)
  RESULTANT WIND SPEED  12   RESULTANT WIND DIRECTION   W (250)
  HIGHEST WIND SPEED    22   HIGHEST WIND DIRECTION     W (270)
  HIGHEST GUST SPEED    30   HIGHEST GUST DIRECTION     W (250)
  AVERAGE WIND SPEED    12.1


SKY COVER
  AVERAGE SKY COVER 0.5


WEATHER CONDITIONS
 THE FOLLOWING WEATHER WAS RECORDED TODAY.
  FOG


RELATIVE HUMIDITY (PERCENT)
 HIGHEST   100           300 AM
 LOWEST     67           100 PM
 AVERAGE    84

..........................................................


THE HOQUIAM WA AIRPORT CLIMATE NORMALS FOR TOMORROW
                         NORMAL    RECORD    YEAR
 MAXIMUM TEMPERATURE (F)   67        90      1968
 MINIMUM TEMPERATURE (F)   54        46      1957


SUNRISE AND SUNSET
JULY 30 2016..........SUNRISE   554 AM PDT   SUNSET   850 PM PDT
JULY 31 2016..........SUNRISE   555 AM PDT   SUNSET   849 PM PDT


-  INDICATES NEGATIVE NUMBERS.
R  INDICATES RECORD WAS SET OR TIED.
MM INDICATES DATA IS MISSING.
T  INDICATES TRACE AMOUNT.




$$
