000
CDUS46 KSEW 170123
CLIHQM


CLIMATE REPORT
NATIONAL WEATHER SERVICE SEATTLE WA
622 PM PDT WED APR 16 2014


...................................

...THE HOQUIAM WA AIRPORT CLIMATE SUMMARY FOR APRIL 16 2014...
VALID TODAY AS OF 0600 PM LOCAL TIME.

CLIMATE NORMAL PERIOD 1981 TO 2010
CLIMATE RECORD PERIOD 1953 TO 2014


WEATHER ITEM   OBSERVED TIME   RECORD YEAR NORMAL DEPARTURE LAST
                VALUE   (LST)  VALUE       VALUE  FROM      YEAR
                                                  NORMAL
..................................................................
TEMPERATURE (F)
 TODAY
  MAXIMUM         52    459 PM  82    1999  56     -4       55
  MINIMUM         49    653 AM  31    1960  42      7       34
  AVERAGE         51                        49      2       45

PRECIPITATION (IN)
  TODAY            0.54          1.02 1992   0.17   0.37     0.01
  MONTH TO DATE    1.75                      2.97  -1.22     4.99
  SINCE OCT 1     42.45                     55.16 -12.71    37.52
  SINCE JAN 1     30.34                     27.50   2.84    23.91

DEGREE DAYS
 HEATING
  TODAY           14                        16     -2       20
  MONTH TO DATE  249                       273    -24      277
  SINCE MAR 1    786                       862    -76      862

 COOLING
  TODAY            0                         0      0        0
  MONTH TO DATE    0                         0      0        0
  SINCE MAR 1      0                         0      0        0
  SINCE JAN 1      0                         0      0        0
..................................................................


WIND (MPH)
  RESULTANT WIND SPEED  12   RESULTANT WIND DIRECTION   S (180)
  HIGHEST WIND SPEED    22   HIGHEST WIND DIRECTION     S (180)
  HIGHEST GUST SPEED    27   HIGHEST GUST DIRECTION     S (180)
  AVERAGE WIND SPEED    13.4


SKY COVER
  AVERAGE SKY COVER 1.0


WEATHER CONDITIONS
 THE FOLLOWING WEATHER WAS RECORDED TODAY.
  LIGHT RAIN
  FOG


RELATIVE HUMIDITY (PERCENT)
 HIGHEST   100          1200 AM
 LOWEST     86           200 AM
 AVERAGE    93

..........................................................


THE HOQUIAM WA AIRPORT CLIMATE NORMALS FOR TOMORROW
                         NORMAL    RECORD    YEAR
 MAXIMUM TEMPERATURE (F)   56        77      1983
 MINIMUM TEMPERATURE (F)   42        27      1964


SUNRISE AND SUNSET
APRIL 16 2014.........SUNRISE   626 AM PDT   SUNSET   806 PM PDT
APRIL 17 2014.........SUNRISE   624 AM PDT   SUNSET   807 PM PDT


-  INDICATES NEGATIVE NUMBERS.
R  INDICATES RECORD WAS SET OR TIED.
MM INDICATES DATA IS MISSING.
T  INDICATES TRACE AMOUNT.




$$
