000
CDUS46 KSEW 170829
CLIHQM


CLIMATE REPORT
NATIONAL WEATHER SERVICE SEATTLE WA
1228 AM PST WED DEC 17 2014


...................................

...THE HOQUIAM WA AIRPORT CLIMATE SUMMARY FOR DECEMBER 16 2014...

CLIMATE NORMAL PERIOD 1981 TO 2010
CLIMATE RECORD PERIOD 1953 TO 2014


WEATHER ITEM   OBSERVED TIME   RECORD YEAR NORMAL DEPARTURE LAST
                VALUE   (LST)  VALUE       VALUE  FROM      YEAR
                                                  NORMAL
..................................................................
TEMPERATURE (F)
 YESTERDAY
  MAXIMUM         48    343 PM  56    1976  46      2       47
  MINIMUM         44   1159 PM  16    1964  37      7       41
  AVERAGE         46                        41      5       44

PRECIPITATION (IN)
  YESTERDAY        0.12          2.76 2001   0.31  -0.19     0.00
  MONTH TO DATE    5.77                      5.18   0.59     2.14
  SINCE OCT 1     25.84                     22.88   2.96    10.00
  SINCE JAN 1     72.93                     62.77  10.16    51.87

DEGREE DAYS
 HEATING
  YESTERDAY       19                        24     -5       21
  MONTH TO DATE  287                       371    -84      466
  SINCE DEC 1    287                       371    -84      466

 COOLING
  YESTERDAY        0                         0      0        0
  MONTH TO DATE    0                         0      0        0
  SINCE DEC 1      0                         0      0        0
  SINCE JAN 1     48                        23     25       20
..................................................................


WIND (MPH)
  RESULTANT WIND SPEED  10   RESULTANT WIND DIRECTION  NE (60)
  HIGHEST WIND SPEED    16   HIGHEST WIND DIRECTION    NE (50)
  HIGHEST GUST SPEED    22   HIGHEST GUST DIRECTION    NE (50)
  AVERAGE WIND SPEED    10.4


SKY COVER
  AVERAGE SKY COVER 0.8


WEATHER CONDITIONS
 THE FOLLOWING WEATHER WAS RECORDED YESTERDAY.
  LIGHT RAIN
  FOG


RELATIVE HUMIDITY (PERCENT)
 HIGHEST    93           100 PM
 LOWEST     71           200 AM
 AVERAGE    82

..........................................................


THE HOQUIAM WA AIRPORT CLIMATE NORMALS FOR TODAY
                         NORMAL    RECORD    YEAR
 MAXIMUM TEMPERATURE (F)   46        55      1976
                                             1973
 MINIMUM TEMPERATURE (F)   37        16      1964


SUNRISE AND SUNSET
DECEMBER 17 2014......SUNRISE   756 AM PST   SUNSET   428 PM PST
DECEMBER 18 2014......SUNRISE   757 AM PST   SUNSET   428 PM PST


-  INDICATES NEGATIVE NUMBERS.
R  INDICATES RECORD WAS SET OR TIED.
MM INDICATES DATA IS MISSING.
T  INDICATES TRACE AMOUNT.




$$
