000
CDUS46 KSEW 230830
CLIHQM


CLIMATE REPORT
NATIONAL WEATHER SERVICE SEATTLE WA
130 AM PDT SAT AUG 23 2014


...................................

...THE HOQUIAM WA AIRPORT CLIMATE SUMMARY FOR AUGUST 22 2014...

CLIMATE NORMAL PERIOD 1981 TO 2010
CLIMATE RECORD PERIOD 1953 TO 2014


WEATHER ITEM   OBSERVED TIME   RECORD YEAR NORMAL DEPARTURE LAST
                VALUE   (LST)  VALUE       VALUE  FROM      YEAR
                                                  NORMAL
..................................................................
TEMPERATURE (F)
 YESTERDAY
  MAXIMUM         62    355 PM  85    1988  68     -6       74
  MINIMUM         55    726 AM  46    1985  54      1       50
                                      1969
  AVERAGE         59                        61     -2       62

PRECIPITATION (IN)
  YESTERDAY        0.00          1.19 2001   0.05  -0.05     0.00
  MONTH TO DATE    0.73                      0.79  -0.06     0.71
  SINCE OCT 1     54.50                     64.75 -10.25    46.88
  SINCE JAN 1     42.39                     37.09   5.30    33.27

DEGREE DAYS
 HEATING
  YESTERDAY        6                         4      2        3
  MONTH TO DATE   55                        88    -33       80
  SINCE JUN 1    374                       498   -124      402

 COOLING
  YESTERDAY        0                         0      0        0
  MONTH TO DATE    7                         0      7        0
  SINCE JUN 1     15                         8      7        8
  SINCE JAN 1     30                         9     21       11
..................................................................


WIND (MPH)
  RESULTANT WIND SPEED   4   RESULTANT WIND DIRECTION  SW (240)
  HIGHEST WIND SPEED    15   HIGHEST WIND DIRECTION    SW (230)
  HIGHEST GUST SPEED    18   HIGHEST GUST DIRECTION    SW (240)
  AVERAGE WIND SPEED     5.5


SKY COVER
  AVERAGE SKY COVER 0.9


WEATHER CONDITIONS
 THE FOLLOWING WEATHER WAS RECORDED YESTERDAY.
  FOG


RELATIVE HUMIDITY (PERCENT)
 HIGHEST   100           100 AM
 LOWEST     72           200 PM
 AVERAGE    86

..........................................................


THE HOQUIAM WA AIRPORT CLIMATE NORMALS FOR TODAY
                         NORMAL    RECORD    YEAR
 MAXIMUM TEMPERATURE (F)   68        86      1988
                                             1985
 MINIMUM TEMPERATURE (F)   54        43      1987
                                             1969


SUNRISE AND SUNSET
AUGUST 23 2014........SUNRISE   624 AM PDT   SUNSET   812 PM PDT
AUGUST 24 2014........SUNRISE   625 AM PDT   SUNSET   810 PM PDT


-  INDICATES NEGATIVE NUMBERS.
R  INDICATES RECORD WAS SET OR TIED.
MM INDICATES DATA IS MISSING.
T  INDICATES TRACE AMOUNT.




$$
