000
CDUS46 KSEW 250124
CLIHQM


CLIMATE REPORT
NATIONAL WEATHER SERVICE SEATTLE WA
624 PM PDT SUN MAY 24 2015


...................................

...THE HOQUIAM WA AIRPORT CLIMATE SUMMARY FOR MAY 24 2015...
VALID TODAY AS OF 0600 PM LOCAL TIME.

CLIMATE NORMAL PERIOD 1981 TO 2010
CLIMATE RECORD PERIOD 1953 TO 2015


WEATHER ITEM   OBSERVED TIME   RECORD YEAR NORMAL DEPARTURE LAST
                VALUE   (LST)  VALUE       VALUE  FROM      YEAR
                                                  NORMAL
..................................................................
TEMPERATURE (F)
 TODAY
  MAXIMUM         57    200 PM  86    1993  61     -4       63
                                      1992
  MINIMUM         51    857 AM  40    2002  48      3       52
                                      1988
  AVERAGE         54                        54      0       58

PRECIPITATION (IN)
  TODAY            0.00          1.21 1974   0.09  -0.09     0.00
  MONTH TO DATE    0.28                      2.61  -2.33     4.50
  SINCE OCT 1     57.53                     59.90  -2.37    51.55
  SINCE JAN 1     26.11                     32.24  -6.13    39.44

DEGREE DAYS
 HEATING
  TODAY           11                        11      0        7
  MONTH TO DATE  264                       298    -34      197
  SINCE MAR 1   1199                      1376   -177     1179

 COOLING
  TODAY            0                         0      0        0
  MONTH TO DATE    0                         0      0       11
  SINCE MAR 1      0                         0      0       15
  SINCE JAN 1      0                         0      0       15
..................................................................


WIND (MPH)
  RESULTANT WIND SPEED   8   RESULTANT WIND DIRECTION   W (260)
  HIGHEST WIND SPEED    15   HIGHEST WIND DIRECTION     W (250)
  HIGHEST GUST SPEED    19   HIGHEST GUST DIRECTION     W (250)
  AVERAGE WIND SPEED     8.5


SKY COVER
  AVERAGE SKY COVER 1.0


WEATHER CONDITIONS
 THE FOLLOWING WEATHER WAS RECORDED TODAY.
  FOG


RELATIVE HUMIDITY (PERCENT)
 HIGHEST    96           100 AM
 LOWEST     72           200 PM
 AVERAGE    84

..........................................................


THE HOQUIAM WA AIRPORT CLIMATE NORMALS FOR TOMORROW
                         NORMAL    RECORD    YEAR
 MAXIMUM TEMPERATURE (F)   61        82      2005
 MINIMUM TEMPERATURE (F)   48        37      1972
                                             1964


SUNRISE AND SUNSET
MAY 24 2015...........SUNRISE   531 AM PDT   SUNSET   855 PM PDT
MAY 25 2015...........SUNRISE   530 AM PDT   SUNSET   856 PM PDT


-  INDICATES NEGATIVE NUMBERS.
R  INDICATES RECORD WAS SET OR TIED.
MM INDICATES DATA IS MISSING.
T  INDICATES TRACE AMOUNT.




$$
