000
CDUS46 KSEW 300843
CLIHQM


CLIMATE REPORT
NATIONAL WEATHER SERVICE SEATTLE WA
143 AM PDT THU MAR 30 2017


...................................

...THE HOQUIAM WA AIRPORT CLIMATE SUMMARY FOR MARCH 29 2017...

CLIMATE NORMAL PERIOD 1981 TO 2010
CLIMATE RECORD PERIOD 1953 TO 2017


WEATHER ITEM   OBSERVED TIME   RECORD YEAR NORMAL DEPARTURE LAST
                VALUE   (LST)  VALUE       VALUE  FROM      YEAR
                                                  NORMAL
..................................................................
TEMPERATURE (F)
 YESTERDAY
  MAXIMUM         52    132 PM  74    1964  54     -2       60
  MINIMUM         45   1159 PM  28    1954  41      4       34
  AVERAGE         49                        47      2       47

PRECIPITATION (IN)
  YESTERDAY        1.00          1.59 2012   0.22   0.78     0.00
  MONTH TO DATE   15.81                      6.56   9.25    13.25
  SINCE OCT 1     70.14                     51.76  18.38    69.19
  SINCE JAN 1     28.60                     24.10   4.50    35.77

DEGREE DAYS
 HEATING
  YESTERDAY       16                        18     -2       18
  MONTH TO DATE  566                       551     15      501
  SINCE MAR 1    566                       551     15      501

 COOLING
  YESTERDAY        0                         0      0        0
  MONTH TO DATE    0                         0      0        0
  SINCE MAR 1      0                         0      0        0
  SINCE JAN 1      0                         0      0        0
..................................................................


WIND (MPH)
  RESULTANT WIND SPEED   7   RESULTANT WIND DIRECTION  SW (220)
  HIGHEST WIND SPEED    30   HIGHEST WIND DIRECTION     S (200)
  HIGHEST GUST SPEED    35   HIGHEST GUST DIRECTION     S (200)
  AVERAGE WIND SPEED    16.9


SKY COVER
  AVERAGE SKY COVER 1.0


WEATHER CONDITIONS
 THE FOLLOWING WEATHER WAS RECORDED YESTERDAY.
  RAIN
  LIGHT RAIN
  FOG


RELATIVE HUMIDITY (PERCENT)
 HIGHEST   100          1200 AM
 LOWEST     74           400 PM
 AVERAGE    87

..........................................................


THE HOQUIAM WA AIRPORT CLIMATE NORMALS FOR TODAY
                         NORMAL    RECORD    YEAR
 MAXIMUM TEMPERATURE (F)   54        71      2013
 MINIMUM TEMPERATURE (F)   41        28      1954


SUNRISE AND SUNSET
MARCH 30 2017.........SUNRISE   658 AM PDT   SUNSET   743 PM PDT
MARCH 31 2017.........SUNRISE   656 AM PDT   SUNSET   744 PM PDT


-  INDICATES NEGATIVE NUMBERS.
R  INDICATES RECORD WAS SET OR TIED.
MM INDICATES DATA IS MISSING.
T  INDICATES TRACE AMOUNT.




$$
