000
CDUS44 KBRO 220734
CLIHRL


CLIMATE REPORT
NATIONAL WEATHER SERVICE BROWNSVILLE TX
133 AM CST SAT NOV 22 2014


...................................

...THE HARLINGEN CLIMATE SUMMARY FOR NOVEMBER 21 2014...

CLIMATE NORMAL PERIOD 1981 TO 2010
CLIMATE RECORD PERIOD 1912 TO 2014


WEATHER ITEM   OBSERVED TIME   RECORD YEAR NORMAL DEPARTURE LAST
                VALUE   (LST)  VALUE       VALUE  FROM      YEAR
                                                  NORMAL
..................................................................
TEMPERATURE (F)
 YESTERDAY
  MAXIMUM         79    338 PM  90    2007  78      1       89
                                      1994
                                      1946
  MINIMUM         67    446 AM  31    1969  56     11       MM
  AVERAGE         73                        67      6       MM

PRECIPITATION (IN)
  YESTERDAY        0.10          2.80 1998   0.03   0.07     0.00
  MONTH TO DATE    3.15                      1.19   1.96     1.72
  SINCE SEP 1     13.18                      9.40   3.78    11.69
  SINCE JAN 1     19.83                     23.61  -3.78    23.53

SNOWFALL (IN)
  YESTERDAY        0.0
  MONTH TO DATE    0.0
  SINCE SEP 1      0.0
  SINCE JUL 1      0.0

DEGREE DAYS
 HEATING
  YESTERDAY        0                         3     -3       MM
  MONTH TO DATE  111                        24     87       23
  SINCE SEP 1    111                        27     84       23
  SINCE JUL 1    111                        27     84       23

 COOLING
  YESTERDAY        8                         4      4       MM
  MONTH TO DATE   56                       127    -71      114
  SINCE SEP 1    910                       979    -69      994
  SINCE JAN 1   3807                      3903    -96     4011
..................................................................


WIND (MPH)
  HIGHEST WIND SPEED    26   HIGHEST WIND DIRECTION    SE (150)
  HIGHEST GUST SPEED    32   HIGHEST GUST DIRECTION    SE (150)
  AVERAGE WIND SPEED    12.1



WEATHER CONDITIONS
 THE FOLLOWING WEATHER WAS RECORDED YESTERDAY.
  RAIN
  LIGHT RAIN
  FOG


RELATIVE HUMIDITY (PERCENT)
 HIGHEST    97
 LOWEST     67
 AVERAGE    82

..........................................................


THE HARLINGEN CLIMATE NORMALS FOR TODAY
                         NORMAL    RECORD    YEAR
 MAXIMUM TEMPERATURE (F)   77        91      2011
 MINIMUM TEMPERATURE (F)   55        33      1969


SUNRISE AND SUNSET
NOVEMBER 22 2014......SUNRISE   654 AM CST   SUNSET   539 PM CST
NOVEMBER 23 2014......SUNRISE   655 AM CST   SUNSET   539 PM CST


-  INDICATES NEGATIVE NUMBERS.
R  INDICATES RECORD WAS SET OR TIED.
MM INDICATES DATA IS MISSING.
T  INDICATES TRACE AMOUNT.




$$
