000
CDUS44 KBRO 020731
CLIHRL


CLIMATE REPORT
NATIONAL WEATHER SERVICE BROWNSVILLE TX
129 AM CST FRI DEC 2 2016


...................................

...THE HARLINGEN CLIMATE SUMMARY FOR DECEMBER 1 2016...

CLIMATE NORMAL PERIOD 1981 TO 2010
CLIMATE RECORD PERIOD 1912 TO 2016


WEATHER ITEM   OBSERVED TIME   RECORD YEAR NORMAL DEPARTURE LAST
                VALUE   (LST)  VALUE       VALUE  FROM      YEAR
                                                  NORMAL
..................................................................
TEMPERATURE (F)
 YESTERDAY
  MAXIMUM         75    256 PM  90    1942  74      1       62
  MINIMUM         55    246 AM  30    1957  53      2       57
  AVERAGE         65                        64      1       60

PRECIPITATION (IN)
  YESTERDAY        0.00          1.00 2009   0.04  -0.04     0.02
  MONTH TO DATE    0.00                      0.04  -0.04     0.02
  SINCE DEC 1      0.00                      0.04  -0.04     0.02
  SINCE JAN 1     20.26                     23.96  -3.70    32.92

SNOWFALL (IN)
  YESTERDAY        0.0
  MONTH TO DATE    0.0
  SINCE DEC 1      0.0
  SINCE JUL 1      0.0

DEGREE DAYS
 HEATING
  YESTERDAY        0                         4     -4        5
  MONTH TO DATE    0                         4     -4        5
  SINCE DEC 1      0                         4     -4        5
  SINCE JUL 1     15                        61    -46       41

 COOLING
  YESTERDAY        0                         3     -3        0
  MONTH TO DATE    0                         3     -3        0
  SINCE DEC 1      0                         3     -3        0
  SINCE JAN 1   4638                      3937    701     4244
..................................................................


WIND (MPH)
  HIGHEST WIND SPEED    18   HIGHEST WIND DIRECTION     E (110)
  HIGHEST GUST SPEED    22   HIGHEST GUST DIRECTION     E (110)
  AVERAGE WIND SPEED     8.3



WEATHER CONDITIONS
 THE FOLLOWING WEATHER WAS RECORDED YESTERDAY.
  NO SIGNIFICANT WEATHER WAS OBSERVED.


RELATIVE HUMIDITY (PERCENT)
 HIGHEST    93
 LOWEST     60
 AVERAGE    77

..........................................................


THE HARLINGEN CLIMATE NORMALS FOR TODAY
                         NORMAL    RECORD    YEAR
 MAXIMUM TEMPERATURE (F)   74        91      1921
 MINIMUM TEMPERATURE (F)   53        36      1972


SUNRISE AND SUNSET
DECEMBER  2 2016......SUNRISE   702 AM CST   SUNSET   538 PM CST
DECEMBER  3 2016......SUNRISE   703 AM CST   SUNSET   538 PM CST


-  INDICATES NEGATIVE NUMBERS.
R  INDICATES RECORD WAS SET OR TIED.
MM INDICATES DATA IS MISSING.
T  INDICATES TRACE AMOUNT.




$$
