000
CDUS44 KBRO 232236
CLIHRL


CLIMATE REPORT
NATIONAL WEATHER SERVICE BROWNSVILLE TX
435 PM CST MON JAN 23 2017


...................................

...THE HARLINGEN CLIMATE SUMMARY FOR JANUARY 23 2017...
VALID TODAY AS OF 0400 PM LOCAL TIME.

CLIMATE NORMAL PERIOD 1981 TO 2010
CLIMATE RECORD PERIOD 1912 TO 2017


WEATHER ITEM   OBSERVED TIME   RECORD YEAR NORMAL DEPARTURE LAST
                VALUE   (LST)  VALUE       VALUE  FROM      YEAR
                                                  NORMAL
..................................................................
TEMPERATURE (F)
 TODAY
  MAXIMUM         80    340 PM  90    1943  71      9       69
                                      1957
  MINIMUM         47    718 AM  22    1930  50     -3       36
  AVERAGE         64                        61      3       53

PRECIPITATION (IN)
  TODAY            0.00          1.17 1975   0.05  -0.05     0.00
  MONTH TO DATE    0.84                      0.71   0.13     1.81
  SINCE DEC 1      2.17                      1.97   0.20     2.11
  SINCE JAN 1      0.84                      0.71   0.13     1.81

SNOWFALL (IN)
  TODAY            0.0
  MONTH TO DATE    0.0
  SINCE DEC 1      0.0
  SINCE JUL 1      0.0
  SNOW DEPTH       0

DEGREE DAYS
 HEATING
  TODAY            1                         6     -5       12
  MONTH TO DATE   65                       154    -89      157
  SINCE DEC 1    167                       345   -178      232
  SINCE JUL 1    182                       402   -220      268

 COOLING
  TODAY            0                         2     -2        0
  MONTH TO DATE  115                        42     73       12
  SINCE DEC 1    272                       100    172      145
  SINCE JAN 1    115                        42     73       12
..................................................................


WIND (MPH)
  HIGHEST WIND SPEED    13   HIGHEST WIND DIRECTION     S (200)
  HIGHEST GUST SPEED    15   HIGHEST GUST DIRECTION     S (200)
  AVERAGE WIND SPEED     7.6



WEATHER CONDITIONS
 THE FOLLOWING WEATHER WAS RECORDED TODAY.
  NO SIGNIFICANT WEATHER WAS OBSERVED.


RELATIVE HUMIDITY (PERCENT)
 HIGHEST    66
 LOWEST     19
 AVERAGE    43

..........................................................


THE HARLINGEN CLIMATE NORMALS FOR TOMORROW
                         NORMAL    RECORD    YEAR
 MAXIMUM TEMPERATURE (F)   71        94      2001
 MINIMUM TEMPERATURE (F)   50        22      1963


SUNRISE AND SUNSET
JANUARY 23 2017.......SUNRISE   718 AM CST   SUNSET   607 PM CST
JANUARY 24 2017.......SUNRISE   718 AM CST   SUNSET   608 PM CST


-  INDICATES NEGATIVE NUMBERS.
R  INDICATES RECORD WAS SET OR TIED.
MM INDICATES DATA IS MISSING.
T  INDICATES TRACE AMOUNT.




$$
