000
CDUS44 KBRO 262226
CLIHRL


CLIMATE REPORT
NATIONAL WEATHER SERVICE BROWNSVILLE TX
426 PM CST SUN FEB 26 2017


...................................

...THE HARLINGEN CLIMATE SUMMARY FOR FEBRUARY 26 2017...
VALID TODAY AS OF 0400 PM LOCAL TIME.

CLIMATE NORMAL PERIOD 1981 TO 2010
CLIMATE RECORD PERIOD 1912 TO 2017


WEATHER ITEM   OBSERVED TIME   RECORD YEAR NORMAL DEPARTURE LAST
                VALUE   (LST)  VALUE       VALUE  FROM      YEAR
                                                  NORMAL
..................................................................
TEMPERATURE (F)
 TODAY
  MAXIMUM         86    148 PM  95    1913  76     10       77
  MINIMUM         63   1200 AM  30    1914  54      9       44
  AVERAGE         75                        65     10       61

PRECIPITATION (IN)
  TODAY            T             2.17 1983   0.03  -0.03     0.00
  MONTH TO DATE    0.41                      1.34  -0.93     0.00
  SINCE DEC 1      2.64                      3.66  -1.02     2.21
  SINCE JAN 1      1.31                      2.40  -1.09     1.91

SNOWFALL (IN)
  TODAY            0.0
  MONTH TO DATE    0.0
  SINCE DEC 1      0.0
  SINCE JUL 1      0.0
  SNOW DEPTH       0

DEGREE DAYS
 HEATING
  TODAY            0                         3     -3        4
  MONTH TO DATE    9                       113   -104       65
  SINCE DEC 1    215                       504   -289      338
  SINCE JUL 1    230                       561   -331      374

 COOLING
  TODAY           10                         3      7        0
  MONTH TO DATE  209                        69    140       99
  SINCE DEC 1    497                       176    321      260
  SINCE JAN 1    340                       118    222      127
..................................................................


WIND (MPH)
  HIGHEST WIND SPEED    28   HIGHEST WIND DIRECTION    SE (150)
  HIGHEST GUST SPEED    32   HIGHEST GUST DIRECTION     S (160)
  AVERAGE WIND SPEED    14.4



WEATHER CONDITIONS
 THE FOLLOWING WEATHER WAS RECORDED TODAY.
  LIGHT RAIN


RELATIVE HUMIDITY (PERCENT)
 HIGHEST   100
 LOWEST     55
 AVERAGE    78

..........................................................


THE HARLINGEN CLIMATE NORMALS FOR TOMORROW
                         NORMAL    RECORD    YEAR
 MAXIMUM TEMPERATURE (F)   76        96      1939
 MINIMUM TEMPERATURE (F)   55        30      1935


SUNRISE AND SUNSET
FEBRUARY 26 2017......SUNRISE   657 AM CST   SUNSET   631 PM CST
FEBRUARY 27 2017......SUNRISE   656 AM CST   SUNSET   631 PM CST


-  INDICATES NEGATIVE NUMBERS.
R  INDICATES RECORD WAS SET OR TIED.
MM INDICATES DATA IS MISSING.
T  INDICATES TRACE AMOUNT.




$$
