238
CDUS44 KBRO 210729
CLIHRL


CLIMATE REPORT
NATIONAL WEATHER SERVICE BROWNSVILLE TX
129 AM CST SUN JAN 21 2018


...................................

...THE HARLINGEN CLIMATE SUMMARY FOR JANUARY 20 2018...

CLIMATE NORMAL PERIOD 1981 TO 2010
CLIMATE RECORD PERIOD 1912 TO 2018


WEATHER ITEM   OBSERVED TIME   RECORD YEAR NORMAL DEPARTURE LAST
                VALUE   (LST)  VALUE       VALUE  FROM      YEAR
                                                  NORMAL
..................................................................
TEMPERATURE (F)
 YESTERDAY
  MAXIMUM         80    344 PM  86    1929  71      9       81
                                      1950
  MINIMUM         52    640 AM  28    1943  50      2       60
  AVERAGE         66                        60      6       71

PRECIPITATION (IN)
  YESTERDAY        0.00          0.93 1968   0.04  -0.04     0.00
  MONTH TO DATE    0.23                      0.56  -0.33     0.84
  SINCE DEC 1      1.24                      1.82  -0.58     2.17
  SINCE JAN 1      0.23                      0.56  -0.33     0.84

SNOWFALL (IN)
  YESTERDAY        0.0
  MONTH TO DATE    T
  SINCE DEC 1      1.0
  SINCE JUL 1      1.0

DEGREE DAYS
 HEATING
  YESTERDAY        0                         6     -6        0
  MONTH TO DATE  249                       136    113       64
  SINCE DEC 1    476                       327    149      166
  SINCE JUL 1    519                       384    135      181

 COOLING
  YESTERDAY        1                         1      0        6
  MONTH TO DATE    8                        38    -30      100
  SINCE DEC 1     93                        96     -3      257
  SINCE JAN 1      8                        38    -30      100
..................................................................


WIND (MPH)
  HIGHEST WIND SPEED    26   HIGHEST WIND DIRECTION     S (180)
  HIGHEST GUST SPEED    32   HIGHEST GUST DIRECTION     S (180)
  AVERAGE WIND SPEED     9.6



WEATHER CONDITIONS
 THE FOLLOWING WEATHER WAS RECORDED YESTERDAY.
  FOG
  FOG W/VISIBILITY <= 1/4 MILE


RELATIVE HUMIDITY (PERCENT)
 HIGHEST   100
 LOWEST     54
 AVERAGE    77

..........................................................


THE HARLINGEN CLIMATE NORMALS FOR TODAY
                         NORMAL    RECORD    YEAR
 MAXIMUM TEMPERATURE (F)   71        92      2017
 MINIMUM TEMPERATURE (F)   50        26      1985


SUNRISE AND SUNSET
JANUARY 21 2018.......SUNRISE   719 AM CST   SUNSET   605 PM CST
JANUARY 22 2018.......SUNRISE   719 AM CST   SUNSET   606 PM CST


-  INDICATES NEGATIVE NUMBERS.
R  INDICATES RECORD WAS SET OR TIED.
MM INDICATES DATA IS MISSING.
T  INDICATES TRACE AMOUNT.




$$
