000
CDUS44 KBRO 302126
CLIHRL


CLIMATE REPORT
NATIONAL WEATHER SERVICE BROWNSVILLE TX
425 PM CDT TUE JUN 30 2015


...................................

...THE HARLINGEN CLIMATE SUMMARY FOR JUNE 30 2015...
VALID TODAY AS OF 0400 PM LOCAL TIME.

CLIMATE NORMAL PERIOD 1981 TO 2010
CLIMATE RECORD PERIOD 1912 TO 2015


WEATHER ITEM   OBSERVED TIME   RECORD YEAR NORMAL DEPARTURE LAST
                VALUE   (LST)  VALUE       VALUE  FROM      YEAR
                                                  NORMAL
..................................................................
TEMPERATURE (F)
 TODAY
  MAXIMUM         87    848 AM 101    2013  94     -7       97
                                      1937
  MINIMUM         75   1044 AM  64    1974  75      0       77
  AVERAGE         81                        85     -4       87

PRECIPITATION (IN)
  TODAY            0.51          3.43 2010   0.09   0.42     0.00
  MONTH TO DATE    2.21                      2.50  -0.29     0.29
  SINCE JUN 1      2.21                      2.50  -0.29     0.29
  SINCE JAN 1     14.71                     10.42   4.29     5.13

SNOWFALL (IN)
  TODAY            0.0
  MONTH TO DATE    0.0
  SINCE JUN 1      0.0
  SINCE JUL 1      0.0
  SNOW DEPTH       0

DEGREE DAYS
 HEATING
  TODAY            0                         0      0        0
  MONTH TO DATE    0                         0      0        0
  SINCE JUN 1      0                         0      0        0
  SINCE JUL 1    767                       622    145      930

 COOLING
  TODAY           16                        20     -4       22
  MONTH TO DATE  566                       568     -2      622
  SINCE JUN 1    566                       568     -2      622
  SINCE JAN 1   1650                      1669    -19     1558
..................................................................


WIND (MPH)
  HIGHEST WIND SPEED    32   HIGHEST WIND DIRECTION     S (170)
  HIGHEST GUST SPEED    40   HIGHEST GUST DIRECTION     S (170)
  AVERAGE WIND SPEED     8.5



WEATHER CONDITIONS
 THE FOLLOWING WEATHER WAS RECORDED TODAY.
  THUNDERSTORM
  HEAVY RAIN
  RAIN
  LIGHT RAIN
  FOG


RELATIVE HUMIDITY (PERCENT)
 HIGHEST    94
 LOWEST     70
 AVERAGE    82

..........................................................


THE HARLINGEN CLIMATE NORMALS FOR TOMORROW
                         NORMAL    RECORD    YEAR
 MAXIMUM TEMPERATURE (F)   94       101      1937
 MINIMUM TEMPERATURE (F)   75        64      1924


SUNRISE AND SUNSET
JUNE 30 2015..........SUNRISE   641 AM CDT   SUNSET   827 PM CDT
JULY  1 2015..........SUNRISE   642 AM CDT   SUNSET   827 PM CDT


-  INDICATES NEGATIVE NUMBERS.
R  INDICATES RECORD WAS SET OR TIED.
MM INDICATES DATA IS MISSING.
T  INDICATES TRACE AMOUNT.




$$
