000
CDUS44 KBRO 252226
CLIHRL


CLIMATE REPORT
NATIONAL WEATHER SERVICE BROWNSVILLE TX
426 PM CST TUE NOV 25 2014


...................................

...THE HARLINGEN CLIMATE SUMMARY FOR NOVEMBER 25 2014...
VALID TODAY AS OF 0400 PM LOCAL TIME.

CLIMATE NORMAL PERIOD 1981 TO 2010
CLIMATE RECORD PERIOD 1912 TO 2014


WEATHER ITEM   OBSERVED TIME   RECORD YEAR NORMAL DEPARTURE LAST
                VALUE   (LST)  VALUE       VALUE  FROM      YEAR
                                                  NORMAL
..................................................................
TEMPERATURE (F)
 TODAY
  MAXIMUM         70   1245 PM  91    1942  76     -6       46
  MINIMUM         55    829 AM  33    1938  55      0       42
  AVERAGE         63                        65     -2       44

PRECIPITATION (IN)
  TODAY            0.00          1.10 1929   0.04  -0.04     0.63
  MONTH TO DATE    5.11                      1.31   3.80     7.18
  SINCE SEP 1     15.14                      9.52   5.62    17.15
  SINCE JAN 1     21.79                     23.73  -1.94    28.99

SNOWFALL (IN)
  TODAY            0.0
  MONTH TO DATE    0.0
  SINCE SEP 1      0.0
  SINCE JUL 1      0.0
  SNOW DEPTH       0

DEGREE DAYS
 HEATING
  TODAY            2                         3     -1       21
  MONTH TO DATE  117                        36     81       81
  SINCE SEP 1    117                        39     78       81
  SINCE JUL 1    117                        39     78       81

 COOLING
  TODAY            0                         4     -4        0
  MONTH TO DATE   68                       143    -75      116
  SINCE SEP 1    922                       995    -73      996
  SINCE JAN 1   3819                      3919   -100     4013
..................................................................


WIND (MPH)
  HIGHEST WIND SPEED    20   HIGHEST WIND DIRECTION     N (360)
  HIGHEST GUST SPEED    24   HIGHEST GUST DIRECTION     N (350)
  AVERAGE WIND SPEED     9.7



WEATHER CONDITIONS
 THE FOLLOWING WEATHER WAS RECORDED TODAY.
  NO SIGNIFICANT WEATHER WAS OBSERVED.


RELATIVE HUMIDITY (PERCENT)
 HIGHEST    86
 LOWEST     32
 AVERAGE    59

..........................................................


THE HARLINGEN CLIMATE NORMALS FOR TOMORROW
                         NORMAL    RECORD    YEAR
 MAXIMUM TEMPERATURE (F)   76        94      1965
 MINIMUM TEMPERATURE (F)   54        36      1999
                                             1993
                                             1974


SUNRISE AND SUNSET
NOVEMBER 25 2014......SUNRISE   657 AM CST   SUNSET   538 PM CST
NOVEMBER 26 2014......SUNRISE   657 AM CST   SUNSET   538 PM CST


-  INDICATES NEGATIVE NUMBERS.
R  INDICATES RECORD WAS SET OR TIED.
MM INDICATES DATA IS MISSING.
T  INDICATES TRACE AMOUNT.




$$
