000
CDUS44 KBRO 272145
CLIHRL


CLIMATE REPORT
NATIONAL WEATHER SERVICE BROWNSVILLE TX
445 PM CDT MON JUL 27 2015


...................................

...THE HARLINGEN CLIMATE SUMMARY FOR JULY 27 2015...
VALID TODAY AS OF 0400 PM LOCAL TIME.

CLIMATE NORMAL PERIOD 1981 TO 2010
CLIMATE RECORD PERIOD 1912 TO 2015


WEATHER ITEM   OBSERVED TIME   RECORD YEAR NORMAL DEPARTURE LAST
                VALUE   (LST)  VALUE       VALUE  FROM      YEAR
                                                  NORMAL
..................................................................
TEMPERATURE (F)
 TODAY
  MAXIMUM         99    122 PM 105    1954  96      3       99
  MINIMUM         78    549 AM  68    1926  75      3       77
  AVERAGE         89                        85      4       88

PRECIPITATION (IN)
  TODAY            0.00          1.32 1916   0.04  -0.04     0.00
  MONTH TO DATE    1.12                      1.74  -0.62     0.59
  SINCE JUN 1      3.33                      4.24  -0.91     0.88
  SINCE JAN 1     15.83                     12.16   3.67     5.72

SNOWFALL (IN)
  TODAY            0.0
  MONTH TO DATE    0.0
  SINCE JUN 1      0.0
  SINCE JUL 1      0.0
  SNOW DEPTH       0

DEGREE DAYS
 HEATING
  TODAY            0                         0      0        0
  MONTH TO DATE    0                         0      0        0
  SINCE JUN 1      0                         0      0        0
  SINCE JUL 1      0                         0      0        0

 COOLING
  TODAY           24                        20      4       23
  MONTH TO DATE  566                       540     26      559
  SINCE JUN 1   1133                      1108     25     1181
  SINCE JAN 1   2217                      2209      8     2117
..................................................................


WIND (MPH)
  HIGHEST WIND SPEED    25   HIGHEST WIND DIRECTION     S (160)
  HIGHEST GUST SPEED    33   HIGHEST GUST DIRECTION    SE (140)
  AVERAGE WIND SPEED    14.4



WEATHER CONDITIONS
 THE FOLLOWING WEATHER WAS RECORDED TODAY.
  NO SIGNIFICANT WEATHER WAS OBSERVED.


RELATIVE HUMIDITY (PERCENT)
 HIGHEST    97
 LOWEST     45
 AVERAGE    71

..........................................................


THE HARLINGEN CLIMATE NORMALS FOR TOMORROW
                         NORMAL    RECORD    YEAR
 MAXIMUM TEMPERATURE (F)   96       107      1954
 MINIMUM TEMPERATURE (F)   75        68      1922


SUNRISE AND SUNSET
JULY 27 2015..........SUNRISE   654 AM CDT   SUNSET   820 PM CDT
JULY 28 2015..........SUNRISE   654 AM CDT   SUNSET   820 PM CDT


-  INDICATES NEGATIVE NUMBERS.
R  INDICATES RECORD WAS SET OR TIED.
MM INDICATES DATA IS MISSING.
T  INDICATES TRACE AMOUNT.




$$
