000
CDUS44 KLZK 190636
CLIHRO


CLIMATE REPORT
NATIONAL WEATHER SERVICE LITTLE ROCK AR
1236 AM CST THU JAN 19 2017


...................................

...THE HARRISON CLIMATE SUMMARY FOR JANUARY 18 2017...

CLIMATE NORMAL PERIOD 1981 TO 2010
CLIMATE RECORD PERIOD 1891 TO 2017


WEATHER ITEM   OBSERVED TIME   RECORD YEAR NORMAL DEPARTURE LAST
                VALUE   (LST)  VALUE       VALUE  FROM      YEAR
                                                  NORMAL
..................................................................
TEMPERATURE (F)
 YESTERDAY
  MAXIMUM         44    416 PM  71    1951  47     -3       28
  MINIMUM         35    351 AM -18    1930  26      9        7
  AVERAGE         40                        36      4       18

PRECIPITATION (IN)
  YESTERDAY        0.00          1.50 1956   0.08  -0.08     0.01
  MONTH TO DATE    1.44                      1.52  -0.08     0.80
  SINCE DEC 1      2.76                      4.72  -1.96     9.24
  SINCE JAN 1      1.44                      1.52  -0.08     0.80

SNOWFALL (IN)
  YESTERDAY        0.0           8.0  1892   0.1   -0.1      0.3
  MONTH TO DATE    0.4                       1.8   -1.4      0.5
  SINCE DEC 1      0.9                       3.1   -2.2      0.5
  SINCE JUL 1      0.9                       3.6   -2.7      0.5
  SNOW DEPTH       0

DEGREE DAYS
 HEATING
  YESTERDAY       25                        29     -4       47
  MONTH TO DATE  495                       522    -27      539
  SINCE DEC 1   1304                      1357    -53     1100
  SINCE JUL 1   1754                      2121   -367     1686

 COOLING
  YESTERDAY        0                         0      0        0
  MONTH TO DATE    0                         0      0        0
  SINCE DEC 1      0                         0      0        2
  SINCE JAN 1      0                         0      0        0
..................................................................


WIND (MPH)
  HIGHEST WIND SPEED    13   HIGHEST WIND DIRECTION    SE (130)
  HIGHEST GUST SPEED    15   HIGHEST GUST DIRECTION    SE (140)
  AVERAGE WIND SPEED     5.5


SKY COVER
  POSSIBLE SUNSHINE  MM
  AVERAGE SKY COVER 0.9


WEATHER CONDITIONS
 THE FOLLOWING WEATHER WAS RECORDED YESTERDAY.
  FOG
  FOG W/VISIBILITY <= 1/4 MILE


RELATIVE HUMIDITY (PERCENT)
 HIGHEST   100           300 AM
 LOWEST     89           100 PM
 AVERAGE    95

..........................................................


THE HARRISON CLIMATE NORMALS FOR TODAY
                         NORMAL    RECORD    YEAR
 MAXIMUM TEMPERATURE (F)   47        78      1952
 MINIMUM TEMPERATURE (F)   26       -13      1893


SUNRISE AND SUNSET
JANUARY 19 2017.......SUNRISE   722 AM CST   SUNSET   526 PM CST
JANUARY 20 2017.......SUNRISE   721 AM CST   SUNSET   527 PM CST


-  INDICATES NEGATIVE NUMBERS.
R  INDICATES RECORD WAS SET OR TIED.
MM INDICATES DATA IS MISSING.
T  INDICATES TRACE AMOUNT.




$$
