322
CDUS44 KLZK 180642
CLIHRO


CLIMATE REPORT
NATIONAL WEATHER SERVICE LITTLE ROCK AR
1242 AM CST SAT NOV 18 2017


...................................

...THE HARRISON CLIMATE SUMMARY FOR NOVEMBER 17 2017...

CLIMATE NORMAL PERIOD 1981 TO 2010
CLIMATE RECORD PERIOD 1891 TO 2017


WEATHER ITEM   OBSERVED TIME   RECORD YEAR NORMAL DEPARTURE LAST
                VALUE   (LST)  VALUE       VALUE  FROM      YEAR
                                                  NORMAL
..................................................................
TEMPERATURE (F)
 YESTERDAY
  MAXIMUM         70   1159 PM  79    2016  58     12       79
  MINIMUM         50   1206 AM   8    1959  38     12       58
  AVERAGE         60                        48     12       69

PRECIPITATION (IN)
  YESTERDAY        0.00          2.18 1991   0.15  -0.15     0.00
  MONTH TO DATE    0.69                      2.49  -1.80     0.38
  SINCE SEP 1      3.73                     10.24  -6.51     4.85
  SINCE JAN 1     38.91                     39.20  -0.29    33.13

SNOWFALL (IN)
  YESTERDAY        0.0           6.0  1926   0.0    0.0      0.0
  MONTH TO DATE    0.0                       0.0    0.0      0.0
  SINCE SEP 1      0.0                       0.1   -0.1      0.0
  SINCE JUL 1      0.0                       0.1   -0.1      0.0
  SNOW DEPTH       0

DEGREE DAYS
 HEATING
  YESTERDAY        5                        17    -12        0
  MONTH TO DATE  214                       238    -24      126
  SINCE SEP 1    413                       502    -89      213
  SINCE JUL 1    413                       503    -90      213

 COOLING
  YESTERDAY        0                         0      0        4
  MONTH TO DATE   14                         0     14       24
  SINCE SEP 1    301                       201    100      336
  SINCE JAN 1   1406                      1412     -6     1647
..................................................................


WIND (MPH)
  HIGHEST WIND SPEED    21   HIGHEST WIND DIRECTION     S (190)
  HIGHEST GUST SPEED    32   HIGHEST GUST DIRECTION     S (180)
  AVERAGE WIND SPEED    13.5


SKY COVER
  POSSIBLE SUNSHINE  MM
  AVERAGE SKY COVER 0.7


WEATHER CONDITIONS
 THE FOLLOWING WEATHER WAS RECORDED YESTERDAY.
  NO SIGNIFICANT WEATHER WAS OBSERVED.


RELATIVE HUMIDITY (PERCENT)
 HIGHEST    90           200 PM
 LOWEST     71          1200 AM
 AVERAGE    81

..........................................................


THE HARRISON CLIMATE NORMALS FOR TODAY
                         NORMAL    RECORD    YEAR
 MAXIMUM TEMPERATURE (F)   58        84      1908
 MINIMUM TEMPERATURE (F)   37        10      1903


SUNRISE AND SUNSET
NOVEMBER 18 2017......SUNRISE   653 AM CST   SUNSET   502 PM CST
NOVEMBER 19 2017......SUNRISE   654 AM CST   SUNSET   502 PM CST


-  INDICATES NEGATIVE NUMBERS.
R  INDICATES RECORD WAS SET OR TIED.
MM INDICATES DATA IS MISSING.
T  INDICATES TRACE AMOUNT.




$$
