000
CDUS44 KLZK 300912
CLIHRO


CLIMATE REPORT
NATIONAL WEATHER SERVICE LITTLE ROCK AR
411 AM CDT THU JUL 30 2015


...................................

...THE HARRISON CLIMATE SUMMARY FOR JULY 29 2015...

CLIMATE NORMAL PERIOD 1981 TO 2010
CLIMATE RECORD PERIOD 1891 TO 2015


WEATHER ITEM   OBSERVED TIME   RECORD YEAR NORMAL DEPARTURE LAST
                VALUE   (LST)  VALUE       VALUE  FROM      YEAR
                                                  NORMAL
..................................................................
TEMPERATURE (F)
 YESTERDAY
  MAXIMUM         93    418 PM 107    1986  90      3       83
  MINIMUM         74   1156 PM  56    1965  68      6       57
  AVERAGE         84                        79      5       70

PRECIPITATION (IN)
  YESTERDAY        0.00          1.95 1900   0.10  -0.10     0.00
  MONTH TO DATE    6.62                      2.93   3.69     3.17
  SINCE JUN 1     12.14                      7.17   4.97     8.05
  SINCE JAN 1     35.09                     25.17   9.92    23.36

SNOWFALL (IN)
  YESTERDAY        0.0          MM      MM   0.0    0.0      0.0
  MONTH TO DATE    0.0                       0.0    0.0      0.0
  SINCE JUN 1      0.0                       0.0    0.0      0.0
  SINCE JUL 1      0.0                       0.0    0.0      0.0
  SNOW DEPTH       0

DEGREE DAYS
 HEATING
  YESTERDAY        0                         0      0        0
  MONTH TO DATE    0                         0      0        1
  SINCE JUN 1      0                         6     -6        1
  SINCE JUL 1      0                         0      0        1

 COOLING
  YESTERDAY       19                        14      5        5
  MONTH TO DATE  442                       387     55      264
  SINCE JUN 1    771                       652    119      539
  SINCE JAN 1    895                       791    104      726
..................................................................


WIND (MPH)
  HIGHEST WIND SPEED    14   HIGHEST WIND DIRECTION     N (20)
  HIGHEST GUST SPEED    20   HIGHEST GUST DIRECTION     N (20)
  AVERAGE WIND SPEED     3.6


SKY COVER
  POSSIBLE SUNSHINE  MM
  AVERAGE SKY COVER 0.1


WEATHER CONDITIONS
 THE FOLLOWING WEATHER WAS RECORDED YESTERDAY.
  NO SIGNIFICANT WEATHER WAS OBSERVED.


RELATIVE HUMIDITY (PERCENT)
 HIGHEST    94          1200 AM
 LOWEST     41           300 PM
 AVERAGE    68

..........................................................


THE HARRISON CLIMATE NORMALS FOR TODAY
                         NORMAL    RECORD    YEAR
 MAXIMUM TEMPERATURE (F)   90       106      1986
 MINIMUM TEMPERATURE (F)   68        54      1925


SUNRISE AND SUNSET
JULY 30 2015..........SUNRISE   618 AM CDT   SUNSET   820 PM CDT
JULY 31 2015..........SUNRISE   618 AM CDT   SUNSET   819 PM CDT


-  INDICATES NEGATIVE NUMBERS.
R  INDICATES RECORD WAS SET OR TIED.
MM INDICATES DATA IS MISSING.
T  INDICATES TRACE AMOUNT.




$$
