000
CDUS44 KLZK 270907
CLIHRO


CLIMATE REPORT
NATIONAL WEATHER SERVICE LITTLE ROCK AR
407 AM CDT WED MAY 27 2015


...................................

...THE HARRISON CLIMATE SUMMARY FOR MAY 26 2015...

CLIMATE NORMAL PERIOD 1981 TO 2010
CLIMATE RECORD PERIOD 1891 TO 2015


WEATHER ITEM   OBSERVED TIME   RECORD YEAR NORMAL DEPARTURE LAST
                VALUE   (LST)  VALUE       VALUE  FROM      YEAR
                                                  NORMAL
..................................................................
TEMPERATURE (F)
 YESTERDAY
  MAXIMUM         79    441 PM  96    1926  79      0       83
  MINIMUM         59    527 AM  34    1925  58      1       64
  AVERAGE         69                        68      1       74

PRECIPITATION (IN)
  YESTERDAY        0.00          2.45 1939   0.13  -0.13     0.01
  MONTH TO DATE    9.06                      3.99   5.07     3.39
  SINCE MAR 1     17.76                     12.10   5.66    12.38
  SINCE JAN 1     21.30                     17.30   4.00    14.33

SNOWFALL (IN)
  YESTERDAY        0.0          MM      MM   0.0    0.0      0.0
  MONTH TO DATE    0.0                       0.0    0.0      0.0
  SINCE MAR 1      4.3                       2.3    2.0     10.0
  SINCE JUL 1     13.6                      11.5    2.1     25.8
  SNOW DEPTH       0

DEGREE DAYS
 HEATING
  YESTERDAY        0                         1     -1        0
  MONTH TO DATE   54                        72    -18       99
  SINCE MAR 1    757                       821    -64      930
  SINCE JUL 1   4152                      3993    159     4465

 COOLING
  YESTERDAY        4                         5     -1        9
  MONTH TO DATE   72                        78     -6      137
  SINCE MAR 1     97                       115    -18      155
  SINCE JAN 1     97                       115    -18      155
..................................................................


WIND (MPH)
  HIGHEST WIND SPEED    13   HIGHEST WIND DIRECTION    SW (240)
  HIGHEST GUST SPEED    18   HIGHEST GUST DIRECTION     W (250)
  AVERAGE WIND SPEED     6.3


SKY COVER
  POSSIBLE SUNSHINE  MM
  AVERAGE SKY COVER 0.4


WEATHER CONDITIONS
 THE FOLLOWING WEATHER WAS RECORDED YESTERDAY.
  LIGHT RAIN


RELATIVE HUMIDITY (PERCENT)
 HIGHEST   100           200 AM
 LOWEST     54           400 PM
 AVERAGE    77

..........................................................


THE HARRISON CLIMATE NORMALS FOR TODAY
                         NORMAL    RECORD    YEAR
 MAXIMUM TEMPERATURE (F)   79        97      1926
 MINIMUM TEMPERATURE (F)   58        35      1901


SUNRISE AND SUNSET
MAY 27 2015...........SUNRISE   559 AM CDT   SUNSET   821 PM CDT
MAY 28 2015...........SUNRISE   558 AM CDT   SUNSET   822 PM CDT


-  INDICATES NEGATIVE NUMBERS.
R  INDICATES RECORD WAS SET OR TIED.
MM INDICATES DATA IS MISSING.
T  INDICATES TRACE AMOUNT.




$$
