000
CDUS44 KLZK 200903
CLIHRO


CLIMATE REPORT
NATIONAL WEATHER SERVICE LITTLE ROCK AR
402 AM CDT MON OCT 20 2014


...................................

...THE HARRISON CLIMATE SUMMARY FOR OCTOBER 19 2014...

CLIMATE NORMAL PERIOD 1981 TO 2010
CLIMATE RECORD PERIOD 1891 TO 2014


WEATHER ITEM   OBSERVED TIME   RECORD YEAR NORMAL DEPARTURE LAST
                VALUE   (LST)  VALUE       VALUE  FROM      YEAR
                                                  NORMAL
..................................................................
TEMPERATURE (F)
 YESTERDAY
  MAXIMUM         67    114 PM  89    1927  69     -2       57
  MINIMUM         41    649 AM  24    1925  47     -6       38
  AVERAGE         54                        58     -4       48

PRECIPITATION (IN)
  YESTERDAY        0.00          1.56 1971   0.12  -0.12     0.08
  MONTH TO DATE    4.83                      2.10   2.73     3.61
  SINCE SEP 1      9.98                      6.30   3.68     4.96
  SINCE JAN 1     36.66                     35.26   1.40    37.78

SNOWFALL (IN)
  YESTERDAY        0.0           T    1989   0.0    0.0      0.0
                                      1913
  MONTH TO DATE    0.0                       0.0    0.0      0.0
  SINCE SEP 1      0.0                       0.0    0.0      0.0
  SINCE JUL 1      0.0                       0.0    0.0      0.0
  SNOW DEPTH       0

DEGREE DAYS
 HEATING
  YESTERDAY       11                         8      3       17
  MONTH TO DATE   89                       109    -20       95
  SINCE SEP 1    122                       151    -29      102
  SINCE JUL 1    123                       152    -29      103

 COOLING
  YESTERDAY        0                         1     -1        0
  MONTH TO DATE   39                        25     14       47
  SINCE SEP 1    205                       193     12      270
  SINCE JAN 1   1335                      1404    -69     1414
..................................................................


WIND (MPH)
  HIGHEST WIND SPEED    13   HIGHEST WIND DIRECTION     S (160)
  HIGHEST GUST SPEED    16   HIGHEST GUST DIRECTION     S (160)
  AVERAGE WIND SPEED     3.3


SKY COVER
  POSSIBLE SUNSHINE  MM
  AVERAGE SKY COVER 0.0


WEATHER CONDITIONS
 THE FOLLOWING WEATHER WAS RECORDED YESTERDAY.
  FOG
  FOG W/VISIBILITY <= 1/4 MILE


RELATIVE HUMIDITY (PERCENT)
 HIGHEST   100           200 AM
 LOWEST     52           100 PM
 AVERAGE    76

..........................................................


THE HARRISON CLIMATE NORMALS FOR TODAY
                         NORMAL    RECORD    YEAR
 MAXIMUM TEMPERATURE (F)   69        87      1927
 MINIMUM TEMPERATURE (F)   47        27      1989


SUNRISE AND SUNSET
OCTOBER 20 2014.......SUNRISE   724 AM CDT   SUNSET   630 PM CDT
OCTOBER 21 2014.......SUNRISE   725 AM CDT   SUNSET   629 PM CDT


-  INDICATES NEGATIVE NUMBERS.
R  INDICATES RECORD WAS SET OR TIED.
MM INDICATES DATA IS MISSING.
T  INDICATES TRACE AMOUNT.




$$
