902
CDUS44 KLZK 220636
CLIHRO


CLIMATE REPORT
NATIONAL WEATHER SERVICE LITTLE ROCK AR
1235 AM CST MON JAN 22 2018


...................................

...THE HARRISON CLIMATE SUMMARY FOR JANUARY 21 2018...

CLIMATE NORMAL PERIOD 1981 TO 2010
CLIMATE RECORD PERIOD 1891 TO 2018


WEATHER ITEM   OBSERVED TIME   RECORD YEAR NORMAL DEPARTURE LAST
                VALUE   (LST)  VALUE       VALUE  FROM      YEAR
                                                  NORMAL
..................................................................
TEMPERATURE (F)
 YESTERDAY
  MAXIMUM         66   1217 PM  77    1909  47     19       68
  MINIMUM         53    602 AM  -3    1984  26     27       47
  AVERAGE         60                        37     23       58

PRECIPITATION (IN)
  YESTERDAY        1.58          3.05 1904   0.08   1.50     0.11
  MONTH TO DATE    2.40                      1.76   0.64     1.55
  SINCE DEC 1      4.28                      4.96  -0.68     2.87
  SINCE JAN 1      2.40                      1.76   0.64     1.55

SNOWFALL (IN)
  YESTERDAY        0.0          11.0  1926   0.2   -0.2      0.0
  MONTH TO DATE    1.5                       2.4   -0.9      0.4
  SINCE DEC 1      1.8                       3.7   -1.9      0.9
  SINCE JUL 1      1.8                       4.2   -2.4      0.9
  SNOW DEPTH       0

DEGREE DAYS
 HEATING
  YESTERDAY        5                        28    -23        7
  MONTH TO DATE  735                       608    127      529
  SINCE DEC 1   1514                      1443     71     1338
  SINCE JUL 1   2110                      2207    -97     1788

 COOLING
  YESTERDAY        0                         0      0        0
  MONTH TO DATE    0                         0      0        0
  SINCE DEC 1      0                         0      0        0
  SINCE JAN 1      0                         0      0        0
..................................................................


WIND (MPH)
  HIGHEST WIND SPEED    21   HIGHEST WIND DIRECTION    SE (150)
  HIGHEST GUST SPEED    30   HIGHEST GUST DIRECTION     S (200)
  AVERAGE WIND SPEED    11.1


SKY COVER
  POSSIBLE SUNSHINE  MM
  AVERAGE SKY COVER 0.7


WEATHER CONDITIONS
 THE FOLLOWING WEATHER WAS RECORDED YESTERDAY.
  THUNDERSTORM
  HEAVY RAIN
  RAIN
  LIGHT RAIN
  FOG


RELATIVE HUMIDITY (PERCENT)
 HIGHEST   100          1000 PM
 LOWEST     68          1200 PM
 AVERAGE    84

..........................................................


THE HARRISON CLIMATE NORMALS FOR TODAY
                         NORMAL    RECORD    YEAR
 MAXIMUM TEMPERATURE (F)   47        76      1909
 MINIMUM TEMPERATURE (F)   26       -14      1930


SUNRISE AND SUNSET
JANUARY 22 2018.......SUNRISE   720 AM CST   SUNSET   529 PM CST
JANUARY 23 2018.......SUNRISE   720 AM CST   SUNSET   530 PM CST


-  INDICATES NEGATIVE NUMBERS.
R  INDICATES RECORD WAS SET OR TIED.
MM INDICATES DATA IS MISSING.
T  INDICATES TRACE AMOUNT.




$$
