000
CDUS44 KLZK 200641
CLIHRO


CLIMATE REPORT
NATIONAL WEATHER SERVICE LITTLE ROCK AR
141 AM CDT WED SEP 20 2017


...................................

...THE HARRISON CLIMATE SUMMARY FOR SEPTEMBER 19 2017...

CLIMATE NORMAL PERIOD 1981 TO 2010
CLIMATE RECORD PERIOD 1891 TO 2017


WEATHER ITEM   OBSERVED TIME   RECORD YEAR NORMAL DEPARTURE LAST
                VALUE   (LST)  VALUE       VALUE  FROM      YEAR
                                                  NORMAL
..................................................................
TEMPERATURE (F)
 YESTERDAY
  MAXIMUM         90    314 PM 100    1954  79     11       88
  MINIMUM         62    604 AM  35    1901  56      6       61
  AVERAGE         76                        68      8       75

PRECIPITATION (IN)
  YESTERDAY        0.00          2.72 1958   0.14  -0.14     0.00
  MONTH TO DATE    0.38                      2.68  -2.30     1.08
  SINCE SEP 1      0.38                      2.68  -2.30     1.08
  SINCE JAN 1     35.56                     31.64   3.92    29.36

SNOWFALL (IN)
  YESTERDAY        0.0          MM      MM   0.0    0.0      0.0
  MONTH TO DATE    0.0                       0.0    0.0      0.0
  SINCE SEP 1      0.0                       0.0    0.0      0.0
  SINCE JUL 1      0.0                       0.0    0.0      0.0
  SNOW DEPTH       0

DEGREE DAYS
 HEATING
  YESTERDAY        0                         2     -2        0
  MONTH TO DATE    4                        11     -7        0
  SINCE SEP 1      4                        11     -7        0
  SINCE JUL 1      4                        12     -8        0

 COOLING
  YESTERDAY       11                         5      6       10
  MONTH TO DATE  106                       132    -26      164
  SINCE SEP 1    106                       132    -26      164
  SINCE JAN 1   1211                      1343   -132     1475
..................................................................


WIND (MPH)
  HIGHEST WIND SPEED    16   HIGHEST WIND DIRECTION    SE (150)
  HIGHEST GUST SPEED    24   HIGHEST GUST DIRECTION     S (160)
  AVERAGE WIND SPEED     6.1


SKY COVER
  POSSIBLE SUNSHINE  MM
  AVERAGE SKY COVER 0.1


WEATHER CONDITIONS
 THE FOLLOWING WEATHER WAS RECORDED YESTERDAY.
  FOG
  FOG W/VISIBILITY <= 1/4 MILE


RELATIVE HUMIDITY (PERCENT)
 HIGHEST   100          1200 AM
 LOWEST     41           100 PM
 AVERAGE    71

..........................................................


THE HARRISON CLIMATE NORMALS FOR TODAY
                         NORMAL    RECORD    YEAR
 MAXIMUM TEMPERATURE (F)   79       101      1954
 MINIMUM TEMPERATURE (F)   56        31      1918


SUNRISE AND SUNSET
SEPTEMBER 20 2017.....SUNRISE   659 AM CDT   SUNSET   712 PM CDT
SEPTEMBER 21 2017.....SUNRISE   700 AM CDT   SUNSET   711 PM CDT


-  INDICATES NEGATIVE NUMBERS.
R  INDICATES RECORD WAS SET OR TIED.
MM INDICATES DATA IS MISSING.
T  INDICATES TRACE AMOUNT.




$$
