000
CDUS44 KLZK 250636
CLIHRO


CLIMATE REPORT
NATIONAL WEATHER SERVICE LITTLE ROCK AR
135 AM CDT THU MAY 25 2017


...................................

...THE HARRISON CLIMATE SUMMARY FOR MAY 24 2017...

CLIMATE NORMAL PERIOD 1981 TO 2010
CLIMATE RECORD PERIOD 1891 TO 2017


WEATHER ITEM   OBSERVED TIME   RECORD YEAR NORMAL DEPARTURE LAST
                VALUE   (LST)  VALUE       VALUE  FROM      YEAR
                                                  NORMAL
..................................................................
TEMPERATURE (F)
 YESTERDAY
  MAXIMUM         63    153 PM  97    1926  78    -15       83
  MINIMUM         49   1159 PM  41    1930  57     -8       62
                                      1913
  AVERAGE         56                        68    -12       73

PRECIPITATION (IN)
  YESTERDAY        0.02          1.38 1976   0.13  -0.11     0.93
  MONTH TO DATE    4.58                      3.73   0.85     2.57
  SINCE MAR 1     21.90                     11.84  10.06     9.63
  SINCE JAN 1     25.48                     17.04   8.44    11.91

SNOWFALL (IN)
  YESTERDAY        0.0          MM      MM   0.0    0.0      0.0
  MONTH TO DATE    0.0                       0.0    0.0      0.0
  SINCE MAR 1      2.5                       2.3    0.2      0.0
  SINCE JUL 1      3.4                      11.5   -8.1      3.7
  SNOW DEPTH       0

DEGREE DAYS
 HEATING
  YESTERDAY        9                         2      7        0
  MONTH TO DATE   71                        70      1      104
  SINCE MAR 1    587                       819   -232      620
  SINCE JUL 1   2993                      3991   -998     3233

 COOLING
  YESTERDAY        0                         4     -4        8
  MONTH TO DATE   60                        69     -9       33
  SINCE MAR 1    106                       106      0       56
  SINCE JAN 1    113                       106      7       56
..................................................................


WIND (MPH)
  HIGHEST WIND SPEED    18   HIGHEST WIND DIRECTION    NW (310)
  HIGHEST GUST SPEED    25   HIGHEST GUST DIRECTION    NW (320)
  AVERAGE WIND SPEED     7.6


SKY COVER
  POSSIBLE SUNSHINE  MM
  AVERAGE SKY COVER 0.7


WEATHER CONDITIONS
 THE FOLLOWING WEATHER WAS RECORDED YESTERDAY.
  RAIN
  LIGHT RAIN
  FOG


RELATIVE HUMIDITY (PERCENT)
 HIGHEST   100           800 PM
 LOWEST     56           200 PM
 AVERAGE    78

..........................................................


THE HARRISON CLIMATE NORMALS FOR TODAY
                         NORMAL    RECORD    YEAR
 MAXIMUM TEMPERATURE (F)   79        94      1926
 MINIMUM TEMPERATURE (F)   58        35      1925


SUNRISE AND SUNSET
MAY 25 2017...........SUNRISE   559 AM CDT   SUNSET   820 PM CDT
MAY 26 2017...........SUNRISE   559 AM CDT   SUNSET   821 PM CDT


-  INDICATES NEGATIVE NUMBERS.
R  INDICATES RECORD WAS SET OR TIED.
MM INDICATES DATA IS MISSING.
T  INDICATES TRACE AMOUNT.




$$
