000
CDUS42 KMHX 260525
CLIHSE


CLIMATE REPORT
NATIONAL WEATHER SERVICE NEWPORT/MOREHEAD CITY NC
125 AM EDT SUN MAR 26 2017


...................................

...THE CAPE HATTERAS NC CLIMATE SUMMARY FOR MARCH 25 2017...

CLIMATE NORMAL PERIOD 1981 TO 2010
CLIMATE RECORD PERIOD 1874 TO 2017


WEATHER ITEM   OBSERVED TIME   RECORD YEAR NORMAL DEPARTURE LAST
                VALUE   (LST)  VALUE       VALUE  FROM      YEAR
                                                  NORMAL
..................................................................
TEMPERATURE (F)
 YESTERDAY
  MAXIMUM         72    138 PM  75    2012  61     11       72
  MINIMUM         59   1253 AM  26    1971  47     12       66
  AVERAGE         66                        54     12       69

PRECIPITATION (IN)
  YESTERDAY        0.00          2.06 1978   0.15  -0.15     0.20
  MONTH TO DATE    4.07                      3.80   0.27     4.17
  SINCE MAR 1      4.07                      3.80   0.27     4.17
  SINCE JAN 1     10.38                     13.06  -2.68    17.28

SNOWFALL (IN)
  YESTERDAY        0.0
  MONTH TO DATE    0.0
  SINCE NOV 1      T
  SINCE JUL 1      T
  SNOW DEPTH       0

DEGREE DAYS
 HEATING
  YESTERDAY        0                        11    -11        0
  MONTH TO DATE  344                       355    -11      178
  SINCE MAR 1    344                       355    -11      178
  SINCE JUL 1   1666                      2279   -613     1491

 COOLING
  YESTERDAY        1                         0      1        4
  MONTH TO DATE    8                         0      8       17
  SINCE MAR 1      8                         0      8       17
  SINCE JAN 1     16                         0     16       18
..................................................................


WIND (MPH)
  HIGHEST WIND SPEED    14   HIGHEST WIND DIRECTION     W (250)
  HIGHEST GUST SPEED    19   HIGHEST GUST DIRECTION    SW (240)
  AVERAGE WIND SPEED     8.9


SKY COVER
  POSSIBLE SUNSHINE  MM
  AVERAGE SKY COVER 0.0


WEATHER CONDITIONS
 THE FOLLOWING WEATHER WAS RECORDED YESTERDAY.
  HAZE


RELATIVE HUMIDITY (PERCENT)
 HIGHEST    78          1100 PM
 LOWEST     49          1100 AM
 AVERAGE    64

..........................................................


THE CAPE HATTERAS NC CLIMATE NORMALS FOR TODAY
                         NORMAL    RECORD    YEAR
 MAXIMUM TEMPERATURE (F)   61        75      1921
 MINIMUM TEMPERATURE (F)   47        29      1981


SUNRISE AND SUNSET
MARCH 26 2017.........SUNRISE   657 AM EDT   SUNSET   719 PM EDT
MARCH 27 2017.........SUNRISE   656 AM EDT   SUNSET   720 PM EDT


-  INDICATES NEGATIVE NUMBERS.
R  INDICATES RECORD WAS SET OR TIED.
MM INDICATES DATA IS MISSING.
T  INDICATES TRACE AMOUNT.




$$
