610
CDUS42 KMHX 280527
CLIHSE


CLIMATE REPORT
NATIONAL WEATHER SERVICE NEWPORT/MOREHEAD CITY NC
127 AM EDT FRI APR 28 2017


...................................

...THE CAPE HATTERAS NC CLIMATE SUMMARY FOR APRIL 27 2017...

CLIMATE NORMAL PERIOD 1981 TO 2010
CLIMATE RECORD PERIOD 1874 TO 2017


WEATHER ITEM   OBSERVED TIME   RECORD YEAR NORMAL DEPARTURE LAST
                VALUE   (LST)  VALUE       VALUE  FROM      YEAR
                                                  NORMAL
..................................................................
TEMPERATURE (F)
 YESTERDAY
  MAXIMUM         81    102 PM  89    1990  69     12       74
  MINIMUM         70    611 AM  33    1972  56     14       67
  AVERAGE         76                        62     14       71

PRECIPITATION (IN)
  YESTERDAY        0.01          2.12 1909   0.11  -0.10     0.00
  MONTH TO DATE    8.03                      3.33   4.70     2.17
  SINCE MAR 1     13.31                      8.10   5.21     8.14
  SINCE JAN 1     19.62                     17.36   2.26    21.25

SNOWFALL (IN)
  YESTERDAY        0.0
  MONTH TO DATE    0.0
  SINCE NOV 1      T
  SINCE JUL 1      T
  SNOW DEPTH       0

DEGREE DAYS
 HEATING
  YESTERDAY        0                         4     -4        0
  MONTH TO DATE   48                       180   -132      163
  SINCE MAR 1    403                       599   -196      360
  SINCE JUL 1   1725                      2523   -798     1673

 COOLING
  YESTERDAY       11                         1     10        6
  MONTH TO DATE  118                        18    100       21
  SINCE MAR 1    142                        21    121       47
  SINCE JAN 1    150                        21    129       48
..................................................................


WIND (MPH)
  HIGHEST WIND SPEED    15   HIGHEST WIND DIRECTION    SW (230)
  HIGHEST GUST SPEED    21   HIGHEST GUST DIRECTION    SW (220)
  AVERAGE WIND SPEED     8.3


SKY COVER
  POSSIBLE SUNSHINE  MM
  AVERAGE SKY COVER 0.1


WEATHER CONDITIONS
 THE FOLLOWING WEATHER WAS RECORDED YESTERDAY.
  LIGHT RAIN
  FOG
  HAZE


RELATIVE HUMIDITY (PERCENT)
 HIGHEST    90           300 AM
 LOWEST     62          1200 PM
 AVERAGE    76

..........................................................


THE CAPE HATTERAS NC CLIMATE NORMALS FOR TODAY
                         NORMAL    RECORD    YEAR
 MAXIMUM TEMPERATURE (F)   69        82      1994
                                             1990
                                             1957
 MINIMUM TEMPERATURE (F)   56        42      1976


SUNRISE AND SUNSET
APRIL 28 2017.........SUNRISE   614 AM EDT   SUNSET   746 PM EDT
APRIL 29 2017.........SUNRISE   613 AM EDT   SUNSET   747 PM EDT


-  INDICATES NEGATIVE NUMBERS.
R  INDICATES RECORD WAS SET OR TIED.
MM INDICATES DATA IS MISSING.
T  INDICATES TRACE AMOUNT.




$$
