000
CDUS42 KMHX 280527
CLIHSE


CLIMATE REPORT
NATIONAL WEATHER SERVICE NEWPORT/MOREHEAD CITY NC
126 AM EDT TUE JUL 28 2015


...................................

...THE CAPE HATTERAS NC CLIMATE SUMMARY FOR JULY 27 2015...

CLIMATE NORMAL PERIOD 1981 TO 2010
CLIMATE RECORD PERIOD 1874 TO 2015


WEATHER ITEM   OBSERVED TIME   RECORD YEAR NORMAL DEPARTURE LAST
                VALUE   (LST)  VALUE       VALUE  FROM      YEAR
                                                  NORMAL
..................................................................
TEMPERATURE (F)
 YESTERDAY
  MAXIMUM         88    138 PM  91    1999  85      3       86
                                      1940
  MINIMUM         76   1159 PM  60    1975  74      2       79
  AVERAGE         82                        79      3       83

PRECIPITATION (IN)
  YESTERDAY        0.00          3.72 1937   0.18  -0.18     0.00
  MONTH TO DATE    5.16                      4.27   0.89     6.50
  SINCE JUN 1     10.89                      8.30   2.59     8.21
  SINCE JAN 1     30.52                     29.54   0.98    31.00

SNOWFALL (IN)
  YESTERDAY        0.0
  MONTH TO DATE    0.0
  SINCE NOV 1      2.0
  SINCE JUL 1      0.0
  SNOW DEPTH       0

DEGREE DAYS
 HEATING
  YESTERDAY        0                         0      0        0
  MONTH TO DATE    0                         0      0        0
  SINCE JUN 1      0                         3     -3        0
  SINCE JUL 1      0                         0      0        0

 COOLING
  YESTERDAY       17                        14      3       18
  MONTH TO DATE  419                       375     44      377
  SINCE JUN 1    847                       683    164      652
  SINCE JAN 1   1014                       826    188      888
..................................................................


WIND (MPH)
  HIGHEST WIND SPEED    13   HIGHEST WIND DIRECTION    SE (120)
  HIGHEST GUST SPEED    15   HIGHEST GUST DIRECTION     E (110)
  AVERAGE WIND SPEED     7.0


SKY COVER
  POSSIBLE SUNSHINE  MM
  AVERAGE SKY COVER 0.0


WEATHER CONDITIONS
 THE FOLLOWING WEATHER WAS RECORDED YESTERDAY.
  NO SIGNIFICANT WEATHER WAS OBSERVED.


RELATIVE HUMIDITY (PERCENT)
 HIGHEST    74           300 AM
 LOWEST     53          1100 AM
 AVERAGE    64

..........................................................


THE CAPE HATTERAS NC CLIMATE NORMALS FOR TODAY
                         NORMAL    RECORD    YEAR
 MAXIMUM TEMPERATURE (F)   85        92      1936
 MINIMUM TEMPERATURE (F)   74        57      1962


SUNRISE AND SUNSET
JULY 28 2015..........SUNRISE   608 AM EDT   SUNSET   809 PM EDT
JULY 29 2015..........SUNRISE   609 AM EDT   SUNSET   808 PM EDT


-  INDICATES NEGATIVE NUMBERS.
R  INDICATES RECORD WAS SET OR TIED.
MM INDICATES DATA IS MISSING.
T  INDICATES TRACE AMOUNT.




$$
