000
CDUS42 KMHX 290541
CLIHSE


CLIMATE REPORT
NATIONAL WEATHER SERVICE NEWPORT/MOREHEAD CITY NC
141 AM EDT THU JUN 29 2017


...................................

...THE CAPE HATTERAS NC CLIMATE SUMMARY FOR JUNE 28 2017...

CLIMATE NORMAL PERIOD 1981 TO 2010
CLIMATE RECORD PERIOD 1874 TO 2017


WEATHER ITEM   OBSERVED TIME   RECORD YEAR NORMAL DEPARTURE LAST
                VALUE   (LST)  VALUE       VALUE  FROM      YEAR
                                                  NORMAL
..................................................................
TEMPERATURE (F)
 YESTERDAY
  MAXIMUM         MM        MM  95    1978  83     MM       86
  MINIMUM         MM        MM  60    1985  72     MM       77
                                      1918
  AVERAGE         MM                        78     MM       82

PRECIPITATION (IN)
  YESTERDAY       MM             5.33 1919   0.15  MM         T
  MONTH TO DATE    2.37                      3.72  -1.35    10.18
  SINCE JUN 1      2.37                      3.72  -1.35    10.18
  SINCE JAN 1     29.10                     24.96   4.14    44.24

SNOWFALL (IN)
  YESTERDAY       MM
  MONTH TO DATE    0.0
  SINCE NOV 1      T
  SINCE JUL 1      T
  SNOW DEPTH      MM

DEGREE DAYS
 HEATING
  YESTERDAY       MM                         0     MM        0
  MONTH TO DATE    0                         0      0        0
  SINCE JUN 1      0                         0      0        0
  SINCE JUL 1   1728                      2584   -856     1700

 COOLING
  YESTERDAY       MM                        13     MM       17
  MONTH TO DATE  349                       283     66      331
  SINCE JUN 1    349                       283     66      331
  SINCE JAN 1    776                       426    350      540
..................................................................


WIND (MPH)
  HIGHEST WIND SPEED    MM   HIGHEST WIND DIRECTION    MM
  HIGHEST GUST SPEED    MM   HIGHEST GUST DIRECTION    MM
  AVERAGE WIND SPEED    MM


SKY COVER
  POSSIBLE SUNSHINE  MM
  AVERAGE SKY COVER  MM


WEATHER CONDITIONS
 THE FOLLOWING WEATHER WAS RECORDED YESTERDAY.
  NO SIGNIFICANT WEATHER WAS OBSERVED.


RELATIVE HUMIDITY (PERCENT)
 HIGHEST    MM
 LOWEST     MM
 AVERAGE    MM

..........................................................


THE CAPE HATTERAS NC CLIMATE NORMALS FOR TODAY
                         NORMAL    RECORD    YEAR
 MAXIMUM TEMPERATURE (F)   83        92      1959
 MINIMUM TEMPERATURE (F)   73        59      1918


SUNRISE AND SUNSET
JUNE 29 2017..........SUNRISE   551 AM EDT   SUNSET   821 PM EDT
JUNE 30 2017..........SUNRISE   551 AM EDT   SUNSET   821 PM EDT


-  INDICATES NEGATIVE NUMBERS.
R  INDICATES RECORD WAS SET OR TIED.
MM INDICATES DATA IS MISSING.
T  INDICATES TRACE AMOUNT.




$$
