000
CDUS42 KMHX 242126
CLIHSE


CLIMATE REPORT
NATIONAL WEATHER SERVICE NEWPORT/MOREHEAD CITY NC
526 PM EDT WED AUG 24 2016


...................................

...THE CAPE HATTERAS NC CLIMATE SUMMARY FOR AUGUST 24 2016...
VALID TODAY AS OF 0500 PM LOCAL TIME.

CLIMATE NORMAL PERIOD 1981 TO 2010
CLIMATE RECORD PERIOD 1874 TO 2016


WEATHER ITEM   OBSERVED TIME   RECORD YEAR NORMAL DEPARTURE LAST
                VALUE   (LST)  VALUE       VALUE  FROM      YEAR
                                                  NORMAL
..................................................................
TEMPERATURE (F)
 TODAY
  MAXIMUM         84   1257 PM  91    1968  84      0       86
  MINIMUM         73    301 AM  59    1985  73      0       66
                                      1978
  AVERAGE         79                        78      1       76

PRECIPITATION (IN)
  TODAY            T             5.27 2010   0.25  -0.25     0.00
  MONTH TO DATE    3.71                      5.20  -1.49     4.44
  SINCE JUN 1     16.27                     14.22   2.05    15.84
  SINCE JAN 1     50.33                     35.46  14.87    35.47

SNOWFALL (IN)
  TODAY            0.0
  MONTH TO DATE    0.0
  SINCE NOV 1      T
  SINCE JUL 1      0.0
  SNOW DEPTH       0

DEGREE DAYS
 HEATING
  TODAY            0                         0      0        0
  MONTH TO DATE    0                         0      0        0
  SINCE JUN 1      0                         3     -3        0
  SINCE JUL 1      0                         0      0        0

 COOLING
  TODAY           14                        13      1       11
  MONTH TO DATE  406                       329     77      340
  SINCE JUN 1   1290                      1074    216     1256
  SINCE JAN 1   1499                      1217    282     1423
..................................................................


WIND (MPH)
  HIGHEST WIND SPEED    14   HIGHEST WIND DIRECTION    NE (40)
  HIGHEST GUST SPEED    20   HIGHEST GUST DIRECTION    NE (30)
  AVERAGE WIND SPEED     7.2


SKY COVER
  POSSIBLE SUNSHINE  MM
  AVERAGE SKY COVER 0.5


WEATHER CONDITIONS
 THE FOLLOWING WEATHER WAS RECORDED TODAY.
  LIGHT RAIN


RELATIVE HUMIDITY (PERCENT)
 HIGHEST    79           500 AM
 LOWEST     68          1200 AM
 AVERAGE    74

..........................................................


THE CAPE HATTERAS NC CLIMATE NORMALS FOR TOMORROW
                         NORMAL    RECORD    YEAR
 MAXIMUM TEMPERATURE (F)   84        90      2015
                                             1993
                                             1968
 MINIMUM TEMPERATURE (F)   73        59      1986


SUNRISE AND SUNSET
AUGUST 24 2016........SUNRISE   629 AM EDT   SUNSET   739 PM EDT
AUGUST 25 2016........SUNRISE   630 AM EDT   SUNSET   738 PM EDT


-  INDICATES NEGATIVE NUMBERS.
R  INDICATES RECORD WAS SET OR TIED.
MM INDICATES DATA IS MISSING.
T  INDICATES TRACE AMOUNT.




$$
