000
CDUS42 KMHX 030531
CLIHSE


CLIMATE REPORT
NATIONAL WEATHER SERVICE NEWPORT/MOREHEAD CITY NC
130 AM EDT TUE MAY 3 2016


...................................

...THE CAPE HATTERAS NC CLIMATE SUMMARY FOR MAY 2 2016...

CLIMATE NORMAL PERIOD 1981 TO 2010
CLIMATE RECORD PERIOD 1874 TO 2016


WEATHER ITEM   OBSERVED TIME   RECORD YEAR NORMAL DEPARTURE LAST
                VALUE   (LST)  VALUE       VALUE  FROM      YEAR
                                                  NORMAL
..................................................................
TEMPERATURE (F)
 YESTERDAY
  MAXIMUM         77    208 PM  82    1910  70      7       58
  MINIMUM         67    519 AM  39    1971  57     10       42
  AVERAGE         72                        64      8       50

PRECIPITATION (IN)
  YESTERDAY        0.00          7.42 1934   0.12  -0.12      T
  MONTH TO DATE    0.00                      0.24  -0.24     0.14
  SINCE MAR 1      8.28                      8.65  -0.37     4.61
  SINCE JAN 1     21.39                     17.91   3.48    16.56

SNOWFALL (IN)
  YESTERDAY        0.0
  MONTH TO DATE    0.0
  SINCE NOV 1      T
  SINCE JUL 1      T
  SNOW DEPTH       0

DEGREE DAYS
 HEATING
  YESTERDAY        0                         3     -3       15
  MONTH TO DATE    0                         6     -6       25
  SINCE MAR 1    366                       616   -250      602
  SINCE JUL 1   1679                      2540   -861     2775

 COOLING
  YESTERDAY        7                         2      5        0
  MONTH TO DATE    8                         4      4        0
  SINCE MAR 1     62                        32     30       17
  SINCE JAN 1     63                        32     31       19
..................................................................


WIND (MPH)
  HIGHEST WIND SPEED    15   HIGHEST WIND DIRECTION    SW (220)
  HIGHEST GUST SPEED    22   HIGHEST GUST DIRECTION    SW (210)
  AVERAGE WIND SPEED     9.2


SKY COVER
  POSSIBLE SUNSHINE  MM
  AVERAGE SKY COVER 0.2


WEATHER CONDITIONS
 THE FOLLOWING WEATHER WAS RECORDED YESTERDAY.
  NO SIGNIFICANT WEATHER WAS OBSERVED.


RELATIVE HUMIDITY (PERCENT)
 HIGHEST    97           700 AM
 LOWEST     82          1100 AM
 AVERAGE    90

..........................................................


THE CAPE HATTERAS NC CLIMATE NORMALS FOR TODAY
                         NORMAL    RECORD    YEAR
 MAXIMUM TEMPERATURE (F)   71        83      1906
 MINIMUM TEMPERATURE (F)   57        41      2015
                                             1966


SUNRISE AND SUNSET
MAY  3 2016...........SUNRISE   609 AM EDT   SUNSET   750 PM EDT
MAY  4 2016...........SUNRISE   608 AM EDT   SUNSET   751 PM EDT


-  INDICATES NEGATIVE NUMBERS.
R  INDICATES RECORD WAS SET OR TIED.
MM INDICATES DATA IS MISSING.
T  INDICATES TRACE AMOUNT.




$$
