000
CDUS42 KMHX 280526
CLIHSE


CLIMATE REPORT
NATIONAL WEATHER SERVICE NEWPORT/MOREHEAD CITY NC
126 AM EDT THU MAY 28 2015


...................................

...THE CAPE HATTERAS NC CLIMATE SUMMARY FOR MAY 27 2015...

CLIMATE NORMAL PERIOD 1981 TO 2010
CLIMATE RECORD PERIOD 1874 TO 2015


WEATHER ITEM   OBSERVED TIME   RECORD YEAR NORMAL DEPARTURE LAST
                VALUE   (LST)  VALUE       VALUE  FROM      YEAR
                                                  NORMAL
..................................................................
TEMPERATURE (F)
 YESTERDAY
  MAXIMUM         83    148 PM  86    2004  77      6       79
                                      1991
  MINIMUM         71   1159 PM  42    1979  64      7       72
  AVERAGE         77                        70      7       76

PRECIPITATION (IN)
  YESTERDAY        0.00          2.19 2003   0.12  -0.12     0.00
  MONTH TO DATE    3.21                      3.13   0.08     1.42
  SINCE MAR 1      7.68                     11.54  -3.86    12.70
  SINCE JAN 1     19.63                     20.80  -1.17    22.79

SNOWFALL (IN)
  YESTERDAY        0.0
  MONTH TO DATE    0.0
  SINCE NOV 1      2.0
  SINCE JUL 1      2.0
  SNOW DEPTH       0

DEGREE DAYS
 HEATING
  YESTERDAY        0                         1     -1        0
  MONTH TO DATE   56                        48      8        9
  SINCE MAR 1    633                       658    -25      701
  SINCE JUL 1   2806                      2582    224     2534

 COOLING
  YESTERDAY       12                         6      6       11
  MONTH TO DATE  102                        91     11      181
  SINCE MAR 1    119                       119      0      208
  SINCE JAN 1    121                       119      2      208
..................................................................


WIND (MPH)
  HIGHEST WIND SPEED    17   HIGHEST WIND DIRECTION     S (170)
  HIGHEST GUST SPEED    22   HIGHEST GUST DIRECTION     S (170)
  AVERAGE WIND SPEED    11.7


SKY COVER
  POSSIBLE SUNSHINE  MM
  AVERAGE SKY COVER 0.1


WEATHER CONDITIONS
 THE FOLLOWING WEATHER WAS RECORDED YESTERDAY.
  NO SIGNIFICANT WEATHER WAS OBSERVED.


RELATIVE HUMIDITY (PERCENT)
 HIGHEST    73          1200 AM
 LOWEST     51           200 PM
 AVERAGE    62

..........................................................


THE CAPE HATTERAS NC CLIMATE NORMALS FOR TODAY
                         NORMAL    RECORD    YEAR
 MAXIMUM TEMPERATURE (F)   77        87      1991
 MINIMUM TEMPERATURE (F)   64        48      1983


SUNRISE AND SUNSET
MAY 28 2015...........SUNRISE   551 AM EDT   SUNSET   809 PM EDT
MAY 29 2015...........SUNRISE   550 AM EDT   SUNSET   810 PM EDT


-  INDICATES NEGATIVE NUMBERS.
R  INDICATES RECORD WAS SET OR TIED.
MM INDICATES DATA IS MISSING.
T  INDICATES TRACE AMOUNT.




$$
