000
CDUS42 KMHX 150534
CLIHSE


CLIMATE REPORT
NATIONAL WEATHER SERVICE NEWPORT/MOREHEAD CITY NC
1233 AM EST FRI DEC 15 2017


...................................

...THE CAPE HATTERAS NC CLIMATE SUMMARY FOR DECEMBER 14 2017...

CLIMATE NORMAL PERIOD 1981 TO 2010
CLIMATE RECORD PERIOD 1874 TO 2017


WEATHER ITEM   OBSERVED TIME   RECORD YEAR NORMAL DEPARTURE LAST
                VALUE   (LST)  VALUE       VALUE  FROM      YEAR
                                                  NORMAL
..................................................................
TEMPERATURE (F)
 YESTERDAY
  MAXIMUM         54    351 PM  75    2015  56     -2       53
  MINIMUM         37    742 PM  25    1960  43     -6       47
  AVERAGE         46                        50     -4       50

PRECIPITATION (IN)
  YESTERDAY        0.00          2.18 1999   0.13  -0.13      T
  MONTH TO DATE    3.07                      1.88   1.19     2.90
  SINCE DEC 1      3.07                      1.88   1.19     2.90
  SINCE JAN 1     56.87                     55.65   1.22    71.14

SNOWFALL (IN)
  YESTERDAY        0.0
  MONTH TO DATE    0.0
  SINCE NOV 1      0.0
  SINCE JUL 1      0.0
  SNOW DEPTH       0

DEGREE DAYS
 HEATING
  YESTERDAY       19                        16      3       15
  MONTH TO DATE  187                       193     -6      181
  SINCE DEC 1    187                       193     -6      181
  SINCE JUL 1    433                       511    -78      453

 COOLING
  YESTERDAY        0                         0      0        0
  MONTH TO DATE    2                         0      2        0
  SINCE DEC 1      2                         0      2        0
  SINCE JAN 1   2352                      1711    641     2221
..................................................................


WIND (MPH)
  HIGHEST WIND SPEED    25   HIGHEST WIND DIRECTION     W (250)
  HIGHEST GUST SPEED    38   HIGHEST GUST DIRECTION    SW (240)
  AVERAGE WIND SPEED     9.4


SKY COVER
  POSSIBLE SUNSHINE  MM
  AVERAGE SKY COVER 0.0


WEATHER CONDITIONS
 THE FOLLOWING WEATHER WAS RECORDED YESTERDAY.
  NO SIGNIFICANT WEATHER WAS OBSERVED.


RELATIVE HUMIDITY (PERCENT)
 HIGHEST    89          1000 PM
 LOWEST     39           600 AM
 AVERAGE    64

..........................................................


THE CAPE HATTERAS NC CLIMATE NORMALS FOR TODAY
                         NORMAL    RECORD    YEAR
 MAXIMUM TEMPERATURE (F)   56        74      1971
 MINIMUM TEMPERATURE (F)   43        25      1978


SUNRISE AND SUNSET
DECEMBER 15 2017......SUNRISE   704 AM EST   SUNSET   452 PM EST
DECEMBER 16 2017......SUNRISE   704 AM EST   SUNSET   452 PM EST


-  INDICATES NEGATIVE NUMBERS.
R  INDICATES RECORD WAS SET OR TIED.
MM INDICATES DATA IS MISSING.
T  INDICATES TRACE AMOUNT.




$$
