000
CDUS43 KGID 012228
CLIHSI


CLIMATE REPORT
NATIONAL WEATHER SERVICE HASTINGS NE
527 PM CDT SUN MAY 1 2016


...................................

...THE HASTINGS NE CLIMATE SUMMARY FOR MAY 1 2016...
VALID TODAY AS OF 0500 PM LOCAL TIME.

CLIMATE NORMAL PERIOD 1981 TO 2010
CLIMATE RECORD PERIOD 1894 TO 2016


WEATHER ITEM   OBSERVED TIME   RECORD YEAR NORMAL DEPARTURE LAST
                VALUE   (LST)  VALUE       VALUE  FROM      YEAR
                                                  NORMAL
..................................................................
TEMPERATURE (F)
 TODAY
  MAXIMUM         49   1103 AM  94    1992  67    -18       79
  MINIMUM         40    652 AM  22    1909  45     -5       53
  AVERAGE         45                        56    -11       66

PRECIPITATION (IN)
  TODAY            0.03          1.55 1923   0.16  -0.13      T
  MONTH TO DATE    0.03                      0.16  -0.13      T
  SINCE MAR 1      6.26                      4.51   1.75     3.75
  SINCE JAN 1      8.18                      5.41   2.77     4.86

SNOWFALL (IN)
  TODAY            0.0           0.5  1911   0.0    0.0      0.0
  MONTH TO DATE    0.0                       0.0    0.0      0.0
  SINCE MAR 1      2.1                       6.4   -4.3      0.8
  SINCE JUL 1     32.4                      28.8    3.6     17.0
  SNOW DEPTH       0

DEGREE DAYS
 HEATING
  TODAY           20                         9     11        0
  MONTH TO DATE   20                         9     11        0
  SINCE MAR 1    950                      1218   -268      991
  SINCE JUL 1   4860                      5848   -988     5614

 COOLING
  TODAY            0                         0      0        1
  MONTH TO DATE    0                         0      0        1
  SINCE MAR 1      0                         5     -5        5
  SINCE JAN 1      0                         5     -5        5
..................................................................


WIND (MPH)
  HIGHEST WIND SPEED    26   HIGHEST WIND DIRECTION     N (10)
  HIGHEST GUST SPEED    33   HIGHEST GUST DIRECTION     N (20)
  AVERAGE WIND SPEED    18.6


SKY COVER
  AVERAGE SKY COVER 0.8


WEATHER CONDITIONS
 THE FOLLOWING WEATHER WAS RECORDED TODAY.
  LIGHT RAIN


RELATIVE HUMIDITY (PERCENT)
 HIGHEST   100           100 AM
 LOWEST     71          1100 AM
 AVERAGE    86

..........................................................


THE HASTINGS NE CLIMATE NORMALS FOR TOMORROW
                         NORMAL    RECORD    YEAR
 MAXIMUM TEMPERATURE (F)   68        93      1955
 MINIMUM TEMPERATURE (F)   45        24      1909


SUNRISE AND SUNSET
MAY  1 2016...........SUNRISE   632 AM CDT   SUNSET   830 PM CDT
MAY  2 2016...........SUNRISE   631 AM CDT   SUNSET   831 PM CDT


-  INDICATES NEGATIVE NUMBERS.
R  INDICATES RECORD WAS SET OR TIED.
MM INDICATES DATA IS MISSING.
T  INDICATES TRACE AMOUNT.




$$
