000
CDUS43 KGID 280626
CLIHSI


CLIMATE REPORT
NATIONAL WEATHER SERVICE HASTINGS NE
125 AM CDT TUE MAR 28 2017


...................................

...THE HASTINGS NE CLIMATE SUMMARY FOR MARCH 27 2017...

CLIMATE NORMAL PERIOD 1981 TO 2010
CLIMATE RECORD PERIOD 1894 TO 2017


WEATHER ITEM   OBSERVED TIME   RECORD YEAR NORMAL DEPARTURE LAST
                VALUE   (LST)  VALUE       VALUE  FROM      YEAR
                                                  NORMAL
..................................................................
TEMPERATURE (F)
 YESTERDAY
  MAXIMUM         53    423 PM  86    1989  56     -3       60
  MINIMUM         41   1157 PM   4    1913  32      9       18
  AVERAGE         47                        44      3       39

PRECIPITATION (IN)
  YESTERDAY        0.00          1.12 1991   0.08  -0.08     0.00
  MONTH TO DATE    0.34                      1.42  -1.08     0.45
  SINCE MAR 1      0.34                      1.42  -1.08     0.45
  SINCE JAN 1      1.44                      2.32  -0.88     2.37

SNOWFALL (IN)
  YESTERDAY        0.0           3.0  1948   0.1   -0.1      0.0
  MONTH TO DATE    1.2                       4.6   -3.4      2.1
  SINCE MAR 1      1.2                       4.6   -3.4      2.1
  SINCE JUL 1     10.3                      27.0  -16.7     32.4
  SNOW DEPTH       0

DEGREE DAYS
 HEATING
  YESTERDAY       18                        21     -3       26
  MONTH TO DATE  575                       697   -122      516
  SINCE MAR 1    575                       697   -122      516
  SINCE JUL 1   4505                      5327   -822     4426

 COOLING
  YESTERDAY        0                         0      0        0
  MONTH TO DATE    0                         0      0        0
  SINCE MAR 1      0                         0      0        0
  SINCE JAN 1      0                         0      0        0
..................................................................


WIND (MPH)
  HIGHEST WIND SPEED    10   HIGHEST WIND DIRECTION     E (70)
  HIGHEST GUST SPEED    13   HIGHEST GUST DIRECTION    NE (40)
  AVERAGE WIND SPEED     5.2


SKY COVER
  AVERAGE SKY COVER 0.7


WEATHER CONDITIONS
 THE FOLLOWING WEATHER WAS RECORDED YESTERDAY.
  FOG
  HAZE


RELATIVE HUMIDITY (PERCENT)
 HIGHEST   100          1200 AM
 LOWEST     71           400 PM
 AVERAGE    86

..........................................................


THE HASTINGS NE CLIMATE NORMALS FOR TODAY
                         NORMAL    RECORD    YEAR
 MAXIMUM TEMPERATURE (F)   57        84      1910
 MINIMUM TEMPERATURE (F)   33         8      1913


SUNRISE AND SUNSET
MARCH 28 2017.........SUNRISE   723 AM CDT   SUNSET   755 PM CDT
MARCH 29 2017.........SUNRISE   722 AM CDT   SUNSET   756 PM CDT


-  INDICATES NEGATIVE NUMBERS.
R  INDICATES RECORD WAS SET OR TIED.
MM INDICATES DATA IS MISSING.
T  INDICATES TRACE AMOUNT.




$$
