000
CDUS43 KGID 020640
CLIHSI


CLIMATE REPORT
NATIONAL WEATHER SERVICE HASTINGS NE
136 AM CDT WED SEP 2 2015


...................................

...THE HASTINGS NE CLIMATE SUMMARY FOR SEPTEMBER 1 2015...

CLIMATE NORMAL PERIOD 1981 TO 2010
CLIMATE RECORD PERIOD 1894 TO 2015


WEATHER ITEM   OBSERVED TIME   RECORD YEAR NORMAL DEPARTURE LAST
                VALUE   (LST)  VALUE       VALUE  FROM      YEAR
                                                  NORMAL
..................................................................
TEMPERATURE (F)
 YESTERDAY
  MAXIMUM         91    457 PM 101    1990  82      9       76
                                      1948
  MINIMUM         66    509 AM  42    1956  59      7       57
  AVERAGE         79                        71      8       67

PRECIPITATION (IN)
  YESTERDAY        0.00          2.38 1934   0.11  -0.11     0.01
  MONTH TO DATE    0.00                      0.11  -0.11     0.01
  SINCE SEP 1      0.00                      0.11  -0.11     0.01
  SINCE JAN 1     23.05                     20.77   2.28    24.91

SNOWFALL (IN)
  YESTERDAY        0.0                       0.0    0.0      0.0
  MONTH TO DATE    0.0                       0.0    0.0      0.0
  SINCE SEP 1      0.0                       0.0    0.0      0.0
  SINCE JUL 1      0.0                       0.0    0.0      0.0
  SNOW DEPTH       0

DEGREE DAYS
 HEATING
  YESTERDAY        0                         1     -1        0
  MONTH TO DATE    0                         1     -1        0
  SINCE SEP 1      0                         1     -1        0
  SINCE JUL 1     15                         7      8        6

 COOLING
  YESTERDAY       14                         7      7        2
  MONTH TO DATE   14                         7      7        2
  SINCE SEP 1     14                         7      7        2
  SINCE JAN 1    857                       960   -103      922
..................................................................


WIND (MPH)
  HIGHEST WIND SPEED    17   HIGHEST WIND DIRECTION    SW (210)
  HIGHEST GUST SPEED    22   HIGHEST GUST DIRECTION     S (200)
  AVERAGE WIND SPEED     8.2


SKY COVER
  AVERAGE SKY COVER 0.0


WEATHER CONDITIONS
 THE FOLLOWING WEATHER WAS RECORDED YESTERDAY.
  HAZE


RELATIVE HUMIDITY (PERCENT)
 HIGHEST    78           200 AM
 LOWEST     41           300 PM
 AVERAGE    60

..........................................................


THE HASTINGS NE CLIMATE NORMALS FOR TODAY
                         NORMAL    RECORD    YEAR
 MAXIMUM TEMPERATURE (F)   82       104      1948
 MINIMUM TEMPERATURE (F)   59        44      1952


SUNRISE AND SUNSET
SEPTEMBER  2 2015.....SUNRISE   702 AM CDT   SUNSET   805 PM CDT
SEPTEMBER  3 2015.....SUNRISE   703 AM CDT   SUNSET   803 PM CDT


-  INDICATES NEGATIVE NUMBERS.
R  INDICATES RECORD WAS SET OR TIED.
MM INDICATES DATA IS MISSING.
T  INDICATES TRACE AMOUNT.




$$
