472
CDUS43 KGID 240637
CLIHSI


CLIMATE REPORT
NATIONAL WEATHER SERVICE HASTINGS NE
1235 AM CST SAT FEB 24 2018


...................................

...THE HASTINGS NE CLIMATE SUMMARY FOR FEBRUARY 23 2018...

CLIMATE NORMAL PERIOD 1981 TO 2010
CLIMATE RECORD PERIOD 1894 TO 2018


WEATHER ITEM   OBSERVED TIME   RECORD YEAR NORMAL DEPARTURE LAST
                VALUE   (LST)  VALUE       VALUE  FROM      YEAR
                                                  NORMAL
..................................................................
TEMPERATURE (F)
 YESTERDAY
  MAXIMUM         30   1244 PM  75    1918  42    -12       43
  MINIMUM         17    721 AM  -7    1910  22     -5       29
  AVERAGE         24                        32     -8       36

PRECIPITATION (IN)
  YESTERDAY        0.00          0.65 1914   0.02  -0.02     0.07
  MONTH TO DATE    0.49                      0.38   0.11     0.10
  SINCE DEC 1      1.26                      1.40  -0.14     1.54
  SINCE JAN 1      0.98                      0.79   0.19     0.93

SNOWFALL (IN)
  YESTERDAY        0.0           9.0  1994   0.2   -0.2      0.5
  MONTH TO DATE    7.7                       5.6    2.1      1.6
  SINCE DEC 1     19.4                      17.7    1.7      6.3
  SINCE JUL 1     19.6                      21.5   -1.9      6.4
  SNOW DEPTH       T

DEGREE DAYS
 HEATING
  YESTERDAY       41                        33      8       29
  MONTH TO DATE 1019                       822    197      569
  SINCE DEC 1   3433                      3190    243     2901
  SINCE JUL 1   4576                      4471    105     3768

 COOLING
  YESTERDAY        0                         0      0        0
  MONTH TO DATE    0                         0      0        0
  SINCE DEC 1      0                         0      0        0
  SINCE JAN 1      0                         0      0        0
..................................................................


WIND (MPH)
  HIGHEST WIND SPEED    14   HIGHEST WIND DIRECTION     E (90)
  HIGHEST GUST SPEED    21   HIGHEST GUST DIRECTION    NE (50)
  AVERAGE WIND SPEED     8.9


SKY COVER
  AVERAGE SKY COVER 0.6


WEATHER CONDITIONS
 THE FOLLOWING WEATHER WAS RECORDED YESTERDAY.
  NO SIGNIFICANT WEATHER WAS OBSERVED.


RELATIVE HUMIDITY (PERCENT)
 HIGHEST    92          1200 AM
 LOWEST     75           100 PM
 AVERAGE    84

..........................................................


THE HASTINGS NE CLIMATE NORMALS FOR TODAY
                         NORMAL    RECORD    YEAR
 MAXIMUM TEMPERATURE (F)   43        76      1981
 MINIMUM TEMPERATURE (F)   22       -10      1914


SUNRISE AND SUNSET
FEBRUARY 24 2018......SUNRISE   715 AM CST   SUNSET   619 PM CST
FEBRUARY 25 2018......SUNRISE   713 AM CST   SUNSET   621 PM CST


-  INDICATES NEGATIVE NUMBERS.
R  INDICATES RECORD WAS SET OR TIED.
MM INDICATES DATA IS MISSING.
T  INDICATES TRACE AMOUNT.




$$

Thies
