000
CDUS43 KGID 060638
CLIHSI


CLIMATE REPORT
NATIONAL WEATHER SERVICE HASTINGS NE
1236 AM CST TUE DEC 6 2016


...................................

...THE HASTINGS NE CLIMATE SUMMARY FOR DECEMBER 5 2016...

CLIMATE NORMAL PERIOD 1981 TO 2010
CLIMATE RECORD PERIOD 1894 TO 2016


WEATHER ITEM   OBSERVED TIME   RECORD YEAR NORMAL DEPARTURE LAST
                VALUE   (LST)  VALUE       VALUE  FROM      YEAR
                                                  NORMAL
..................................................................
TEMPERATURE (F)
 YESTERDAY
  MAXIMUM         51    414 PM  71    1939  40     11       47
  MINIMUM         30   1159 PM  -4    1950  21      9       35
  AVERAGE         41                        30     11       41

PRECIPITATION (IN)
  YESTERDAY        0.00          1.36 1913   0.03  -0.03     0.00
  MONTH TO DATE    0.08                      0.19  -0.11      T
  SINCE DEC 1      0.08                      0.19  -0.11      T
  SINCE JAN 1     20.13                     26.69  -6.56    27.73

SNOWFALL (IN)
  YESTERDAY        0.0           8.0  1909   0.1   -0.1      0.0
  MONTH TO DATE    0.7                       0.8   -0.1      0.2
  SINCE DEC 1      0.7                       0.8   -0.1      0.2
  SINCE JUL 1      0.8                       4.6   -3.8      4.4
  6 AM SNOW DEPTH  0

DEGREE DAYS
 HEATING
  YESTERDAY       24                        35    -11       24
  MONTH TO DATE  153                       171    -18      147
  SINCE DEC 1    153                       171    -18      147
  SINCE JUL 1   1020                      1452   -432     1073

 COOLING
  YESTERDAY        0                         0      0        0
  MONTH TO DATE    0                         0      0        0
  SINCE DEC 1      0                         0      0        0
  SINCE JAN 1   1195                      1077    118     1097
..................................................................


WIND (MPH)
  HIGHEST WIND SPEED    30   HIGHEST WIND DIRECTION     N (340)
  HIGHEST GUST SPEED    40   HIGHEST GUST DIRECTION     N (340)
  AVERAGE WIND SPEED    14.0


SKY COVER
  AVERAGE SKY COVER 0.3


WEATHER CONDITIONS
 THE FOLLOWING WEATHER WAS RECORDED YESTERDAY.
  NO SIGNIFICANT WEATHER WAS OBSERVED.


RELATIVE HUMIDITY (PERCENT)
 HIGHEST    70          1200 AM
 LOWEST     50           400 PM
 AVERAGE    60

..........................................................


THE HASTINGS NE CLIMATE NORMALS FOR TODAY
                         NORMAL    RECORD    YEAR
 MAXIMUM TEMPERATURE (F)   39        79      1939
 MINIMUM TEMPERATURE (F)   20       -11      1950


SUNRISE AND SUNSET
DECEMBER  6 2016......SUNRISE   743 AM CST   SUNSET   507 PM CST
DECEMBER  7 2016......SUNRISE   744 AM CST   SUNSET   507 PM CST


-  INDICATES NEGATIVE NUMBERS.
R  INDICATES RECORD WAS SET OR TIED.
MM INDICATES DATA IS MISSING.
T  INDICATES TRACE AMOUNT.




$$
