000
CDUS43 KGID 310629
CLIHSI


CLIMATE REPORT
NATIONAL WEATHER SERVICE HASTINGS NE
1228 AM CST SAT JAN 31 2015


...................................

...THE HASTINGS NE CLIMATE SUMMARY FOR JANUARY 30 2015...

CLIMATE NORMAL PERIOD 1981 TO 2010
CLIMATE RECORD PERIOD 1894 TO 2015


WEATHER ITEM   OBSERVED TIME   RECORD YEAR NORMAL DEPARTURE LAST
                VALUE   (LST)  VALUE       VALUE  FROM      YEAR
                                                  NORMAL
..................................................................
TEMPERATURE (F)
 YESTERDAY
  MAXIMUM         45    340 PM  69    2012  37      8       44
  MINIMUM         19   1204 AM -19    1918  17      2       21
  AVERAGE         32                        27      5       33

PRECIPITATION (IN)
  YESTERDAY        T             0.50 1947   0.02  -0.02      T
  MONTH TO DATE    0.07                      0.39  -0.32     0.17
  SINCE DEC 1      0.61                      1.00  -0.39     0.31
  SINCE JAN 1      0.07                      0.39  -0.32     0.17

SNOWFALL (IN)
  YESTERDAY        0.0           5.0  1947   0.3   -0.3      0.1
  MONTH TO DATE    1.2                       5.8   -4.6      2.2
  SINCE DEC 1      4.6                      11.9   -7.3      7.2
  SINCE JUL 1      6.3                      15.7   -9.4      7.6
  SNOW DEPTH       0

DEGREE DAYS
 HEATING
  YESTERDAY       33                        38     -5       32
  MONTH TO DATE 1077                      1169    -92     1157
  SINCE DEC 1   2151                      2328   -177     2410
  SINCE JUL 1   3489                      3609   -120     3675

 COOLING
  YESTERDAY        0                         0      0        0
  MONTH TO DATE    0                         0      0        0
  SINCE DEC 1      0                         0      0        0
  SINCE JAN 1      0                         0      0        0
..................................................................


WIND (MPH)
  HIGHEST WIND SPEED    17   HIGHEST WIND DIRECTION     S (200)
  HIGHEST GUST SPEED    24   HIGHEST GUST DIRECTION     S (200)
  AVERAGE WIND SPEED     9.5


SKY COVER
  AVERAGE SKY COVER 0.3


WEATHER CONDITIONS
 THE FOLLOWING WEATHER WAS RECORDED YESTERDAY.
  LIGHT RAIN


RELATIVE HUMIDITY (PERCENT)
 HIGHEST    92           900 AM
 LOWEST     41           300 PM
 AVERAGE    67

..........................................................


THE HASTINGS NE CLIMATE NORMALS FOR TODAY
                         NORMAL    RECORD    YEAR
 MAXIMUM TEMPERATURE (F)   37        70      1911
 MINIMUM TEMPERATURE (F)   17       -20      1918


SUNRISE AND SUNSET
JANUARY 31 2015.......SUNRISE   745 AM CST   SUNSET   550 PM CST
FEBRUARY  1 2015......SUNRISE   744 AM CST   SUNSET   551 PM CST


-  INDICATES NEGATIVE NUMBERS.
R  INDICATES RECORD WAS SET OR TIED.
MM INDICATES DATA IS MISSING.
T  INDICATES TRACE AMOUNT.




$$
