000
CDUS44 KHUN 250836
CLIHSV


CLIMATE REPORT
NATIONAL WEATHER SERVICE HUNTSVILLE AL
236 AM CST SUN FEB 25 2018


...................................

...THE HUNTSVILLE CLIMATE SUMMARY FOR FEBRUARY 24 2018...

CLIMATE NORMAL PERIOD 1981 TO 2010
CLIMATE RECORD PERIOD 1894 TO 2018


WEATHER ITEM   OBSERVED TIME   RECORD YEAR NORMAL DEPARTURE LAST
                VALUE   (LST)  VALUE       VALUE  FROM      YEAR
                                                  NORMAL
..................................................................
TEMPERATURE (F)
 YESTERDAY
  MAXIMUM         76   1239 PM  81    2017  59     17       81
  MINIMUM         63    350 AM  14    1967  38     25       57
  AVERAGE         70                        48     22       69

PRECIPITATION (IN)
  YESTERDAY        0.19          1.70 1979   0.18   0.01     0.06
  MONTH TO DATE    5.40                      4.13   1.27     1.08
  SINCE DEC 1     11.40                     14.79  -3.39    13.39
  SINCE JAN 1      6.92                      9.02  -2.10     7.48

SNOWFALL (IN)
  YESTERDAY        0.0
  MONTH TO DATE    0.0
  SINCE DEC 1      0.4
  SINCE JUL 1      0.4
  SNOW DEPTH       0

DEGREE DAYS
 HEATING
  YESTERDAY        0                        17    -17        0
  MONTH TO DATE  294                       477   -183      271
  SINCE DEC 1   1779                      1860    -81     1252
  SINCE JUL 1   2257                      2387   -130     1516

 COOLING
  YESTERDAY        5                         0      5        4
  MONTH TO DATE   35                         0     35        4
  SINCE DEC 1     35                         2     33        9
  SINCE JAN 1     35                         0     35        5
..................................................................


WIND (MPH)
  HIGHEST WIND SPEED    25   HIGHEST WIND DIRECTION     S (200)
  HIGHEST GUST SPEED    37   HIGHEST GUST DIRECTION     S (190)
  AVERAGE WIND SPEED    12.2


SKY COVER
  POSSIBLE SUNSHINE  MM
  AVERAGE SKY COVER 0.9


WEATHER CONDITIONS
 THE FOLLOWING WEATHER WAS RECORDED YESTERDAY.
  HEAVY RAIN
  RAIN
  LIGHT RAIN
  FOG


RELATIVE HUMIDITY (PERCENT)
 HIGHEST   100           300 AM
 LOWEST     73           200 PM
 AVERAGE    87

..........................................................


THE HUNTSVILLE CLIMATE NORMALS FOR TODAY
                         NORMAL    RECORD    YEAR
 MAXIMUM TEMPERATURE (F)   59        80      1918
 MINIMUM TEMPERATURE (F)   38         7      1967


SUNRISE AND SUNSET
FEBRUARY 25 2018......SUNRISE   621 AM CST   SUNSET   539 PM CST
FEBRUARY 26 2018......SUNRISE   620 AM CST   SUNSET   540 PM CST


-  INDICATES NEGATIVE NUMBERS.
R  INDICATES RECORD WAS SET OR TIED.
MM INDICATES DATA IS MISSING.
T  INDICATES TRACE AMOUNT.




$$
