000
CDUS44 KHUN 190704
CLIHSV


CLIMATE REPORT
NATIONAL WEATHER SERVICE HUNTSVILLE AL
204 AM CDT FRI SEP 19 2014


...................................

...THE HUNTSVILLE CLIMATE SUMMARY FOR SEPTEMBER 18 2014...

CLIMATE NORMAL PERIOD 1981 TO 2010
CLIMATE RECORD PERIOD 1894 TO 2014


WEATHER ITEM   OBSERVED TIME   RECORD YEAR NORMAL DEPARTURE LAST
                VALUE   (LST)  VALUE       VALUE  FROM      YEAR
                                                  NORMAL
..................................................................
TEMPERATURE (F)
 YESTERDAY
  MAXIMUM         86    251 PM 102    1927  84      2       82
  MINIMUM         63   1213 AM  43    1981  62      1       67
  AVERAGE         75                        73      2       75

PRECIPITATION (IN)
  YESTERDAY        0.22          1.90 1906   0.12   0.10     0.00
  MONTH TO DATE    0.49                      2.18  -1.69     1.27
  SINCE SEP 1      0.49                      2.18  -1.69     1.27
  SINCE JAN 1     38.64                     38.50   0.14    44.89

SNOWFALL (IN)
  YESTERDAY        0.0
  MONTH TO DATE    0.0
  SINCE SEP 1      0.0
  SINCE JUL 1      0.0
  SNOW DEPTH       0

DEGREE DAYS
 HEATING
  YESTERDAY        0                         0      0        0
  MONTH TO DATE    0                         0      0        0
  SINCE SEP 1      0                         0      0        0
  SINCE JUL 1      0                         0      0        0

 COOLING
  YESTERDAY       10                         8      2       10
  MONTH TO DATE  261                       198     63      208
  SINCE SEP 1    261                       198     63      208
  SINCE JAN 1   1813                      1793     20     1674
..................................................................


WIND (MPH)
  HIGHEST WIND SPEED    15   HIGHEST WIND DIRECTION     W (260)
  HIGHEST GUST SPEED    20   HIGHEST GUST DIRECTION     W (260)
  AVERAGE WIND SPEED     3.3


SKY COVER
  POSSIBLE SUNSHINE  MM
  AVERAGE SKY COVER 0.7


WEATHER CONDITIONS
 THE FOLLOWING WEATHER WAS RECORDED YESTERDAY.
  HEAVY RAIN
  RAIN
  LIGHT RAIN
  FOG
  HAZE


RELATIVE HUMIDITY (PERCENT)
 HIGHEST    87           400 AM
 LOWEST     44           200 PM
 AVERAGE    66

..........................................................


THE HUNTSVILLE CLIMATE NORMALS FOR TODAY
                         NORMAL    RECORD    YEAR
 MAXIMUM TEMPERATURE (F)   84       101      1925
 MINIMUM TEMPERATURE (F)   61        40      1981


SUNRISE AND SUNSET
SEPTEMBER 19 2014.....SUNRISE   633 AM CDT   SUNSET   648 PM CDT
SEPTEMBER 20 2014.....SUNRISE   634 AM CDT   SUNSET   647 PM CDT


-  INDICATES NEGATIVE NUMBERS.
R  INDICATES RECORD WAS SET OR TIED.
MM INDICATES DATA IS MISSING.
T  INDICATES TRACE AMOUNT.




$$
