000
CDUS44 KHUN 250706
CLIHSV


CLIMATE REPORT
NATIONAL WEATHER SERVICE HUNTSVILLE AL
205 AM CDT SUN JUN 25 2017


...................................

...THE HUNTSVILLE CLIMATE SUMMARY FOR JUNE 24 2017...

CLIMATE NORMAL PERIOD 1981 TO 2010
CLIMATE RECORD PERIOD 1894 TO 2017


WEATHER ITEM   OBSERVED TIME   RECORD YEAR NORMAL DEPARTURE LAST
                VALUE   (LST)  VALUE       VALUE  FROM      YEAR
                                                  NORMAL
..................................................................
TEMPERATURE (F)
 YESTERDAY
  MAXIMUM         87    247 PM 105    1930  90     -3       96
  MINIMUM         65   1159 PM  51    1915  69     -4       76
  AVERAGE         76                        79     -3       86

PRECIPITATION (IN)
  YESTERDAY        1.26          2.25 1894   0.15   1.11     0.00
  MONTH TO DATE    7.19                      3.41   3.78     2.82
  SINCE JUN 1      7.19                      3.41   3.78     2.82
  SINCE JAN 1     29.91                     27.78   2.13    21.12

SNOWFALL (IN)
  YESTERDAY        0.0
  MONTH TO DATE    0.0
  SINCE JUN 1      0.0
  SINCE JUL 1      T
  SNOW DEPTH       0

DEGREE DAYS
 HEATING
  YESTERDAY        0                         0      0        0
  MONTH TO DATE    0                         0      0        0
  SINCE JUN 1      0                         0      0        0
  SINCE JUL 1   1967                      3001  -1034     2253

 COOLING
  YESTERDAY       11                        14     -3       21
  MONTH TO DATE  304                       292     12      371
  SINCE JUN 1    304                       292     12      371
  SINCE JAN 1    693                       555    138      658
..................................................................


WIND (MPH)
  HIGHEST WIND SPEED    15   HIGHEST WIND DIRECTION     N (350)
  HIGHEST GUST SPEED    19   HIGHEST GUST DIRECTION     N (10)
  AVERAGE WIND SPEED     5.9


SKY COVER
  POSSIBLE SUNSHINE  MM
  AVERAGE SKY COVER 0.8


WEATHER CONDITIONS
 THE FOLLOWING WEATHER WAS RECORDED YESTERDAY.
  THUNDERSTORM
  HEAVY RAIN
  RAIN
  LIGHT RAIN
  FOG


RELATIVE HUMIDITY (PERCENT)
 HIGHEST   100          1200 AM
 LOWEST     51           300 PM
 AVERAGE    76

..........................................................


THE HUNTSVILLE CLIMATE NORMALS FOR TODAY
                         NORMAL    RECORD    YEAR
 MAXIMUM TEMPERATURE (F)   90       103      1937
                                             1931
                                             1914
 MINIMUM TEMPERATURE (F)   69        52      1974


SUNRISE AND SUNSET
JUNE 25 2017..........SUNRISE   536 AM CDT   SUNSET   804 PM CDT
JUNE 26 2017..........SUNRISE   536 AM CDT   SUNSET   804 PM CDT


-  INDICATES NEGATIVE NUMBERS.
R  INDICATES RECORD WAS SET OR TIED.
MM INDICATES DATA IS MISSING.
T  INDICATES TRACE AMOUNT.




$$
