186
CDUS43 KAPX 252127
CLIHTL


CLIMATE REPORT
NATIONAL WEATHER SERVICE GAYLORD MI
526 PM EDT MON SEP 25 2017


...................................

...THE HOUGHTON LAKE MI CLIMATE SUMMARY FOR SEPTEMBER 25 2017...
VALID TODAY AS OF 0500 PM LOCAL TIME.

CLIMATE NORMAL PERIOD 1981 TO 2010
CLIMATE RECORD PERIOD 1913 TO 2017


WEATHER ITEM   OBSERVED TIME   RECORD YEAR NORMAL DEPARTURE LAST
                VALUE   (LST)  VALUE       VALUE  FROM      YEAR
                                                  NORMAL
..................................................................
TEMPERATURE (F)
 TODAY
  MAXIMUM         89    327 PM  91    1920  65     24       70
  MINIMUM         56    553 AM  23    1932  42     14       38
  AVERAGE         73                        54     19       54

PRECIPITATION (IN)
  TODAY            0.00          2.00 2005   0.10  -0.10     0.13
  MONTH TO DATE    0.68                      2.59  -1.91     2.29
  SINCE SEP 1      0.68                      2.59  -1.91     2.29
  SINCE JAN 1     26.29                     21.71   4.58    25.90

DEGREE DAYS
 HEATING
  TODAY            0                        12    -12       11
  MONTH TO DATE  128                       190    -62       86
  SINCE SEP 1    128                       190    -62       86
  SINCE JUL 1    218                       317    -99      119

 COOLING
  TODAY            8                         0      8        0
  MONTH TO DATE   66                        18     48       48
  SINCE SEP 1     66                        18     48       48
  SINCE JAN 1    310                       283     27      457
..................................................................


WIND (MPH)
  RESULTANT WIND SPEED   1   RESULTANT WIND DIRECTION   S (190)
  HIGHEST WIND SPEED     9   HIGHEST WIND DIRECTION    SW (210)
  HIGHEST GUST SPEED    12   HIGHEST GUST DIRECTION    SW (220)
  AVERAGE WIND SPEED     3.0


SKY COVER
  POSSIBLE SUNSHINE  MM
  AVERAGE SKY COVER 0.0


WEATHER CONDITIONS
 THE FOLLOWING WEATHER WAS RECORDED TODAY.
  NO SIGNIFICANT WEATHER WAS OBSERVED.


RELATIVE HUMIDITY (PERCENT)
 HIGHEST   100           600 AM
 LOWEST     28           400 PM
 AVERAGE    64

..........................................................


THE HOUGHTON LAKE MI CLIMATE NORMALS FOR TOMORROW
                         NORMAL    RECORD    YEAR
 MAXIMUM TEMPERATURE (F)   65        89      1920
 MINIMUM TEMPERATURE (F)   42        22      1947
                                             1926


SUNRISE AND SUNSET
SEPTEMBER 25 2017.....SUNRISE   730 AM EDT   SUNSET   730 PM EDT
SEPTEMBER 26 2017.....SUNRISE   731 AM EDT   SUNSET   728 PM EDT


-  INDICATES NEGATIVE NUMBERS.
R  INDICATES RECORD WAS SET OR TIED.
MM INDICATES DATA IS MISSING.
T  INDICATES TRACE AMOUNT.




$$
