000
CDUS43 KAPX 250601
CLIHTL


CLIMATE REPORT
NATIONAL WEATHER SERVICE GAYLORD MI
201 AM EDT TUE APR 25 2017


...................................

...THE HOUGHTON LAKE MI CLIMATE SUMMARY FOR APRIL 24 2017...

CLIMATE NORMAL PERIOD 1981 TO 2010
CLIMATE RECORD PERIOD 1913 TO 2017


WEATHER ITEM   OBSERVED TIME   RECORD YEAR NORMAL DEPARTURE LAST
                VALUE   (LST)  VALUE       VALUE  FROM      YEAR
                                                  NORMAL
..................................................................
TEMPERATURE (F)
 YESTERDAY
  MAXIMUM         69    346 PM  85    1960  58     11       55
                                      1942
  MINIMUM         33    611 AM  18    2015  34     -1       35
  AVERAGE         51                        46      5       45

PRECIPITATION (IN)
  YESTERDAY        0.00          0.94 1976   0.07  -0.07     0.11
  MONTH TO DATE    4.52                      2.00   2.52     1.57
  SINCE MAR 1      7.20                      3.84   3.36     6.30
  SINCE JAN 1     12.68                      6.56   6.12     9.42

SNOWFALL (IN)
  YESTERDAY        0.0           3.8  1976   0.0    0.0      0.0
  MONTH TO DATE    T                         3.5   -3.5     11.9
  SINCE OCT 1     76.1                      66.3    9.8     58.4
  SINCE JUL 1     76.1                      66.3    9.8     58.4
  SNOW DEPTH       0

DEGREE DAYS
 HEATING
  YESTERDAY       14                        19     -5       20
  MONTH TO DATE  444                       571   -127      629
  SINCE MAR 1   1541                      1684   -143     1557
  SINCE JUL 1   6391                      7556  -1165     6470

 COOLING
  YESTERDAY        0                         0      0        0
  MONTH TO DATE    0                         0      0        0
  SINCE MAR 1      0                         0      0        0
  SINCE JAN 1      0                         0      0        0
..................................................................


WIND (MPH)
  HIGHEST WIND SPEED    16   HIGHEST WIND DIRECTION    SE (120)
  HIGHEST GUST SPEED    22   HIGHEST GUST DIRECTION    SE (150)
  AVERAGE WIND SPEED     9.2




RELATIVE HUMIDITY (PERCENT)
 HIGHEST    75
 LOWEST     29
 AVERAGE    52

..........................................................


THE HOUGHTON LAKE MI CLIMATE NORMALS FOR TODAY
                         NORMAL    RECORD    YEAR
 MAXIMUM TEMPERATURE (F)   59        87      1939
 MINIMUM TEMPERATURE (F)   35        18      1927


SUNRISE AND SUNSET
APRIL 25 2017.........SUNRISE   638 AM EDT   SUNSET   836 PM EDT
APRIL 26 2017.........SUNRISE   637 AM EDT   SUNSET   837 PM EDT


-  INDICATES NEGATIVE NUMBERS.
R  INDICATES RECORD WAS SET OR TIED.
MM INDICATES DATA IS MISSING.
T  INDICATES TRACE AMOUNT.




$$
