730
CDUS43 KAPX 220540
CLIHTL


CLIMATE REPORT
NATIONAL WEATHER SERVICE GAYLORD MI
1236 AM EST MON JAN 22 2018


...................................

...THE HOUGHTON LAKE MI CLIMATE SUMMARY FOR JANUARY 21 2018...

CLIMATE NORMAL PERIOD 1981 TO 2010
CLIMATE RECORD PERIOD 1913 TO 2018


WEATHER ITEM   OBSERVED TIME   RECORD YEAR NORMAL DEPARTURE LAST
                VALUE   (LST)  VALUE       VALUE  FROM      YEAR
                                                  NORMAL
..................................................................
TEMPERATURE (F)
 YESTERDAY
  MAXIMUM         42    404 PM  50    1933  26     16       43
  MINIMUM         25    856 AM -19    1984   9     16       32
                                      1970
  AVERAGE         34                        18     16       38

PRECIPITATION (IN)
  YESTERDAY        0.00          0.47 1974   0.04  -0.04     0.04
  MONTH TO DATE    0.84                      1.08  -0.24     1.91
  SINCE DEC 1      2.32                      2.73  -0.41     4.13
  SINCE JAN 1      0.84                      1.08  -0.24     1.91

SNOWFALL (IN)
  YESTERDAY        0.0           4.0  2006   0.5   -0.5      0.0
                                      1917
  MONTH TO DATE    2.6                      11.5   -8.9     10.3
  SINCE OCT 1     22.6                      36.5  -13.9     52.5
  SINCE JUL 1     22.6                      36.5  -13.9     52.5
  SNOW DEPTH       2

DEGREE DAYS
 HEATING
  YESTERDAY       31                        48    -17       27
  MONTH TO DATE 1008                       979     29      889
  SINCE DEC 1   2406                      2253    153     2131
  SINCE JUL 1   4007                      4136   -129     3451
..................................................................


WIND (MPH)
  HIGHEST WIND SPEED     7   HIGHEST WIND DIRECTION    SW (240)
  HIGHEST GUST SPEED     8   HIGHEST GUST DIRECTION    SW (240)
  AVERAGE WIND SPEED     1.2




RELATIVE HUMIDITY (PERCENT)
 HIGHEST   100
 LOWEST     70
 AVERAGE    85

..........................................................


THE HOUGHTON LAKE MI CLIMATE NORMALS FOR TODAY
                         NORMAL    RECORD    YEAR
 MAXIMUM TEMPERATURE (F)   26        48      1933
 MINIMUM TEMPERATURE (F)    9       -17      1991


SUNRISE AND SUNSET
JANUARY 22 2018.......SUNRISE   807 AM EST   SUNSET   535 PM EST
JANUARY 23 2018.......SUNRISE   806 AM EST   SUNSET   536 PM EST


-  INDICATES NEGATIVE NUMBERS.
R  INDICATES RECORD WAS SET OR TIED.
MM INDICATES DATA IS MISSING.
T  INDICATES TRACE AMOUNT.




$$
