000
CDUS43 KAPX 260536
CLIHTL


CLIMATE REPORT
NATIONAL WEATHER SERVICE GAYLORD MI
134 AM EDT SUN MAR 26 2017


...................................

...THE HOUGHTON LAKE MI CLIMATE SUMMARY FOR MARCH 25 2017...

CLIMATE NORMAL PERIOD 1981 TO 2010
CLIMATE RECORD PERIOD 1913 TO 2017


WEATHER ITEM   OBSERVED TIME   RECORD YEAR NORMAL DEPARTURE LAST
                VALUE   (LST)  VALUE       VALUE  FROM      YEAR
                                                  NORMAL
..................................................................
TEMPERATURE (F)
 YESTERDAY
  MAXIMUM         35    459 PM  75    1945  44     -9       40
  MINIMUM         33   1038 PM -16    1974  22     11       22
  AVERAGE         34                        33      1       31

PRECIPITATION (IN)
  YESTERDAY        0.22          0.51 1947   0.06   0.16      T
  MONTH TO DATE    2.03                      1.43   0.60     3.08
  SINCE MAR 1      2.03                      1.43   0.60     3.08
  SINCE JAN 1      7.51                      4.15   3.36     6.20

SNOWFALL (IN)
  YESTERDAY        0.0           6.3  1947   0.2   -0.2       T
  MONTH TO DATE    9.4                       7.0    2.4     13.1
  SINCE OCT 1     75.8                      61.5   14.3     46.5
  SINCE JUL 1     75.8                      61.5   14.3     46.5
  SNOW DEPTH       0

DEGREE DAYS
 HEATING
  YESTERDAY       31                        32     -1       34
  MONTH TO DATE  937                       930      7      780
  SINCE MAR 1    937                       930      7      780
  SINCE JUL 1   5787                      6802  -1015     5693

 COOLING
  YESTERDAY        0                         0      0        0
  MONTH TO DATE    0                         0      0        0
  SINCE MAR 1      0                         0      0        0
  SINCE JAN 1      0                         0      0        0
..................................................................


WIND (MPH)
  HIGHEST WIND SPEED    22   HIGHEST WIND DIRECTION     E (70)
  HIGHEST GUST SPEED    28   HIGHEST GUST DIRECTION     E (70)
  AVERAGE WIND SPEED    13.4




RELATIVE HUMIDITY (PERCENT)
 HIGHEST    96
 LOWEST     82
 AVERAGE    89

..........................................................


THE HOUGHTON LAKE MI CLIMATE NORMALS FOR TODAY
                         NORMAL    RECORD    YEAR
 MAXIMUM TEMPERATURE (F)   44        75      1925
 MINIMUM TEMPERATURE (F)   22       -12      2014
                                             1923


SUNRISE AND SUNSET
MARCH 26 2017.........SUNRISE   730 AM EDT   SUNSET   759 PM EDT
MARCH 27 2017.........SUNRISE   729 AM EDT   SUNSET   800 PM EDT


-  INDICATES NEGATIVE NUMBERS.
R  INDICATES RECORD WAS SET OR TIED.
MM INDICATES DATA IS MISSING.
T  INDICATES TRACE AMOUNT.




$$
