000
CDUS43 KAPX 240528
CLIHTL


CLIMATE REPORT
NATIONAL WEATHER SERVICE GAYLORD MI
128 AM EDT FRI OCT 24 2014


...................................

...THE HOUGHTON LAKE MI CLIMATE SUMMARY FOR OCTOBER 23 2014...

CLIMATE NORMAL PERIOD 1981 TO 2010
CLIMATE RECORD PERIOD 1913 TO 2014


WEATHER ITEM   OBSERVED TIME   RECORD YEAR NORMAL DEPARTURE LAST
                VALUE   (LST)  VALUE       VALUE  FROM      YEAR
                                                  NORMAL
..................................................................
TEMPERATURE (F)
 YESTERDAY
  MAXIMUM         52    356 PM  81    1963  53     -1       42
  MINIMUM         24    557 AM  16    1969  34    -10       29
  AVERAGE         38                        43     -5       36

PRECIPITATION (IN)
  YESTERDAY        0.00          1.84 1959   0.08  -0.08     0.01
  MONTH TO DATE    2.53                      1.93   0.60     2.36
  SINCE SEP 1      5.76                      5.03   0.73     4.17
  SINCE JAN 1     25.64                     24.15   1.49    24.27

SNOWFALL (IN)
  YESTERDAY        0.0           1.6  1981   0.0    0.0       T
  MONTH TO DATE    0.0                       0.2   -0.2       T
  SINCE OCT 1      0.0                       0.2   -0.2       T
  SINCE JUL 1      0.0                       0.2   -0.2       T
  SNOW DEPTH       0

DEGREE DAYS
 HEATING
  YESTERDAY       27                        22      5       29
  MONTH TO DATE  394                       412    -18      332
  SINCE SEP 1    645                       666    -21      594
  SINCE JUL 1    801                       793      8      719

 COOLING
  YESTERDAY        0                         0      0        0
  MONTH TO DATE    0                         0      0        0
  SINCE SEP 1     15                        20     -5       35
  SINCE JAN 1    210                       285    -75      381
..................................................................


WIND (MPH)
  HIGHEST WIND SPEED    12   HIGHEST WIND DIRECTION     W (250)
  HIGHEST GUST SPEED    15   HIGHEST GUST DIRECTION     W (280)
  AVERAGE WIND SPEED     2.1




RELATIVE HUMIDITY (PERCENT)
 HIGHEST   100
 LOWEST     54
 AVERAGE    77

..........................................................


THE HOUGHTON LAKE MI CLIMATE NORMALS FOR TODAY
                         NORMAL    RECORD    YEAR
 MAXIMUM TEMPERATURE (F)   52        80      1963
 MINIMUM TEMPERATURE (F)   34        20      1922


SUNRISE AND SUNSET
OCTOBER 24 2014.......SUNRISE   805 AM EDT   SUNSET   640 PM EDT
OCTOBER 25 2014.......SUNRISE   807 AM EDT   SUNSET   638 PM EDT


-  INDICATES NEGATIVE NUMBERS.
R  INDICATES RECORD WAS SET OR TIED.
MM INDICATES DATA IS MISSING.
T  INDICATES TRACE AMOUNT.




$$
