000
CDUS43 KAPX 010529
CLIHTL


CLIMATE REPORT
NATIONAL WEATHER SERVICE GAYLORD MI
128 AM EDT SUN MAY 1 2016


...................................

...THE HOUGHTON LAKE MI CLIMATE SUMMARY FOR APRIL 30 2016...

CLIMATE NORMAL PERIOD 1981 TO 2010
CLIMATE RECORD PERIOD 1913 TO 2016


WEATHER ITEM   OBSERVED TIME   RECORD YEAR NORMAL DEPARTURE LAST
                VALUE   (LST)  VALUE       VALUE  FROM      YEAR
                                                  NORMAL
..................................................................
TEMPERATURE (F)
 YESTERDAY
  MAXIMUM         58    233 PM  84    1942  61     -3       63
  MINIMUM         30    449 AM  11    1931  37     -7       33
  AVERAGE         44                        49     -5       48

PRECIPITATION (IN)
  YESTERDAY        0.00          1.00 1975   0.08  -0.08     0.00
  MONTH TO DATE    2.14                      2.48  -0.34     2.26
  SINCE MAR 1      6.87                      4.32   2.55     2.73
  SINCE JAN 1      9.99                      7.04   2.95     4.54

SNOWFALL (IN)
  YESTERDAY        0.0           3.1  1994   0.0    0.0      0.0
  MONTH TO DATE   11.9                       3.7    8.2      1.0
  SINCE OCT 1     58.4                      66.5   -8.1     44.2
  SINCE JUL 1     58.4                      66.5   -8.1     44.2
  SNOW DEPTH       0

DEGREE DAYS
 HEATING
  YESTERDAY       21                        16      5       17
  MONTH TO DATE  755                       675     80      687
  SINCE MAR 1   1683                      1789   -106     1854
  SINCE JUL 1   6596                      7661  -1065     8221

 COOLING
  YESTERDAY        0                         0      0        0
  MONTH TO DATE    0                         2     -2        0
  SINCE MAR 1      0                         2     -2        0
  SINCE JAN 1      0                         2     -2        0
..................................................................


WIND (MPH)
  HIGHEST WIND SPEED    16   HIGHEST WIND DIRECTION     E (110)
  HIGHEST GUST SPEED    22   HIGHEST GUST DIRECTION     E (110)
  AVERAGE WIND SPEED     7.1




RELATIVE HUMIDITY (PERCENT)
 HIGHEST    92
 LOWEST     33
 AVERAGE    63

..........................................................


THE HOUGHTON LAKE MI CLIMATE NORMALS FOR TODAY
                         NORMAL    RECORD    YEAR
 MAXIMUM TEMPERATURE (F)   61        85      1942
 MINIMUM TEMPERATURE (F)   37        20      1943
                                             1924


SUNRISE AND SUNSET
MAY  1 2016...........SUNRISE   629 AM EDT   SUNSET   843 PM EDT
MAY  2 2016...........SUNRISE   627 AM EDT   SUNSET   845 PM EDT


-  INDICATES NEGATIVE NUMBERS.
R  INDICATES RECORD WAS SET OR TIED.
MM INDICATES DATA IS MISSING.
T  INDICATES TRACE AMOUNT.




$$
