000
CDUS41 KRLX 260716
CLIHTS


CLIMATE REPORT
NATIONAL WEATHER SERVICE CHARLESTON WV
316 AM EDT MON SEP 26 2016


...................................

...THE HUNTINGTON WV CLIMATE SUMMARY FOR SEPTEMBER 25 2016...

CLIMATE NORMAL PERIOD 1981 TO 2010
CLIMATE RECORD PERIOD 1897 TO 2016


WEATHER ITEM   OBSERVED TIME   RECORD YEAR NORMAL DEPARTURE LAST
                VALUE   (LST)  VALUE       VALUE  FROM      YEAR
                                                  NORMAL
..................................................................
TEMPERATURE (F)
 YESTERDAY
  MAXIMUM         88    357 PM  96    2007  75     13       69
  MINIMUM         63    647 AM  35    1983  53     10       57
  AVERAGE         76                        64     12       63

PRECIPITATION (IN)
  YESTERDAY        0.00          2.17 1940   0.08  -0.08     0.12
  MONTH TO DATE    0.34                      2.34  -2.00     3.56
  SINCE JAN 1     36.43                     32.59   3.84    38.36

SNOWFALL (IN)
  YESTERDAY        0.0
  MONTH TO DATE    0.0
  SINCE SEP 1      0.0
  SNOW DEPTH       0

DEGREE DAYS
 HEATING
  YESTERDAY        0                         4     -4        2
  MONTH TO DATE    0                        33    -33       23
  SINCE SEP 1      0                        33    -33       23
  SINCE JUL 1      0                        35    -35       23

 COOLING
  YESTERDAY       11                         2      9        0
  MONTH TO DATE  269                       123    146      147
  SINCE SEP 1    269                       123    146      147
  SINCE JAN 1   1519                      1100    419     1115
..................................................................


WIND (MPH)
  HIGHEST WIND SPEED     9   HIGHEST WIND DIRECTION    NW (320)
  HIGHEST GUST SPEED    12   HIGHEST GUST DIRECTION    NW (320)
  AVERAGE WIND SPEED     3.1


SKY COVER
  POSSIBLE SUNSHINE  MM


WEATHER CONDITIONS
 THE FOLLOWING WEATHER WAS RECORDED YESTERDAY.
  NO SIGNIFICANT WEATHER WAS OBSERVED.


RELATIVE HUMIDITY (PERCENT)
 HIGHEST    93          1100 PM
 LOWEST     40           300 PM
 AVERAGE    67

..........................................................


THE HUNTINGTON WV CLIMATE NORMALS FOR TODAY
                         NORMAL    RECORD    YEAR
 MAXIMUM TEMPERATURE (F)   75        95      1908
 MINIMUM TEMPERATURE (F)   52        37      1899


SUNRISE AND SUNSET
SEPTEMBER 26 2016.....SUNRISE   722 AM EDT   SUNSET   720 PM EDT
SEPTEMBER 27 2016.....SUNRISE   723 AM EDT   SUNSET   719 PM EDT


-  INDICATES NEGATIVE NUMBERS.
R  INDICATES RECORD WAS SET OR TIED.
MM INDICATES DATA IS MISSING.
T  INDICATES TRACE AMOUNT.




$$
