000
CDUS41 KRLX 160816
CLIHTS


CLIMATE REPORT
NATIONAL WEATHER SERVICE CHARLESTON WV
316 AM EST TUE JAN 16 2018


...................................

...THE HUNTINGTON WV CLIMATE SUMMARY FOR JANUARY 15 2018...

CLIMATE NORMAL PERIOD 1981 TO 2010
CLIMATE RECORD PERIOD 1897 TO 2018


WEATHER ITEM   OBSERVED TIME   RECORD YEAR NORMAL DEPARTURE LAST
                VALUE   (LST)  VALUE       VALUE  FROM      YEAR
                                                  NORMAL
..................................................................
TEMPERATURE (F)
 YESTERDAY
  MAXIMUM         39    538 PM  70    1950  42     -3       40
                                      1932
  MINIMUM         11    252 AM  -4    1972  25    -14       36
  AVERAGE         25                        34     -9       38

PRECIPITATION (IN)
  YESTERDAY        0.02          1.50 1898   0.10  -0.08     0.13
  MONTH TO DATE    1.76                      1.43   0.33     2.33
  SINCE JAN 1      1.76                      1.43   0.33     2.33

SNOWFALL (IN)
  YESTERDAY        0.2           3.0  1893   0.2    0.0      0.0
  MONTH TO DATE    1.4                       3.1   -1.7      2.3
  SINCE SEP 1      1.8                       7.7   -5.9      4.1
  SNOW DEPTH       1

DEGREE DAYS
 HEATING
  YESTERDAY       40                        32      8       27
  MONTH TO DATE  575                       469    106      403
  SINCE DEC 1   1485                      1337    148     1212
  SINCE JUL 1   2257                      2224     33     1810

 COOLING
  YESTERDAY        0                         0      0        0
  MONTH TO DATE    0                         0      0        0
  SINCE DEC 1      0                         1     -1        0
  SINCE JAN 1      0                         0      0        0
..................................................................


WIND (MPH)
  HIGHEST WIND SPEED    15   HIGHEST WIND DIRECTION     S (180)
  HIGHEST GUST SPEED    20   HIGHEST GUST DIRECTION     S (170)
  AVERAGE WIND SPEED     4.6


SKY COVER
  POSSIBLE SUNSHINE  MM
  AVERAGE SKY COVER 0.8


WEATHER CONDITIONS
 THE FOLLOWING WEATHER WAS RECORDED YESTERDAY.
  LIGHT SNOW
  FOG


RELATIVE HUMIDITY (PERCENT)
 HIGHEST    92           300 AM
 LOWEST     48           500 PM
 AVERAGE    70

..........................................................


THE HUNTINGTON WV CLIMATE NORMALS FOR TODAY
                         NORMAL    RECORD    YEAR
 MAXIMUM TEMPERATURE (F)   42        72      1949
 MINIMUM TEMPERATURE (F)   25        -9      1994
                                             1972


SUNRISE AND SUNSET
JANUARY 16 2018.......SUNRISE   745 AM EST   SUNSET   535 PM EST
JANUARY 17 2018.......SUNRISE   745 AM EST   SUNSET   536 PM EST


-  INDICATES NEGATIVE NUMBERS.
R  INDICATES RECORD WAS SET OR TIED.
MM INDICATES DATA IS MISSING.
T  INDICATES TRACE AMOUNT.




$$
