000
CDUS41 KRLX 290717
CLIHTS


CLIMATE REPORT
NATIONAL WEATHER SERVICE CHARLESTON WV
316 AM EDT MON AUG 29 2016


...................................

...THE HUNTINGTON WV CLIMATE SUMMARY FOR AUGUST 28 2016...

CLIMATE NORMAL PERIOD 1981 TO 2010
CLIMATE RECORD PERIOD 1897 TO 2016


WEATHER ITEM   OBSERVED TIME   RECORD YEAR NORMAL DEPARTURE LAST
                VALUE   (LST)  VALUE       VALUE  FROM      YEAR
                                                  NORMAL
..................................................................
TEMPERATURE (F)
 YESTERDAY
  MAXIMUM         93    315 PM 103    1948  85      8       84
  MINIMUM         72    409 AM  49    1986  63      9       54
  AVERAGE         83                        74      9       69

PRECIPITATION (IN)
  YESTERDAY        0.00          2.15 1893   0.11  -0.11     0.00
  MONTH TO DATE    3.19                      3.41  -0.22     1.20
  SINCE JAN 1     36.01                     29.92   6.09    34.80

SNOWFALL (IN)
  YESTERDAY        0.0
  MONTH TO DATE    0.0
  SINCE SEP 1     23.8
  SNOW DEPTH       0

DEGREE DAYS
 HEATING
  YESTERDAY        0                         0      0        0
  MONTH TO DATE    0                         0      0        0
  SINCE JUN 1      1                        12    -11       14
  SINCE JUL 1      0                         0      0        0

 COOLING
  YESTERDAY       18                         9      9        4
  MONTH TO DATE  394                       284    110      202
  SINCE JUN 1   1066                       841    225      772
  SINCE JAN 1   1206                       954    252      938
..................................................................


WIND (MPH)
  HIGHEST WIND SPEED    13   HIGHEST WIND DIRECTION    NW (330)
  HIGHEST GUST SPEED    17   HIGHEST GUST DIRECTION    NW (320)
  AVERAGE WIND SPEED     2.9


SKY COVER
  POSSIBLE SUNSHINE  MM


WEATHER CONDITIONS
 THE FOLLOWING WEATHER WAS RECORDED YESTERDAY.
  FOG


RELATIVE HUMIDITY (PERCENT)
 HIGHEST    93           100 AM
 LOWEST     51           400 PM
 AVERAGE    72

..........................................................


THE HUNTINGTON WV CLIMATE NORMALS FOR TODAY
                         NORMAL    RECORD    YEAR
 MAXIMUM TEMPERATURE (F)   84       102      1948
 MINIMUM TEMPERATURE (F)   63        43      1986
                                             1965


SUNRISE AND SUNSET
AUGUST 29 2016........SUNRISE   657 AM EDT   SUNSET   804 PM EDT
AUGUST 30 2016........SUNRISE   658 AM EDT   SUNSET   802 PM EDT


-  INDICATES NEGATIVE NUMBERS.
R  INDICATES RECORD WAS SET OR TIED.
MM INDICATES DATA IS MISSING.
T  INDICATES TRACE AMOUNT.




$$
