000
CDUS43 KIND 300549
CLIHUF


CLIMATE REPORT
NATIONAL WEATHER SERVICE INDIANAPOLIS IN
147 AM EDT SUN AUG 30 2015


...................................

...THE TERRE HAUTE IN CLIMATE SUMMARY FOR AUGUST 29 2015...

CLIMATE NORMAL PERIOD 1981 TO 2010
CLIMATE RECORD PERIOD 9999 TO 9999


WEATHER ITEM   OBSERVED TIME   NORMAL DEPARTURE LAST
                VALUE   (LST)  VALUE  FROM      YEAR
                                      NORMAL
......................................................
TEMPERATURE (F)
 YESTERDAY
  MAXIMUM         83    253 PM  83      0       89
  MINIMUM         63    511 AM  60      3       70
  AVERAGE         73            72      1       80

PRECIPITATION (IN)
  YESTERDAY        0.00          0.15  -0.15     0.09
  MONTH TO DATE    0.65          3.30  -2.65     2.78
  SINCE JUN 1     10.75         12.53  -1.78    13.11
  SINCE JAN 1     25.38         30.97  -5.59    28.12

DEGREE DAYS
 HEATING
  YESTERDAY        0             0      0        0
  MONTH TO DATE    4             0      4        3
  SINCE JUN 1     17            14      3       13
  SINCE JUL 1      4             1      3       11

 COOLING
  YESTERDAY        8             7      1       15
  MONTH TO DATE  198           235    -37      246
  SINCE JUN 1    766           781    -15      700
  SINCE JAN 1    910           867     43      827
......................................................


WIND (MPH)
  HIGHEST WIND SPEED    14   HIGHEST WIND DIRECTION     S (180)
  HIGHEST GUST SPEED    19   HIGHEST GUST DIRECTION     S (190)
  AVERAGE WIND SPEED     4.6


SKY COVER
  AVERAGE SKY COVER 0.1


WEATHER CONDITIONS
 THE FOLLOWING WEATHER WAS RECORDED YESTERDAY.
  NO SIGNIFICANT WEATHER WAS OBSERVED.


RELATIVE HUMIDITY (PERCENT)
 HIGHEST    87          1200 AM
 LOWEST     62           400 PM
 AVERAGE    75

..........................................................


THE TERRE HAUTE IN CLIMATE NORMALS FOR TODAY
                         NORMAL
 MAXIMUM TEMPERATURE (F)   83
 MINIMUM TEMPERATURE (F)   60


SUNRISE AND SUNSET
AUGUST 30 2015........SUNRISE   715 AM EDT   SUNSET   824 PM EDT
AUGUST 31 2015........SUNRISE   716 AM EDT   SUNSET   822 PM EDT


-  INDICATES NEGATIVE NUMBERS.
R  INDICATES RECORD WAS SET OR TIED.
MM INDICATES DATA IS MISSING.
T  INDICATES TRACE AMOUNT.




$$
