000
CDUS43 KIND 260532
CLIHUF


CLIMATE REPORT
NATIONAL WEATHER SERVICE INDIANAPOLIS IN
1232 AM EST WED NOV 26 2014


...................................

...THE TERRE HAUTE IN CLIMATE SUMMARY FOR NOVEMBER 25 2014...

CLIMATE NORMAL PERIOD 1981 TO 2010
CLIMATE RECORD PERIOD 9999 TO 9999


WEATHER ITEM   OBSERVED TIME   NORMAL DEPARTURE LAST
                VALUE   (LST)  VALUE  FROM      YEAR
                                      NORMAL
......................................................
TEMPERATURE (F)
 YESTERDAY
  MAXIMUM         37   1201 AM  48    -11       34
  MINIMUM         28   1159 PM  31     -3       19
  AVERAGE         33            39     -6       27

PRECIPITATION (IN)
  YESTERDAY        0.00          0.12  -0.12      T
  MONTH TO DATE    2.04          3.19  -1.15     2.80
  SINCE SEP 1     12.28         10.18   2.10     8.33
  SINCE JAN 1     40.41         41.46  -1.05    41.36

DEGREE DAYS
 HEATING
  YESTERDAY       32            26      6       38
  MONTH TO DATE  708           515    193      536
  SINCE SEP 1   1140           937    203      935
  SINCE JUL 1   1151           942    209      945

 COOLING
  YESTERDAY        0             0      0        0
  MONTH TO DATE    0             0      0        0
  SINCE SEP 1     88           114    -26      181
  SINCE JAN 1    939           993    -54     1056
......................................................


WIND (MPH)
  HIGHEST WIND SPEED    20   HIGHEST WIND DIRECTION     W (270)
  HIGHEST GUST SPEED    25   HIGHEST GUST DIRECTION     W (270)
  AVERAGE WIND SPEED     7.2


SKY COVER
  AVERAGE SKY COVER 1.0


WEATHER CONDITIONS
 THE FOLLOWING WEATHER WAS RECORDED YESTERDAY.
  NO SIGNIFICANT WEATHER WAS OBSERVED.


RELATIVE HUMIDITY (PERCENT)
 HIGHEST    78          1000 AM
 LOWEST     64          1200 AM
 AVERAGE    71

..........................................................


THE TERRE HAUTE IN CLIMATE NORMALS FOR TODAY
                         NORMAL
 MAXIMUM TEMPERATURE (F)   47
 MINIMUM TEMPERATURE (F)   30


SUNRISE AND SUNSET
NOVEMBER 26 2014......SUNRISE   745 AM EST   SUNSET   528 PM EST
NOVEMBER 27 2014......SUNRISE   746 AM EST   SUNSET   527 PM EST


-  INDICATES NEGATIVE NUMBERS.
R  INDICATES RECORD WAS SET OR TIED.
MM INDICATES DATA IS MISSING.
T  INDICATES TRACE AMOUNT.




$$
