000
CDUS43 KIND 270531
CLIHUF


CLIMATE REPORT
NATIONAL WEATHER SERVICE INDIANAPOLIS IN
130 AM EDT TUE SEP 27 2016


...................................

...THE TERRE HAUTE IN CLIMATE SUMMARY FOR SEPTEMBER 26 2016...

CLIMATE NORMAL PERIOD 1981 TO 2010
CLIMATE RECORD PERIOD 9999 TO 9999


WEATHER ITEM   OBSERVED TIME   NORMAL DEPARTURE LAST
                VALUE   (LST)  VALUE  FROM      YEAR
                                      NORMAL
......................................................
TEMPERATURE (F)
 YESTERDAY
  MAXIMUM         74    416 PM  74      0       76
  MINIMUM         50   1106 PM  49      1       56
  AVERAGE         62            62      0       66

PRECIPITATION (IN)
  YESTERDAY        0.07          0.09  -0.02     0.00
  MONTH TO DATE    3.22          3.00   0.22     1.61
  SINCE SEP 1      3.22          3.00   0.22     1.61
  SINCE JAN 1     30.18         34.28  -4.10    26.99

DEGREE DAYS
 HEATING
  YESTERDAY        3             5     -2        0
  MONTH TO DATE    3            49    -46       32
  SINCE SEP 1      3            49    -46       32
  SINCE JUL 1      7            54    -47       36

 COOLING
  YESTERDAY        0             2     -2        1
  MONTH TO DATE  191            93     98      141
  SINCE SEP 1    191            93     98      141
  SINCE JAN 1   1339           972    367     1070
......................................................


WIND (MPH)
  HIGHEST WIND SPEED    20   HIGHEST WIND DIRECTION    NW (320)
  HIGHEST GUST SPEED    27   HIGHEST GUST DIRECTION    NW (320)
  AVERAGE WIND SPEED     7.8


SKY COVER
  AVERAGE SKY COVER 0.3


WEATHER CONDITIONS
 THE FOLLOWING WEATHER WAS RECORDED YESTERDAY.
  THUNDERSTORM
  HEAVY RAIN
  LIGHT RAIN
  FOG


RELATIVE HUMIDITY (PERCENT)
 HIGHEST    87           700 AM
 LOWEST     23           400 PM
 AVERAGE    55

..........................................................


THE TERRE HAUTE IN CLIMATE NORMALS FOR TODAY
                         NORMAL
 MAXIMUM TEMPERATURE (F)   74
 MINIMUM TEMPERATURE (F)   49


SUNRISE AND SUNSET
SEPTEMBER 27 2016.....SUNRISE   742 AM EDT   SUNSET   737 PM EDT
SEPTEMBER 28 2016.....SUNRISE   743 AM EDT   SUNSET   736 PM EDT


-  INDICATES NEGATIVE NUMBERS.
R  INDICATES RECORD WAS SET OR TIED.
MM INDICATES DATA IS MISSING.
T  INDICATES TRACE AMOUNT.




$$
