000
CDUS43 KIND 300533
CLIHUF


CLIMATE REPORT
NATIONAL WEATHER SERVICE INDIANAPOLIS IN
133 AM EDT SAT JUL 30 2016


...................................

...THE TERRE HAUTE IN CLIMATE SUMMARY FOR JULY 29 2016...

CLIMATE NORMAL PERIOD 1981 TO 2010
CLIMATE RECORD PERIOD 9999 TO 9999


WEATHER ITEM   OBSERVED TIME   NORMAL DEPARTURE LAST
                VALUE   (LST)  VALUE  FROM      YEAR
                                      NORMAL
......................................................
TEMPERATURE (F)
 YESTERDAY
  MAXIMUM         86   1241 PM  85      1       88
  MINIMUM         68    620 AM  64      4       70
  AVERAGE         77            74      3       79

PRECIPITATION (IN)
  YESTERDAY        0.08          0.13  -0.05     0.08
  MONTH TO DATE    7.32          4.55   2.77     2.46
  SINCE JUN 1     11.81          8.99   2.82    10.10
  SINCE JAN 1     25.59         27.43  -1.84    24.73

DEGREE DAYS
 HEATING
  YESTERDAY        0             0      0        0
  MONTH TO DATE    4             0      4        0
  SINCE JUN 1      5            13     -8       13
  SINCE JUL 1      4             0      4        0

 COOLING
  YESTERDAY       12             9      3       14
  MONTH TO DATE  332           292     40      291
  SINCE JUN 1    650           527    123      547
  SINCE JAN 1    738           613    125      691
......................................................


WIND (MPH)
  HIGHEST WIND SPEED    13   HIGHEST WIND DIRECTION     S (200)
  HIGHEST GUST SPEED    19   HIGHEST GUST DIRECTION     S (200)
  AVERAGE WIND SPEED     2.6


SKY COVER
  AVERAGE SKY COVER 0.3


WEATHER CONDITIONS
 THE FOLLOWING WEATHER WAS RECORDED YESTERDAY.
  THUNDERSTORM
  LIGHT RAIN
  FOG
  FOG W/VISIBILITY <= 1/4 MILE


RELATIVE HUMIDITY (PERCENT)
 HIGHEST    97           100 AM
 LOWEST     61          1200 PM
 AVERAGE    79

..........................................................


THE TERRE HAUTE IN CLIMATE NORMALS FOR TODAY
                         NORMAL
 MAXIMUM TEMPERATURE (F)   85
 MINIMUM TEMPERATURE (F)   64


SUNRISE AND SUNSET
JULY 30 2016..........SUNRISE   648 AM EDT   SUNSET   903 PM EDT
JULY 31 2016..........SUNRISE   648 AM EDT   SUNSET   902 PM EDT


-  INDICATES NEGATIVE NUMBERS.
R  INDICATES RECORD WAS SET OR TIED.
MM INDICATES DATA IS MISSING.
T  INDICATES TRACE AMOUNT.




$$
