000
CDUS41 KCAR 060527
CLIHUL


CLIMATE REPORT
NATIONAL WEATHER SERVICE CARIBOU, ME
127 AM EDT FRI MAY 6 2016


...................................

...THE HOULTON ME CLIMATE SUMMARY FOR MAY 5 2016...

CLIMATE NORMAL PERIOD 1981 TO 2010
CLIMATE RECORD PERIOD 1948 TO 2016


WEATHER ITEM   OBSERVED TIME   RECORD YEAR NORMAL DEPARTURE LAST
                VALUE   (LST)  VALUE       VALUE  FROM      YEAR
                                                  NORMAL
..................................................................
TEMPERATURE (F)
 YESTERDAY
  MAXIMUM         50    440 PM  83    1944  60    -10       68
  MINIMUM         39    618 AM  25    1977  35      4       43
  AVERAGE         45                        48     -3       56

PRECIPITATION (IN)
  YESTERDAY        0.08          0.59 1994   0.11  -0.03      T
  MONTH TO DATE    0.54                      0.51   0.03      T
  SINCE MAR 1      7.30                      6.98   0.32     3.34
  SINCE JAN 1     12.26                     11.84   0.42     5.44

SNOWFALL (IN)
  YESTERDAY       MM             T    1984   0.0   MM       MM
  MONTH TO DATE   MM                         0.0   MM       MM
  SINCE MAR 1     MM                        23.8   MM       MM
  SINCE JUL 1     MM                        89.4   MM       MM
  SNOW DEPTH      MM

DEGREE DAYS
 HEATING
  YESTERDAY       20                        17      3        9
  MONTH TO DATE  100                        91      9       61
  SINCE MAR 1   2128                      2091     37     2296
  SINCE JUL 1   7746                      8664   -918     8864

 COOLING
  YESTERDAY        0                         0      0        0
  MONTH TO DATE    0                         0      0        0
  SINCE MAR 1      0                         0      0        0
  SINCE JAN 1      0                         0      0        0
..................................................................


WIND (MPH)
  HIGHEST WIND SPEED    18   HIGHEST WIND DIRECTION     N (20)
  HIGHEST GUST SPEED    24   HIGHEST GUST DIRECTION    NE (30)
  AVERAGE WIND SPEED    10.7


SKY COVER
  POSSIBLE SUNSHINE  MM
  AVERAGE SKY COVER 1.0


WEATHER CONDITIONS
 THE FOLLOWING WEATHER WAS RECORDED YESTERDAY.
  LIGHT RAIN
  FOG
  HAZE


RELATIVE HUMIDITY (PERCENT)
 HIGHEST    92           700 AM
 LOWEST     66           300 PM
 AVERAGE    79

..........................................................


THE HOULTON ME CLIMATE NORMALS FOR TODAY
                         NORMAL    RECORD    YEAR
 MAXIMUM TEMPERATURE (F)   60        82      1960
 MINIMUM TEMPERATURE (F)   36        22      1974


SUNRISE AND SUNSET
MAY  6 2016...........SUNRISE   510 AM EDT   SUNSET   747 PM EDT
MAY  7 2016...........SUNRISE   508 AM EDT   SUNSET   748 PM EDT


-  INDICATES NEGATIVE NUMBERS.
R  INDICATES RECORD WAS SET OR TIED.
MM INDICATES DATA IS MISSING.
T  INDICATES TRACE AMOUNT.




$$
