000
CDUS41 KCAR 290540
CLIHUL


CLIMATE REPORT
NATIONAL WEATHER SERVICE CARIBOU, ME
139 AM EDT WED JUL 29 2015


...................................

...THE HOULTON ME CLIMATE SUMMARY FOR JULY 28 2015...

CLIMATE NORMAL PERIOD 1981 TO 2010
CLIMATE RECORD PERIOD 1948 TO 2015


WEATHER ITEM   OBSERVED TIME   RECORD YEAR NORMAL DEPARTURE LAST
                VALUE   (LST)  VALUE       VALUE  FROM      YEAR
                                                  NORMAL
..................................................................
TEMPERATURE (F)
 YESTERDAY
  MAXIMUM         86    224 PM  93    1970  78      8       74
  MINIMUM         54   1159 PM  38    1977  54      0       62
  AVERAGE         70                        66      4       68

PRECIPITATION (IN)
  YESTERDAY        T             1.70 2007   0.12  -0.12     0.09
  MONTH TO DATE    1.50                      3.29  -1.79     6.41
  SINCE JUN 1      5.52                      6.94  -1.42    10.67
  SINCE JAN 1     14.87                     21.57  -6.70    25.37

SNOWFALL (IN)
  YESTERDAY       MM             0.0  2003   0.0   MM       MM
  MONTH TO DATE   MM                         0.0   MM       MM
  SINCE JUN 1     MM                         0.0   MM       MM
  SINCE JUL 1     MM                         0.0   MM       MM
  SNOW DEPTH      MM

DEGREE DAYS
 HEATING
  YESTERDAY        0                         2     -2        0
  MONTH TO DATE   63                        59      4       30
  SINCE JUN 1    300                       240     60      159
  SINCE JUL 1     63                        59      4       30

 COOLING
  YESTERDAY        5                         3      2        3
  MONTH TO DATE   33                        82    -49      129
  SINCE JUN 1     45                       117    -72      154
  SINCE JAN 1     70                       121    -51      155
..................................................................


WIND (MPH)
  HIGHEST WIND SPEED    15   HIGHEST WIND DIRECTION     W (250)
  HIGHEST GUST SPEED    23   HIGHEST GUST DIRECTION     W (270)
  AVERAGE WIND SPEED     4.4


SKY COVER
  POSSIBLE SUNSHINE  MM
  AVERAGE SKY COVER 0.4


WEATHER CONDITIONS
 THE FOLLOWING WEATHER WAS RECORDED YESTERDAY.
  LIGHT RAIN
  FOG
  HAZE


RELATIVE HUMIDITY (PERCENT)
 HIGHEST    93          1200 AM
 LOWEST     34           200 PM
 AVERAGE    64

..........................................................


THE HOULTON ME CLIMATE NORMALS FOR TODAY
                         NORMAL    RECORD    YEAR
 MAXIMUM TEMPERATURE (F)   78        92      1970
 MINIMUM TEMPERATURE (F)   54        42      1987


SUNRISE AND SUNSET
JULY 29 2015..........SUNRISE   509 AM EDT   SUNSET   805 PM EDT
JULY 30 2015..........SUNRISE   511 AM EDT   SUNSET   804 PM EDT


-  INDICATES NEGATIVE NUMBERS.
R  INDICATES RECORD WAS SET OR TIED.
MM INDICATES DATA IS MISSING.
T  INDICATES TRACE AMOUNT.




$$
