000
CDUS41 KCAR 070549
CLIHUL


CLIMATE REPORT
NATIONAL WEATHER SERVICE CARIBOU, ME
1248 AM EST WED DEC 7 2016


...................................

...THE HOULTON ME CLIMATE SUMMARY FOR DECEMBER 6 2016...

CLIMATE NORMAL PERIOD 1981 TO 2010
CLIMATE RECORD PERIOD 1948 TO 2016


WEATHER ITEM   OBSERVED TIME   RECORD YEAR NORMAL DEPARTURE LAST
                VALUE   (LST)  VALUE       VALUE  FROM      YEAR
                                                  NORMAL
..................................................................
TEMPERATURE (F)
 YESTERDAY
  MAXIMUM         26    305 PM  56    1973  32     -6       43
  MINIMUM          8   1153 PM -16    1991  15     -7       25
  AVERAGE         17                        24     -7       34

PRECIPITATION (IN)
  YESTERDAY        T             0.88 1997   0.12  -0.12     0.00
  MONTH TO DATE    1.00                      0.73   0.27     0.98
  SINCE DEC 1      1.00                      0.73   0.27     0.98
  SINCE JAN 1     33.82                     37.42  -3.60    34.72

SNOWFALL (IN)
  YESTERDAY       MM             8.2  1984   0.5   MM       MM
  MONTH TO DATE   MM                         2.8   MM       MM
  SINCE DEC 1     MM                         2.8   MM       MM
  SINCE JUL 1     MM                        10.9   MM       MM
  SNOW DEPTH      MM

DEGREE DAYS
 HEATING
  YESTERDAY       48                        41      7       31
  MONTH TO DATE  252                       242     10      202
  SINCE DEC 1    252                       242     10      202
  SINCE JUL 1   1995                      2350   -355     1997

 COOLING
  YESTERDAY        0                         0      0        0
  MONTH TO DATE    0                         0      0        0
  SINCE DEC 1      0                         0      0        0
  SINCE JAN 1    229                       191     38      236
..................................................................


WIND (MPH)
  HIGHEST WIND SPEED    13   HIGHEST WIND DIRECTION    NW (330)
  HIGHEST GUST SPEED    19   HIGHEST GUST DIRECTION    NW (320)
  AVERAGE WIND SPEED     4.2


SKY COVER
  POSSIBLE SUNSHINE  MM
  AVERAGE SKY COVER 0.8


WEATHER CONDITIONS
 THE FOLLOWING WEATHER WAS RECORDED YESTERDAY.
  LIGHT SNOW
  FOG


RELATIVE HUMIDITY (PERCENT)
 HIGHEST   100           300 AM
 LOWEST     74          1200 PM
 AVERAGE    87

..........................................................


THE HOULTON ME CLIMATE NORMALS FOR TODAY
                         NORMAL    RECORD    YEAR
 MAXIMUM TEMPERATURE (F)   32        52      1998
 MINIMUM TEMPERATURE (F)   15       -20      1991


SUNRISE AND SUNSET
DECEMBER  7 2016......SUNRISE   700 AM EST   SUNSET   346 PM EST
DECEMBER  8 2016......SUNRISE   701 AM EST   SUNSET   345 PM EST


-  INDICATES NEGATIVE NUMBERS.
R  INDICATES RECORD WAS SET OR TIED.
MM INDICATES DATA IS MISSING.
T  INDICATES TRACE AMOUNT.




$$
