000
CDUS41 KCAR 290527
CLIHUL


CLIMATE REPORT
NATIONAL WEATHER SERVICE CARIBOU, ME
126 AM EDT FRI JUL 29 2016


...................................

...THE HOULTON ME CLIMATE SUMMARY FOR JULY 28 2016...

CLIMATE NORMAL PERIOD 1981 TO 2010
CLIMATE RECORD PERIOD 1948 TO 2016


WEATHER ITEM   OBSERVED TIME   RECORD YEAR NORMAL DEPARTURE LAST
                VALUE   (LST)  VALUE       VALUE  FROM      YEAR
                                                  NORMAL
..................................................................
TEMPERATURE (F)
 YESTERDAY
  MAXIMUM         82    216 PM  93    1970  78      4       86
  MINIMUM         63   1134 PM  38    1977  54      9       54
  AVERAGE         73                        66      7       70

PRECIPITATION (IN)
  YESTERDAY        0.12          1.70 2007   0.12   0.00      T
  MONTH TO DATE    3.62                      3.29   0.33     1.50
  SINCE JUN 1      6.28                      6.94  -0.66     5.52
  SINCE JAN 1     20.66                     21.57  -0.91    14.87

SNOWFALL (IN)
  YESTERDAY       MM             0.0  2003   0.0   MM       MM
  MONTH TO DATE   MM                         0.0   MM       MM
  SINCE JUN 1     MM                         0.0   MM       MM
  SINCE JUL 1     MM                         0.0   MM       MM
  SNOW DEPTH      MM

DEGREE DAYS
 HEATING
  YESTERDAY        0                         2     -2        0
  MONTH TO DATE   41                        59    -18       63
  SINCE JUN 1    216                       240    -24      300
  SINCE JUL 1     41                        59    -18       63

 COOLING
  YESTERDAY        8                         3      5        5
  MONTH TO DATE   97                        82     15       33
  SINCE JUN 1    127                       117     10       45
  SINCE JAN 1    134                       121     13       70
..................................................................


WIND (MPH)
  HIGHEST WIND SPEED    18   HIGHEST WIND DIRECTION     N (350)
  HIGHEST GUST SPEED    27   HIGHEST GUST DIRECTION     N (360)
  AVERAGE WIND SPEED     2.9


SKY COVER
  POSSIBLE SUNSHINE  MM
  AVERAGE SKY COVER 0.5


WEATHER CONDITIONS
 THE FOLLOWING WEATHER WAS RECORDED YESTERDAY.
  THUNDERSTORM
  RAIN
  LIGHT RAIN
  FOG


RELATIVE HUMIDITY (PERCENT)
 HIGHEST   100           700 PM
 LOWEST     62           200 PM
 AVERAGE    81

..........................................................


THE HOULTON ME CLIMATE NORMALS FOR TODAY
                         NORMAL    RECORD    YEAR
 MAXIMUM TEMPERATURE (F)   78        92      1970
 MINIMUM TEMPERATURE (F)   54        42      1987


SUNRISE AND SUNSET
JULY 29 2016..........SUNRISE   510 AM EDT   SUNSET   804 PM EDT
JULY 30 2016..........SUNRISE   511 AM EDT   SUNSET   803 PM EDT


-  INDICATES NEGATIVE NUMBERS.
R  INDICATES RECORD WAS SET OR TIED.
MM INDICATES DATA IS MISSING.
T  INDICATES TRACE AMOUNT.




$$
