000
CDUS41 KCAR 250532
CLIHUL


CLIMATE REPORT
NATIONAL WEATHER SERVICE CARIBOU, ME
131 AM EDT SAT MAR 25 2017


...................................

...THE HOULTON ME CLIMATE SUMMARY FOR MARCH 24 2017...

CLIMATE NORMAL PERIOD 1981 TO 2010
CLIMATE RECORD PERIOD 1948 TO 2017


WEATHER ITEM   OBSERVED TIME   RECORD YEAR NORMAL DEPARTURE LAST
                VALUE   (LST)  VALUE       VALUE  FROM      YEAR
                                                  NORMAL
..................................................................
TEMPERATURE (F)
 YESTERDAY
  MAXIMUM         29   1023 PM  61    1979  39    -10       26
  MINIMUM         -5   1229 AM -16    2008  19    -24       11
  AVERAGE         12                        29    -17       19

PRECIPITATION (IN)
  YESTERDAY        T             0.52 1972   0.09  -0.09      T
  MONTH TO DATE    1.29                      2.00  -0.71     1.72
  SINCE MAR 1      1.29                      2.00  -0.71     1.72
  SINCE JAN 1      5.74                      6.86  -1.12     6.68

SNOWFALL (IN)
  YESTERDAY       MM             6.6  1972   0.5   MM       MM
  MONTH TO DATE   MM                        14.9   MM       MM
  SINCE MAR 1     MM                        14.9   MM       MM
  SINCE JUL 1     MM                        80.5   MM       MM
  SNOW DEPTH      MM

DEGREE DAYS
 HEATING
  YESTERDAY       53                        36     17       46
  MONTH TO DATE 1070                       982     88      955
  SINCE MAR 1   1070                       982     88      955
  SINCE JUL 1   7031                      7555   -524     6573

 COOLING
  YESTERDAY        0                         0      0        0
  MONTH TO DATE    0                         0      0        0
  SINCE MAR 1      0                         0      0        0
  SINCE JAN 1      0                         0      0        0
..................................................................


WIND (MPH)
  HIGHEST WIND SPEED    20   HIGHEST WIND DIRECTION     S (200)
  HIGHEST GUST SPEED    31   HIGHEST GUST DIRECTION     S (190)
  AVERAGE WIND SPEED     6.4


SKY COVER
  POSSIBLE SUNSHINE  MM
  AVERAGE SKY COVER 0.7


WEATHER CONDITIONS
 THE FOLLOWING WEATHER WAS RECORDED YESTERDAY.
  LIGHT SNOW
  FOG
  HAZE


RELATIVE HUMIDITY (PERCENT)
 HIGHEST    92           800 PM
 LOWEST     35          1200 PM
 AVERAGE    64

..........................................................


THE HOULTON ME CLIMATE NORMALS FOR TODAY
                         NORMAL    RECORD    YEAR
 MAXIMUM TEMPERATURE (F)   39        60      1973
 MINIMUM TEMPERATURE (F)   19       -17      2014


SUNRISE AND SUNSET
MARCH 25 2017.........SUNRISE   624 AM EDT   SUNSET   651 PM EDT
MARCH 26 2017.........SUNRISE   622 AM EDT   SUNSET   652 PM EDT


-  INDICATES NEGATIVE NUMBERS.
R  INDICATES RECORD WAS SET OR TIED.
MM INDICATES DATA IS MISSING.
T  INDICATES TRACE AMOUNT.




$$
