000
CDUS41 KCAR 220530
CLIHUL


CLIMATE REPORT
NATIONAL WEATHER SERVICE CARIBOU, ME
128 AM EDT FRI SEP 22 2017


...................................

...THE HOULTON ME CLIMATE SUMMARY FOR SEPTEMBER 21 2017...

CLIMATE NORMAL PERIOD 1981 TO 2010
CLIMATE RECORD PERIOD 1948 TO 2017


WEATHER ITEM   OBSERVED TIME   RECORD YEAR NORMAL DEPARTURE LAST
                VALUE   (LST)  VALUE       VALUE  FROM      YEAR
                                                  NORMAL
..................................................................
TEMPERATURE (F)
 YESTERDAY
  MAXIMUM         75    128 PM  86    1968  65     10       77
  MINIMUM         43   1159 PM  25    1950  41      2       47
  AVERAGE         59                        53      6       62

PRECIPITATION (IN)
  YESTERDAY        0.00          0.75 1974   0.12  -0.12     0.00
  MONTH TO DATE    1.71                      2.30  -0.59     0.51
  SINCE SEP 1      1.71                      2.30  -0.59     0.51
  SINCE JAN 1     24.05                     27.92  -3.87    27.37

SNOWFALL (IN)
  YESTERDAY       MM             0.0  2003   0.0   MM       MM
  MONTH TO DATE   MM                         0.0   MM       MM
  SINCE SEP 1     MM                         0.0   MM       MM
  SINCE JUL 1     MM                         0.0   MM       MM
  SNOW DEPTH      MM

DEGREE DAYS
 HEATING
  YESTERDAY        6                        12     -6        3
  MONTH TO DATE   91                       183    -92       83
  SINCE SEP 1     91                       183    -92       83
  SINCE JUL 1    239                       339   -100      177

 COOLING
  YESTERDAY        0                         0      0        0
  MONTH TO DATE   11                        12     -1       23
  SINCE SEP 1     11                        12     -1       23
  SINCE JAN 1    187                       190     -3      229
..................................................................


WIND (MPH)
  HIGHEST WIND SPEED    18   HIGHEST WIND DIRECTION     N (20)
  HIGHEST GUST SPEED    23   HIGHEST GUST DIRECTION    NE (30)
  AVERAGE WIND SPEED     5.0


SKY COVER
  POSSIBLE SUNSHINE  MM
  AVERAGE SKY COVER 0.0


WEATHER CONDITIONS
 THE FOLLOWING WEATHER WAS RECORDED YESTERDAY.
  NO SIGNIFICANT WEATHER WAS OBSERVED.


RELATIVE HUMIDITY (PERCENT)
 HIGHEST   100           200 AM
 LOWEST     33           200 PM
 AVERAGE    67

..........................................................


THE HOULTON ME CLIMATE NORMALS FOR TODAY
                         NORMAL    RECORD    YEAR
 MAXIMUM TEMPERATURE (F)   64        88      1965
 MINIMUM TEMPERATURE (F)   41        22      1950


SUNRISE AND SUNSET
SEPTEMBER 22 2017.....SUNRISE   618 AM EDT   SUNSET   628 PM EDT
SEPTEMBER 23 2017.....SUNRISE   620 AM EDT   SUNSET   626 PM EDT


-  INDICATES NEGATIVE NUMBERS.
R  INDICATES RECORD WAS SET OR TIED.
MM INDICATES DATA IS MISSING.
T  INDICATES TRACE AMOUNT.




$$
