000
CDUS41 KCAR 300528
CLIHUL


CLIMATE REPORT
NATIONAL WEATHER SERVICE CARIBOU, ME
128 AM EDT FRI SEP 30 2016


...................................

...THE HOULTON ME CLIMATE SUMMARY FOR SEPTEMBER 29 2016...

CLIMATE NORMAL PERIOD 1981 TO 2010
CLIMATE RECORD PERIOD 1948 TO 2016


WEATHER ITEM   OBSERVED TIME   RECORD YEAR NORMAL DEPARTURE LAST
                VALUE   (LST)  VALUE       VALUE  FROM      YEAR
                                                  NORMAL
..................................................................
TEMPERATURE (F)
 YESTERDAY
  MAXIMUM         60    242 PM  80    1987  61     -1       70
  MINIMUM         32   1157 PM  20    1980  38     -6       56
  AVERAGE         46                        50     -4       63

PRECIPITATION (IN)
  YESTERDAY        0.00          2.12 2015   0.13  -0.13     2.12
  MONTH TO DATE    0.99                      3.28  -2.29     5.23
  SINCE SEP 1      0.99                      3.28  -2.29     5.23
  SINCE JAN 1     27.85                     28.90  -1.05    23.99

SNOWFALL (IN)
  YESTERDAY       MM             1.0  1991   0.0   MM       MM
  MONTH TO DATE   MM                         0.1   MM       MM
  SINCE SEP 1     MM                         0.1   MM       MM
  SINCE JUL 1     MM                         0.1   MM       MM
  SNOW DEPTH      MM

DEGREE DAYS
 HEATING
  YESTERDAY       19                        15      4        2
  MONTH TO DATE  224                       296    -72      160
  SINCE SEP 1    224                       296    -72      160
  SINCE JUL 1    318                       452   -134      247

 COOLING
  YESTERDAY        0                         0      0        0
  MONTH TO DATE   23                        12     11       46
  SINCE SEP 1     23                        12     11       46
  SINCE JAN 1    229                       190     39      236
..................................................................


WIND (MPH)
  HIGHEST WIND SPEED    17   HIGHEST WIND DIRECTION    NE (40)
  HIGHEST GUST SPEED    23   HIGHEST GUST DIRECTION     N (20)
  AVERAGE WIND SPEED     5.2


SKY COVER
  POSSIBLE SUNSHINE  MM
  AVERAGE SKY COVER 0.0


WEATHER CONDITIONS
 THE FOLLOWING WEATHER WAS RECORDED YESTERDAY.
  FOG


RELATIVE HUMIDITY (PERCENT)
 HIGHEST   100           100 AM
 LOWEST     47           100 PM
 AVERAGE    74

..........................................................


THE HOULTON ME CLIMATE NORMALS FOR TODAY
                         NORMAL    RECORD    YEAR
 MAXIMUM TEMPERATURE (F)   61        78      1948
 MINIMUM TEMPERATURE (F)   38        23      1965


SUNRISE AND SUNSET
SEPTEMBER 30 2016.....SUNRISE   629 AM EDT   SUNSET   612 PM EDT
OCTOBER  1 2016.......SUNRISE   630 AM EDT   SUNSET   610 PM EDT


-  INDICATES NEGATIVE NUMBERS.
R  INDICATES RECORD WAS SET OR TIED.
MM INDICATES DATA IS MISSING.
T  INDICATES TRACE AMOUNT.




$$
