000
CDUS41 KCAR 200556
CLIHUL


CLIMATE REPORT
NATIONAL WEATHER SERVICE CARIBOU, ME
1251 AM EST SAT JAN 20 2018


...................................

...THE HOULTON ME CLIMATE SUMMARY FOR JANUARY 19 2018...

CLIMATE NORMAL PERIOD 1981 TO 2010
CLIMATE RECORD PERIOD 1948 TO 2018


WEATHER ITEM   OBSERVED TIME   RECORD YEAR NORMAL DEPARTURE LAST
                VALUE   (LST)  VALUE       VALUE  FROM      YEAR
                                                  NORMAL
..................................................................
TEMPERATURE (F)
 YESTERDAY
  MAXIMUM         26   1159 PM  53    1996  22      4       30
  MINIMUM          2    309 AM -37    1971   0      2       18
  AVERAGE         14                        11      3       24

PRECIPITATION (IN)
  YESTERDAY        T             0.88 1960   0.10  -0.10     0.12
  MONTH TO DATE    2.04                      1.76   0.28     1.53
  SINCE DEC 1      5.28                      5.05   0.23     4.45
  SINCE JAN 1      2.04                      1.76   0.28     1.53

SNOWFALL (IN)
  YESTERDAY       MM            10.2  1960   0.8   MM       MM
  MONTH TO DATE   MM                        14.4   MM       MM
  SINCE DEC 1     MM                        30.8   MM       MM
  SINCE JUL 1     MM                        38.9   MM       MM
  SNOW DEPTH      MM

DEGREE DAYS
 HEATING
  YESTERDAY       51                        54     -3       41
  MONTH TO DATE  994                      1008    -14      944
  SINCE DEC 1   2552                      2420    132     2388
  SINCE JUL 1   4258                      4528   -270     4131

 COOLING
  YESTERDAY        0                         0      0        0
  MONTH TO DATE    0                         0      0        0
  SINCE DEC 1      0                         0      0        0
  SINCE JAN 1      0                         0      0        0
..................................................................


WIND (MPH)
  HIGHEST WIND SPEED    10   HIGHEST WIND DIRECTION    SW (210)
  HIGHEST GUST SPEED    16   HIGHEST GUST DIRECTION     S (190)
  AVERAGE WIND SPEED     3.2


SKY COVER
  POSSIBLE SUNSHINE  MM
  AVERAGE SKY COVER 0.8


WEATHER CONDITIONS
 THE FOLLOWING WEATHER WAS RECORDED YESTERDAY.
  LIGHT SNOW
  FOG


RELATIVE HUMIDITY (PERCENT)
 HIGHEST    96           900 AM
 LOWEST     76           400 AM
 AVERAGE    86

..........................................................


THE HOULTON ME CLIMATE NORMALS FOR TODAY
                         NORMAL    RECORD    YEAR
 MAXIMUM TEMPERATURE (F)   22        52      1996
 MINIMUM TEMPERATURE (F)    0       -30      1994


SUNRISE AND SUNSET
JANUARY 20 2018.......SUNRISE   706 AM EST   SUNSET   419 PM EST
JANUARY 21 2018.......SUNRISE   705 AM EST   SUNSET   420 PM EST


-  INDICATES NEGATIVE NUMBERS.
R  INDICATES RECORD WAS SET OR TIED.
MM INDICATES DATA IS MISSING.
T  INDICATES TRACE AMOUNT.




$$
