000
CDUS45 KTFX 260751
CLIHVR


CLIMATE REPORT
NATIONAL WEATHER SERVICE GREAT FALLS MT
151 AM MDT THU MAY 26 2016


...................................

...THE HAVRE MT CLIMATE SUMMARY FOR MAY 25 2016...

CLIMATE NORMAL PERIOD 1981 TO 2010
CLIMATE RECORD PERIOD 1880 TO 2016


WEATHER ITEM   OBSERVED TIME   RECORD YEAR NORMAL DEPARTURE LAST
                VALUE   (LST)  VALUE       VALUE  FROM      YEAR
                                                  NORMAL
..................................................................
TEMPERATURE (F)
 YESTERDAY
  MAXIMUM         66    100 PM  94    1928  70     -4       78
  MINIMUM         44    300 AM  29    1918  44      0       41
                                      1893
  AVERAGE         55                        57     -2       60

PRECIPITATION (IN)
  YESTERDAY        0.21          0.94 1916   0.07   0.14     0.00
  MONTH TO DATE    3.12                      1.33   1.79     1.04
  SINCE OCT 1      9.46                      4.73   4.73     5.10
  SINCE JAN 1      7.53                      3.32   4.21     3.53

SNOWFALL (IN)
  YESTERDAY        0.0           T    1916   0.1   -0.1      0.0
                                      1998
  MONTH TO DATE    0.0                       1.5   -1.5      0.0
  SINCE MAR 1      3.0                      10.8   -7.8      0.2
  SINCE JUL 1     17.3                      38.7  -21.4     20.8
  SNOW DEPTH       0

DEGREE DAYS
 HEATING
  YESTERDAY       10                         9      1        5
  MONTH TO DATE  301                       305     -4      357
  SINCE MAR 1   1595                      1922   -327     1697
  SINCE JUL 1   7020                      8042  -1022     7365

 COOLING
  YESTERDAY        0                         0      0        0
  MONTH TO DATE    1                         0      1        0
  SINCE MAR 1      1                         1      0        0
  SINCE JAN 1      1                         1      0        0
..................................................................


WIND (MPH)
  HIGHEST WIND SPEED    13   HIGHEST WIND DIRECTION    NW (330)
  HIGHEST GUST SPEED    23   HIGHEST GUST DIRECTION    NW (330)
  AVERAGE WIND SPEED     4.0


SKY COVER
  AVERAGE SKY COVER 0.0


WEATHER CONDITIONS
 THE FOLLOWING WEATHER WAS RECORDED YESTERDAY.
  THUNDERSTORM
  LIGHT RAIN


RELATIVE HUMIDITY (PERCENT)
 HIGHEST    96           300 AM
 LOWEST     53           700 PM
 AVERAGE    75

..........................................................


THE HAVRE MT CLIMATE NORMALS FOR TODAY
                         NORMAL    RECORD    YEAR
 MAXIMUM TEMPERATURE (F)   70        96      1936
 MINIMUM TEMPERATURE (F)   44        25      1918


SUNRISE AND SUNSET
MAY 26 2016...........SUNRISE   526 AM MDT   SUNSET   907 PM MDT
MAY 27 2016...........SUNRISE   525 AM MDT   SUNSET   908 PM MDT


-  INDICATES NEGATIVE NUMBERS.
R  INDICATES RECORD WAS SET OR TIED.
MM INDICATES DATA IS MISSING.
T  INDICATES TRACE AMOUNT.




$$
