000
CDUS45 KTFX 212227
CLIHVR


CLIMATE REPORT
NATIONAL WEATHER SERVICE GREAT FALLS MT
424 PM MDT THU AUG 21 2014


...................................

...THE HAVRE MT CLIMATE SUMMARY FOR AUGUST 21 2014...
VALID TODAY AS OF 0400 PM LOCAL TIME.

CLIMATE NORMAL PERIOD 1981 TO 2010
CLIMATE RECORD PERIOD 1880 TO 2014


WEATHER ITEM   OBSERVED TIME   RECORD YEAR NORMAL DEPARTURE LAST
                VALUE   (LST)  VALUE       VALUE  FROM      YEAR
                                                  NORMAL
..................................................................
TEMPERATURE (F)
 TODAY
  MAXIMUM         70    217 PM 102    1969  83    -13       81
  MINIMUM         56    143 AM  40    2000  51      5       50
                                      1913
                                      1904
  AVERAGE         63                        67     -4       66

PRECIPITATION (IN)
  TODAY            T             1.57 1933   0.04  -0.04     0.00
  MONTH TO DATE    0.55                      0.75  -0.20     0.93
  SINCE OCT 1      9.20                      9.72  -0.52    17.37
  SINCE JAN 1      7.19                      8.31  -1.12    14.89

SNOWFALL (IN)
  TODAY            0.0           0.0  1999   0.0    0.0      0.0
                                      1998
  MONTH TO DATE    0.0                       0.0    0.0      0.0
  SINCE JUN 1      0.0                       0.0    0.0      0.0
  SINCE JUL 1      0.0                       0.0    0.0      0.0
  SNOW DEPTH       0

DEGREE DAYS
 HEATING
  TODAY            2                         2      0        0
  MONTH TO DATE    2                        23    -21        8
  SINCE JUN 1    177                       186     -9      129
  SINCE JUL 1      2                        53    -51       16

 COOLING
  TODAY            0                         4     -4        1
  MONTH TO DATE  164                       120     44       97
  SINCE JUN 1    371                       330     41      286
  SINCE JAN 1    378                       341     37      293
..................................................................


WIND (MPH)
  HIGHEST WIND SPEED    17   HIGHEST WIND DIRECTION     N (340)
  HIGHEST GUST SPEED    20   HIGHEST GUST DIRECTION     N (340)
  AVERAGE WIND SPEED     6.8


SKY COVER
  AVERAGE SKY COVER 0.9


WEATHER CONDITIONS
 THE FOLLOWING WEATHER WAS RECORDED TODAY.
  THUNDERSTORM
  LIGHT RAIN


RELATIVE HUMIDITY (PERCENT)
 HIGHEST   100           500 AM
 LOWEST     59           300 PM
 AVERAGE    80

..........................................................


THE HAVRE MT CLIMATE NORMALS FOR TOMORROW
                         NORMAL    RECORD    YEAR
 MAXIMUM TEMPERATURE (F)   82       102      1976
 MINIMUM TEMPERATURE (F)   51        35      1992


SUNRISE AND SUNSET
AUGUST 21 2014........SUNRISE   621 AM MDT   SUNSET   822 PM MDT
AUGUST 22 2014........SUNRISE   622 AM MDT   SUNSET   820 PM MDT


-  INDICATES NEGATIVE NUMBERS.
R  INDICATES RECORD WAS SET OR TIED.
MM INDICATES DATA IS MISSING.
T  INDICATES TRACE AMOUNT.




$$
