000
CDUS45 KTFX 260742
CLIHVR


CLIMATE REPORT
NATIONAL WEATHER SERVICE GREAT FALLS MT
1241 AM MST MON JAN 26 2015


...................................

...THE HAVRE MT CLIMATE SUMMARY FOR JANUARY 25 2015...

CLIMATE NORMAL PERIOD 1981 TO 2010
CLIMATE RECORD PERIOD 1880 TO 2015


WEATHER ITEM   OBSERVED TIME   RECORD YEAR NORMAL DEPARTURE LAST
                VALUE   (LST)  VALUE       VALUE  FROM      YEAR
                                                  NORMAL
..................................................................
TEMPERATURE (F)
 YESTERDAY
  MAXIMUM         52    130 PM  54    2014  30     22       54
  MINIMUM         28    609 AM -42    1943   8     20       35
  AVERAGE         40                        19     21       45

PRECIPITATION (IN)
  YESTERDAY        0.00          0.46 1916   0.01  -0.01     0.00
  MONTH TO DATE    1.17                      0.28   0.89     0.18
  SINCE OCT 1      2.74                      1.69   1.05     2.19
  SINCE JAN 1      1.17                      0.28   0.89     0.18

SNOWFALL (IN)
  YESTERDAY        0.0           6.1  1960   0.2   -0.2      0.0
  MONTH TO DATE    5.7                       6.0   -0.3      2.2
  SINCE DEC 1      5.8                      13.4   -7.6     22.4
  SINCE JUL 1     10.4                      21.0  -10.6     28.2
  SNOW DEPTH       T

DEGREE DAYS
 HEATING
  YESTERDAY       25                        46    -21       20
  MONTH TO DATE 1179                      1182     -3      926
  SINCE DEC 1   2432                      2605   -173     2543
  SINCE JUL 1   4369                      4648   -279     4469

 COOLING
  YESTERDAY        0                         0      0        0
  MONTH TO DATE    0                         0      0        0
  SINCE DEC 1      0                         0      0        0
  SINCE JAN 1      0                         0      0        0
..................................................................


WIND (MPH)
  HIGHEST WIND SPEED    26   HIGHEST WIND DIRECTION    SW (210)
  HIGHEST GUST SPEED    31   HIGHEST GUST DIRECTION    SW (210)
  AVERAGE WIND SPEED    13.7


SKY COVER
  AVERAGE SKY COVER 0.0


WEATHER CONDITIONS
 THE FOLLOWING WEATHER WAS RECORDED YESTERDAY.
  NO SIGNIFICANT WEATHER WAS OBSERVED.


RELATIVE HUMIDITY (PERCENT)
 HIGHEST    92           300 AM
 LOWEST     60           700 PM
 AVERAGE    76

..........................................................


THE HAVRE MT CLIMATE NORMALS FOR TODAY
                         NORMAL    RECORD    YEAR
 MAXIMUM TEMPERATURE (F)   30        51      1934
 MINIMUM TEMPERATURE (F)    8       -42      1916


SUNRISE AND SUNSET
JANUARY 26 2015.......SUNRISE   756 AM MST   SUNSET   508 PM MST
JANUARY 27 2015.......SUNRISE   755 AM MST   SUNSET   509 PM MST


-  INDICATES NEGATIVE NUMBERS.
R  INDICATES RECORD WAS SET OR TIED.
MM INDICATES DATA IS MISSING.
T  INDICATES TRACE AMOUNT.




$$
