000
CDUS45 KTFX 271008
CLIHVR


CLIMATE REPORT
NATIONAL WEATHER SERVICE GREAT FALLS MT
407 AM MDT THU AUG 27 2015


...................................

...THE HAVRE MT CLIMATE SUMMARY FOR AUGUST 26 2015...

CLIMATE NORMAL PERIOD 1981 TO 2010
CLIMATE RECORD PERIOD 1880 TO 2015


WEATHER ITEM   OBSERVED TIME   RECORD YEAR NORMAL DEPARTURE LAST
                VALUE   (LST)  VALUE       VALUE  FROM      YEAR
                                                  NORMAL
..................................................................
TEMPERATURE (F)
 YESTERDAY
  MAXIMUM         90    344 PM 103    2010  81      9       80
  MINIMUM         61    706 AM  35    1914  49     12       41
  AVERAGE         76                        65     11       61

PRECIPITATION (IN)
  YESTERDAY        0.00          0.71 1954   0.04  -0.04     0.00
  MONTH TO DATE    0.67                      0.94  -0.27     3.67
  SINCE OCT 1     10.07                      9.91   0.16    12.32
  SINCE JAN 1      8.50                      8.50   0.00    10.31

SNOWFALL (IN)
  YESTERDAY        0.0           T    1954   0.0    0.0      0.0
                                      1998
  MONTH TO DATE    0.0                       0.0    0.0      0.0
  SINCE JUN 1      T                         0.0    0.0      0.0
  SINCE JUL 1      T                         0.0    0.0      0.0
  SNOW DEPTH       0

DEGREE DAYS
 HEATING
  YESTERDAY        0                         3     -3        4
  MONTH TO DATE   50                        36     14       42
  SINCE JUN 1    132                       199    -67      217
  SINCE JUL 1     75                        66      9       42

 COOLING
  YESTERDAY       11                         3      8        0
  MONTH TO DATE  119                       136    -17      164
  SINCE JUN 1    382                       346     36      371
  SINCE JAN 1    382                       357     25      378
..................................................................


WIND (MPH)
  HIGHEST WIND SPEED    15   HIGHEST WIND DIRECTION    NE (50)
  HIGHEST GUST SPEED    17   HIGHEST GUST DIRECTION    NE (60)
  AVERAGE WIND SPEED     9.1


SKY COVER
  AVERAGE SKY COVER 0.1


WEATHER CONDITIONS
 THE FOLLOWING WEATHER WAS RECORDED YESTERDAY.
  HAZE


RELATIVE HUMIDITY (PERCENT)
 HIGHEST    55           600 AM
 LOWEST     22           100 PM
 AVERAGE    39

..........................................................


THE HAVRE MT CLIMATE NORMALS FOR TODAY
                         NORMAL    RECORD    YEAR
 MAXIMUM TEMPERATURE (F)   80        99      2001
 MINIMUM TEMPERATURE (F)   49        31      1911


SUNRISE AND SUNSET
AUGUST 27 2015........SUNRISE   629 AM MDT   SUNSET   811 PM MDT
AUGUST 28 2015........SUNRISE   630 AM MDT   SUNSET   809 PM MDT


-  INDICATES NEGATIVE NUMBERS.
R  INDICATES RECORD WAS SET OR TIED.
MM INDICATES DATA IS MISSING.
T  INDICATES TRACE AMOUNT.




$$
