000
CDUS43 KUNR 300836
CLIICR


CLIMATE REPORT
NATIONAL WEATHER SERVICE RAPID CITY SD
234 AM MDT SAT MAY 30 2015


...................................

...THE WINNER REGIONAL AIRPORT SD CLIMATE SUMMARY FOR MAY 29 2015...

CLIMATE NORMAL PERIOD 1981 TO 2010
CLIMATE RECORD PERIOD 9999 TO 9999


WEATHER ITEM   OBSERVED TIME   NORMAL DEPARTURE LAST
                VALUE   (LST)  VALUE  FROM      YEAR
                                      NORMAL
......................................................
TEMPERATURE (F)
 YESTERDAY
  MAXIMUM         62    724 AM  74    -12       89
  MINIMUM         40   1159 PM  50    -10       64
  AVERAGE         51            62    -11       77

PRECIPITATION (IN)
  YESTERDAY        0.01          0.13  -0.12     0.00
  MONTH TO DATE    2.73          3.16  -0.43     1.89
  SINCE MAR 1      3.58          7.03  -3.45     4.24
  SINCE JAN 1      3.67          7.79  -4.12     4.32

DEGREE DAYS
 HEATING
  YESTERDAY       14             4     10        0
  MONTH TO DATE  242           233      9      246
  SINCE MAR 1   1255          1628   -373     1675
  SINCE JUL 1   6015          6637   -622     7008

 COOLING
  YESTERDAY        0             2     -2       12
  MONTH TO DATE   23            26     -3       60
  SINCE MAR 1     35            28      7       63
  SINCE JAN 1     35            28      7       63
......................................................


WIND (MPH)
  HIGHEST WIND SPEED    33   HIGHEST WIND DIRECTION     N (360)
  HIGHEST GUST SPEED    42   HIGHEST GUST DIRECTION     N (10)
  AVERAGE WIND SPEED    15.3


SKY COVER
  AVERAGE SKY COVER 0.8


WEATHER CONDITIONS
 THE FOLLOWING WEATHER WAS RECORDED YESTERDAY.
  LIGHT RAIN
  FOG


RELATIVE HUMIDITY (PERCENT)
 HIGHEST    84          1200 AM
 LOWEST     63           800 PM
 AVERAGE    74

..........................................................




SUNRISE AND SUNSET
MAY 30 2015...........SUNRISE   603 AM CDT   SUNSET   911 PM CDT
MAY 31 2015...........SUNRISE   602 AM CDT   SUNSET   912 PM CDT


-  INDICATES NEGATIVE NUMBERS.
R  INDICATES RECORD WAS SET OR TIED.
MM INDICATES DATA IS MISSING.
T  INDICATES TRACE AMOUNT.




$$
