000
CDUS43 KUNR 270832
CLIICR


CLIMATE REPORT
NATIONAL WEATHER SERVICE RAPID CITY SD
232 AM MDT FRI MAY 27 2016


...................................

...THE WINNER REGIONAL AIRPORT SD CLIMATE SUMMARY FOR MAY 26 2016...

CLIMATE NORMAL PERIOD 1981 TO 2010
CLIMATE RECORD PERIOD 9999 TO 9999


WEATHER ITEM   OBSERVED TIME   NORMAL DEPARTURE LAST
                VALUE   (LST)  VALUE  FROM      YEAR
                                      NORMAL
......................................................
TEMPERATURE (F)
 YESTERDAY
  MAXIMUM         79    549 PM  73      6       78
  MINIMUM         51    522 AM  50      1       51
  AVERAGE         65            61      4       65

PRECIPITATION (IN)
  YESTERDAY        0.34          0.13   0.21     0.00
  MONTH TO DATE    2.36          2.78  -0.42     2.69
  SINCE MAR 1      8.50          6.65   1.85     3.54
  SINCE JAN 1      8.89          7.41   1.48     3.63

DEGREE DAYS
 HEATING
  YESTERDAY        0             5     -5        0
  MONTH TO DATE  175           219    -44      228
  SINCE MAR 1   1274          1614   -340     1241
  SINCE JUL 1   5567          6623  -1056     6001

 COOLING
  YESTERDAY        0             1     -1        0
  MONTH TO DATE   29            21      8       12
  SINCE MAR 1     38            23     15       24
  SINCE JAN 1     38            23     15       24
......................................................


WIND (MPH)
  HIGHEST WIND SPEED    17   HIGHEST WIND DIRECTION     E (90)
  HIGHEST GUST SPEED    23   HIGHEST GUST DIRECTION     E (80)
  AVERAGE WIND SPEED     6.4


SKY COVER
  AVERAGE SKY COVER 0.1


WEATHER CONDITIONS
 THE FOLLOWING WEATHER WAS RECORDED YESTERDAY.
  THUNDERSTORM
  HEAVY RAIN
  LIGHT RAIN
  FOG


RELATIVE HUMIDITY (PERCENT)
 HIGHEST    83           100 AM
 LOWEST     35           500 PM
 AVERAGE    59

..........................................................




SUNRISE AND SUNSET
MAY 27 2016...........SUNRISE   604 AM CDT   SUNSET   909 PM CDT
MAY 28 2016...........SUNRISE   604 AM CDT   SUNSET   910 PM CDT


-  INDICATES NEGATIVE NUMBERS.
R  INDICATES RECORD WAS SET OR TIED.
MM INDICATES DATA IS MISSING.
T  INDICATES TRACE AMOUNT.




$$
