000
CDUS43 KUNR 230834
CLIICR


CLIMATE REPORT
NATIONAL WEATHER SERVICE RAPID CITY SD
233 AM MDT SAT SEP 23 2017


...................................

...THE WINNER REGIONAL AIRPORT SD CLIMATE SUMMARY FOR SEPTEMBER 22 2017...

CLIMATE NORMAL PERIOD 1981 TO 2010
CLIMATE RECORD PERIOD 9999 TO 9999


WEATHER ITEM   OBSERVED TIME   NORMAL DEPARTURE LAST
                VALUE   (LST)  VALUE  FROM      YEAR
                                      NORMAL
......................................................
TEMPERATURE (F)
 YESTERDAY
  MAXIMUM         78    237 AM  74      4       65
  MINIMUM         53   1159 PM  48      5       58
  AVERAGE         66            61      5       62

PRECIPITATION (IN)
  YESTERDAY        T             0.06  -0.06     0.02
  MONTH TO DATE    0.66          1.49  -0.83     2.03
  SINCE SEP 1      0.66          1.49  -0.83     2.03
  SINCE JAN 1     16.18         18.49  -2.31    16.89

DEGREE DAYS
 HEATING
  YESTERDAY        0             6     -6        3
  MONTH TO DATE   47            71    -24       38
  SINCE SEP 1     47            71    -24       38
  SINCE JUL 1     49            85    -36       46

 COOLING
  YESTERDAY        1             2     -1        0
  MONTH TO DATE  130            91     39      100
  SINCE SEP 1    130            91     39      100
  SINCE JAN 1   1106           897    209     1144
......................................................


WIND (MPH)
  HIGHEST WIND SPEED    24   HIGHEST WIND DIRECTION     S (170)
  HIGHEST GUST SPEED    32   HIGHEST GUST DIRECTION     S (160)
  AVERAGE WIND SPEED    16.1


SKY COVER
  AVERAGE SKY COVER 0.1


WEATHER CONDITIONS
 THE FOLLOWING WEATHER WAS RECORDED YESTERDAY.
  THUNDERSTORM
  LIGHT RAIN


RELATIVE HUMIDITY (PERCENT)
 HIGHEST    77          1000 PM
 LOWEST     49          1100 AM
 AVERAGE    63

..........................................................




SUNRISE AND SUNSET
SEPTEMBER 23 2017.....SUNRISE   728 AM CDT   SUNSET   734 PM CDT
SEPTEMBER 24 2017.....SUNRISE   729 AM CDT   SUNSET   733 PM CDT


-  INDICATES NEGATIVE NUMBERS.
R  INDICATES RECORD WAS SET OR TIED.
MM INDICATES DATA IS MISSING.
T  INDICATES TRACE AMOUNT.




$$
