000
CDUS43 KUNR 090834
CLIICR


CLIMATE REPORT
NATIONAL WEATHER SERVICE RAPID CITY SD
134 AM MST TUE FEB 9 2016


...................................

...THE WINNER REGIONAL AIRPORT SD CLIMATE SUMMARY FOR FEBRUARY 8 2016...

CLIMATE NORMAL PERIOD 1981 TO 2010
CLIMATE RECORD PERIOD 9999 TO 9999


WEATHER ITEM   OBSERVED TIME   NORMAL DEPARTURE LAST
                VALUE   (LST)  VALUE  FROM      YEAR
                                      NORMAL
......................................................
TEMPERATURE (F)
 YESTERDAY
  MAXIMUM         37    404 PM  36      1       62
  MINIMUM         25    804 AM  15     10       30
  AVERAGE         31            26      5       46

PRECIPITATION (IN)
  YESTERDAY        0.00          0.02  -0.02      T
  MONTH TO DATE    0.01          0.14  -0.13     0.01
  SINCE DEC 1      1.53          0.73   0.80     0.29
  SINCE JAN 1      0.08          0.39  -0.31     0.09

DEGREE DAYS
 HEATING
  YESTERDAY       34            39     -5       19
  MONTH TO DATE  277           317    -40      295
  SINCE DEC 1   2652          2801   -149     2484
  SINCE JUL 1   3747          4272   -525     3940

 COOLING
  YESTERDAY        0             0      0        0
  MONTH TO DATE    0             0      0        0
  SINCE DEC 1      0             0      0        0
  SINCE JAN 1      0             0      0        0
......................................................


WIND (MPH)
  HIGHEST WIND SPEED    37   HIGHEST WIND DIRECTION    NW (320)
  HIGHEST GUST SPEED    46   HIGHEST GUST DIRECTION    NW (310)
  AVERAGE WIND SPEED    20.9


SKY COVER
  AVERAGE SKY COVER 0.3


WEATHER CONDITIONS
 THE FOLLOWING WEATHER WAS RECORDED YESTERDAY.
  NO SIGNIFICANT WEATHER WAS OBSERVED.


RELATIVE HUMIDITY (PERCENT)
 HIGHEST    68           400 AM
 LOWEST     47           200 PM
 AVERAGE    58

..........................................................




SUNRISE AND SUNSET
FEBRUARY  9 2016......SUNRISE   746 AM CST   SUNSET   601 PM CST
FEBRUARY 10 2016......SUNRISE   745 AM CST   SUNSET   603 PM CST


-  INDICATES NEGATIVE NUMBERS.
R  INDICATES RECORD WAS SET OR TIED.
MM INDICATES DATA IS MISSING.
T  INDICATES TRACE AMOUNT.




$$
