029
CDUS43 KUNR 210838
CLIICR


CLIMATE REPORT
NATIONAL WEATHER SERVICE RAPID CITY SD
136 AM MST SAT JAN 21 2017


...................................

...THE WINNER REGIONAL AIRPORT SD CLIMATE SUMMARY FOR JANUARY 20 2017...

CLIMATE NORMAL PERIOD 1981 TO 2010
CLIMATE RECORD PERIOD 9999 TO 9999


WEATHER ITEM   OBSERVED TIME   NORMAL DEPARTURE LAST
                VALUE   (LST)  VALUE  FROM      YEAR
                                      NORMAL
......................................................
TEMPERATURE (F)
 YESTERDAY
  MAXIMUM         47    328 PM  36     11       38
  MINIMUM         25    843 AM  14     11       24
  AVERAGE         36            25     11       31

PRECIPITATION (IN)
  YESTERDAY        0.00          0.00   0.00     0.02
  MONTH TO DATE    0.01          0.14  -0.13     0.02
  SINCE DEC 1      0.56          0.48   0.08     1.47
  SINCE JAN 1      0.01          0.14  -0.13     0.02

DEGREE DAYS
 HEATING
  YESTERDAY       29            40    -11       34
  MONTH TO DATE  895           805     90      886
  SINCE DEC 1   2079          2040     39     2010
  SINCE JUL 1   2949          3511   -562     3105

 COOLING
  YESTERDAY        0             0      0        0
  MONTH TO DATE    0             0      0        0
  SINCE DEC 1      0             0      0        0
  SINCE JAN 1      0             0      0        0
......................................................


WIND (MPH)
  HIGHEST WIND SPEED    15   HIGHEST WIND DIRECTION     W (260)
  HIGHEST GUST SPEED    18   HIGHEST GUST DIRECTION     S (200)
  AVERAGE WIND SPEED     7.3


SKY COVER
  AVERAGE SKY COVER 0.2


WEATHER CONDITIONS
 THE FOLLOWING WEATHER WAS RECORDED YESTERDAY.
  FOG


RELATIVE HUMIDITY (PERCENT)
 HIGHEST    92          1200 AM
 LOWEST     53           200 PM
 AVERAGE    73

..........................................................




SUNRISE AND SUNSET
JANUARY 21 2017.......SUNRISE   805 AM CST   SUNSET   537 PM CST
JANUARY 22 2017.......SUNRISE   804 AM CST   SUNSET   538 PM CST


-  INDICATES NEGATIVE NUMBERS.
R  INDICATES RECORD WAS SET OR TIED.
MM INDICATES DATA IS MISSING.
T  INDICATES TRACE AMOUNT.




$$
