000
CDUS43 KUNR 270833
CLIICR


CLIMATE REPORT
NATIONAL WEATHER SERVICE RAPID CITY SD
133 AM MST FRI FEB 27 2015


...................................

...THE WINNER REGIONAL AIRPORT SD CLIMATE SUMMARY FOR FEBRUARY 26 2015...

CLIMATE NORMAL PERIOD 1981 TO 2010
CLIMATE RECORD PERIOD 9999 TO 9999


WEATHER ITEM   OBSERVED TIME   NORMAL DEPARTURE LAST
                VALUE   (LST)  VALUE  FROM      YEAR
                                      NORMAL
......................................................
TEMPERATURE (F)
 YESTERDAY
  MAXIMUM         14    407 PM  41    -27       33
  MINIMUM         -3    441 AM  20    -23       -3
  AVERAGE          6            30    -24       15

PRECIPITATION (IN)
  YESTERDAY        T             0.02  -0.02     0.00
  MONTH TO DATE    0.01          0.48  -0.47     0.06
  SINCE DEC 1      0.29          1.07  -0.78     0.16
  SINCE JAN 1      0.09          0.73  -0.64     0.08

DEGREE DAYS
 HEATING
  YESTERDAY       59            35     24       50
  MONTH TO DATE 1020           986     34     1157
  SINCE DEC 1   3209          3470   -261     3792
  SINCE JUL 1   4665          4941   -276     5229

 COOLING
  YESTERDAY        0             0      0        0
  MONTH TO DATE    0             0      0        0
  SINCE DEC 1      0             0      0        0
  SINCE JAN 1      0             0      0        0
......................................................


WIND (MPH)
  HIGHEST WIND SPEED    18   HIGHEST WIND DIRECTION     N (340)
  HIGHEST GUST SPEED    23   HIGHEST GUST DIRECTION    NW (320)
  AVERAGE WIND SPEED     8.8


SKY COVER
  AVERAGE SKY COVER 0.6


WEATHER CONDITIONS
 THE FOLLOWING WEATHER WAS RECORDED YESTERDAY.
  LIGHT SNOW
  HAZE
  BLOWING SNOW


RELATIVE HUMIDITY (PERCENT)
 HIGHEST    75           200 AM
 LOWEST     46           400 PM
 AVERAGE    61

..........................................................




SUNRISE AND SUNSET
FEBRUARY 27 2015......SUNRISE   719 AM CST   SUNSET   625 PM CST
FEBRUARY 28 2015......SUNRISE   718 AM CST   SUNSET   627 PM CST


-  INDICATES NEGATIVE NUMBERS.
R  INDICATES RECORD WAS SET OR TIED.
MM INDICATES DATA IS MISSING.
T  INDICATES TRACE AMOUNT.




$$
