000
CDUS43 KICT 260643
CLIICT


CLIMATE REPORT
NATIONAL WEATHER SERVICE WICHITA KS
140 AM CDT FRI MAY 26 2017


...................................

...THE WICHITA EISENHOWER NATIONAL CLIMATE SUMMARY FOR MAY 25 2017...

CLIMATE NORMAL PERIOD 1981 TO 2010
CLIMATE RECORD PERIOD 1888 TO 2017


WEATHER ITEM   OBSERVED TIME   RECORD YEAR NORMAL DEPARTURE LAST
                VALUE   (LST)  VALUE       VALUE  FROM      YEAR
                                                  NORMAL
..................................................................
TEMPERATURE (F)
 YESTERDAY
  MAXIMUM         83    522 PM 100    1962  79      4       90
  MINIMUM         48   1253 AM  42    1925  58    -10       62
  AVERAGE         66                        69     -3       76

PRECIPITATION (IN)
  YESTERDAY        T             3.06 1963   0.15  -0.15     1.09
  MONTH TO DATE    4.30                      3.58   0.72     5.96
  SINCE MAR 1     15.08                      8.86   6.22    13.72
  SINCE JAN 1     18.70                     10.87   7.83    14.46

SNOWFALL (IN)
  YESTERDAY       MM             0.0  2007   0.0   MM        0.0
                                      2001
  MONTH TO DATE    0.0                       0.0    0.0      0.0
  SINCE MAR 1      T                         2.5   -2.5      3.5
  SINCE JUL 1      2.0                      14.9  -12.9      4.3
  SNOW DEPTH       0

DEGREE DAYS
 HEATING
  YESTERDAY        0                         1     -1        0
  MONTH TO DATE   75                        74      1       91
  SINCE MAR 1    740                       942   -202      654
  SINCE JUL 1   3584                      4582   -998     3504

 COOLING
  YESTERDAY        1                         5     -4       11
  MONTH TO DATE   63                        75    -12       52
  SINCE MAR 1    108                       101      7       89
  SINCE JAN 1    108                       101      7       89
..................................................................


WIND (MPH)
  HIGHEST WIND SPEED    30   HIGHEST WIND DIRECTION     S (160)
  HIGHEST GUST SPEED    39   HIGHEST GUST DIRECTION     S (160)
  AVERAGE WIND SPEED    15.0


SKY COVER
  POSSIBLE SUNSHINE  MM
  AVERAGE SKY COVER 0.3


WEATHER CONDITIONS
 THE FOLLOWING WEATHER WAS RECORDED YESTERDAY.
  NO SIGNIFICANT WEATHER WAS OBSERVED.


RELATIVE HUMIDITY (PERCENT)
 HIGHEST    86           100 AM
 LOWEST     43           400 PM
 AVERAGE    65

..........................................................


THE WICHITA EISENHOWER NATIONAL CLIMATE NORMALS FOR TODAY
                         NORMAL    RECORD    YEAR
 MAXIMUM TEMPERATURE (F)   80        98      1964
 MINIMUM TEMPERATURE (F)   59        40      1901


SUNRISE AND SUNSET
MAY 26 2017...........SUNRISE   612 AM CDT   SUNSET   842 PM CDT
MAY 27 2017...........SUNRISE   612 AM CDT   SUNSET   842 PM CDT


-  INDICATES NEGATIVE NUMBERS.
R  INDICATES RECORD WAS SET OR TIED.
MM INDICATES DATA IS MISSING.
T  INDICATES TRACE AMOUNT.




$$
