860
CDUS43 KICT 250636
CLIICT


CLIMATE REPORT
NATIONAL WEATHER SERVICE WICHITA KS
135 AM CDT MON SEP 25 2017


...................................

...THE WICHITA EISENHOWER NATIONAL CLIMATE SUMMARY FOR SEPTEMBER 24 2017...

CLIMATE NORMAL PERIOD 1981 TO 2010
CLIMATE RECORD PERIOD 1888 TO 2017


WEATHER ITEM   OBSERVED TIME   RECORD YEAR NORMAL DEPARTURE LAST
                VALUE   (LST)  VALUE       VALUE  FROM      YEAR
                                                  NORMAL
..................................................................
TEMPERATURE (F)
 YESTERDAY
  MAXIMUM         89    312 PM  96    1898  79     10       86
  MINIMUM         70    650 AM  34    1989  56     14       67
  AVERAGE         80                        67     13       77

PRECIPITATION (IN)
  YESTERDAY        0.02          1.59 1973   0.10  -0.08     0.58
  MONTH TO DATE    0.36                      2.54  -2.18    10.23
  SINCE SEP 1      0.36                      2.54  -2.18    10.23
  SINCE JAN 1     27.71                     26.63   1.08    46.57

SNOWFALL (IN)
  YESTERDAY        0.0           0.0  2007   0.0    0.0      0.0
  MONTH TO DATE    0.0                       0.0    0.0      0.0
  SINCE SEP 1      0.0                       0.0    0.0      0.0
  SINCE JUL 1      0.0                       0.0    0.0      0.0
  SNOW DEPTH       0

DEGREE DAYS
 HEATING
  YESTERDAY        0                         3     -3        0
  MONTH TO DATE    1                        21    -20        0
  SINCE SEP 1      1                        21    -20        0
  SINCE JUL 1      1                        22    -21        0

 COOLING
  YESTERDAY       15                         5     10       12
  MONTH TO DATE  257                       197     60      277
  SINCE SEP 1    257                       197     60      277
  SINCE JAN 1   1696                      1624     72     1949
..................................................................


WIND (MPH)
  HIGHEST WIND SPEED    26   HIGHEST WIND DIRECTION     S (170)
  HIGHEST GUST SPEED    32   HIGHEST GUST DIRECTION     S (180)
  AVERAGE WIND SPEED    13.2


SKY COVER
  POSSIBLE SUNSHINE  MM
  AVERAGE SKY COVER 0.4


WEATHER CONDITIONS
 THE FOLLOWING WEATHER WAS RECORDED YESTERDAY.
  NO SIGNIFICANT WEATHER WAS OBSERVED.


RELATIVE HUMIDITY (PERCENT)
 HIGHEST    90           600 AM
 LOWEST     43           200 PM
 AVERAGE    67

..........................................................


THE WICHITA EISENHOWER NATIONAL CLIMATE NORMALS FOR TODAY
                         NORMAL    RECORD    YEAR
 MAXIMUM TEMPERATURE (F)   78        96      1904
                                             1898
 MINIMUM TEMPERATURE (F)   55        39      2000
                                             1926
                                             1912


SUNRISE AND SUNSET
SEPTEMBER 25 2017.....SUNRISE   720 AM CDT   SUNSET   721 PM CDT
SEPTEMBER 26 2017.....SUNRISE   721 AM CDT   SUNSET   720 PM CDT


-  INDICATES NEGATIVE NUMBERS.
R  INDICATES RECORD WAS SET OR TIED.
MM INDICATES DATA IS MISSING.
T  INDICATES TRACE AMOUNT.




$$
