000
CDUS43 KICT 050641
CLIICT

CLIMATE REPORT
NATIONAL WEATHER SERVICE WICHITA KS
140 AM CDT SAT SEP 5 2015


...................................

...THE WICHITA EISENHOWER NATIONAL CLIMATE SUMMARY FOR SEPTEMBER 4 2015...

CLIMATE NORMAL PERIOD 1981 TO 2010
CLIMATE RECORD PERIOD 1888 TO 2015


WEATHER ITEM   OBSERVED TIME   RECORD YEAR NORMAL DEPARTURE LAST
                VALUE   (LST)  VALUE       VALUE  FROM      YEAR
                                                  NORMAL
..................................................................
TEMPERATURE (F)
 YESTERDAY
  MAXIMUM         94    356 PM 102    1978  87      7       99
  MINIMUM         70    621 AM  47    1974  65      5       75
  AVERAGE         82                        76      6       87

PRECIPITATION (IN)
  YESTERDAY        0.00          4.50 1940   0.11  -0.11     0.00
  MONTH TO DATE    0.00                      0.45  -0.45     0.05
  SINCE SEP 1      0.00                      0.45  -0.45     0.05
  SINCE JAN 1     32.42                     24.54   7.88    22.03

SNOWFALL (IN)
  YESTERDAY        0.0           0.0  2007   0.0    0.0      0.0
  MONTH TO DATE    0.0                       0.0    0.0      0.0
  SINCE SEP 1      0.0                       0.0    0.0      0.0
  SINCE JUL 1      0.0                       0.0    0.0      0.0
  SNOW DEPTH       0

DEGREE DAYS
 HEATING
  YESTERDAY        0                         0      0        0
  MONTH TO DATE    0                         0      0        0
  SINCE SEP 1      0                         0      0        0
  SINCE JUL 1      0                         1     -1        1

 COOLING
  YESTERDAY       17                        11      6       22
  MONTH TO DATE   69                        46     23       70
  SINCE SEP 1     69                        46     23       70
  SINCE JAN 1   1560                      1473     87     1566
..................................................................


WIND (MPH)
  HIGHEST WIND SPEED    23   HIGHEST WIND DIRECTION     S (170)
  HIGHEST GUST SPEED    28   HIGHEST GUST DIRECTION     S (170)
  AVERAGE WIND SPEED    12.9


SKY COVER
  POSSIBLE SUNSHINE  MM
  AVERAGE SKY COVER 0.3


WEATHER CONDITIONS
 THE FOLLOWING WEATHER WAS RECORDED YESTERDAY.
  NO SIGNIFICANT WEATHER WAS OBSERVED.


RELATIVE HUMIDITY (PERCENT)
 HIGHEST    79           400 AM
 LOWEST     39           200 PM
 AVERAGE    59

..........................................................


THE WICHITA EISENHOWER NATIONAL CLIMATE NORMALS FOR TODAY
                         NORMAL    RECORD    YEAR
 MAXIMUM TEMPERATURE (F)   87       103      1931
 MINIMUM TEMPERATURE (F)   64        44      1889


SUNRISE AND SUNSET
SEPTEMBER  5 2015.....SUNRISE   703 AM CDT   SUNSET   753 PM CDT
SEPTEMBER  6 2015.....SUNRISE   704 AM CDT   SUNSET   752 PM CDT


-  INDICATES NEGATIVE NUMBERS.
R  INDICATES RECORD WAS SET OR TIED.
MM INDICATES DATA IS MISSING.
T  INDICATES TRACE AMOUNT.




$$
