000
CDUS45 KPIH 210730
CLIIDA


CLIMATE REPORT
NATIONAL WEATHER SERVICE POCATELLO ID
1229 AM MST WED FEB 21 2018


...................................

...THE IDAHO FALLS ID CLIMATE SUMMARY FOR FEBRUARY 20 2018...

CLIMATE NORMAL PERIOD 1981 TO 2010
CLIMATE RECORD PERIOD 1948 TO 2018


WEATHER ITEM   OBSERVED TIME   RECORD YEAR NORMAL DEPARTURE LAST
                VALUE   (LST)  VALUE       VALUE  FROM      YEAR
                                                  NORMAL
..................................................................
TEMPERATURE (F)
 YESTERDAY
  MAXIMUM         16    542 PM  53    1982  36    -20       42
  MINIMUM          8    839 AM -14    1955  16     -8       29
  AVERAGE         12                        26    -14       36

PRECIPITATION (IN)
  YESTERDAY        T             0.22 1986   0.03  -0.03     0.07
  MONTH TO DATE    0.04                      0.45  -0.41     0.96
  SINCE OCT 1      2.45                      3.71  -1.26     6.13
  SINCE JAN 1      0.52                      1.14  -0.62     1.85

SNOWFALL (IN)
  YESTERDAY       MM
  MONTH TO DATE   MM
  SINCE DEC 1     MM
  SINCE JUL 1     MM
  SNOW DEPTH      MM

DEGREE DAYS
 HEATING
  YESTERDAY       53                        39     14       29
  MONTH TO DATE  642                       841   -199      687
  SINCE DEC 1   3107                      3601   -494     3846
  SINCE JUL 1   4931                      5504   -573     5464

 COOLING
  YESTERDAY        0                         0      0        0
  MONTH TO DATE    0                         0      0        0
  SINCE DEC 1      0                         0      0        0
  SINCE JAN 1      0                         0      0        0
..................................................................


WIND (MPH)
  HIGHEST WIND SPEED    23   HIGHEST WIND DIRECTION    SW (220)
  HIGHEST GUST SPEED    32   HIGHEST GUST DIRECTION    SW (220)
  AVERAGE WIND SPEED    10.4


SKY COVER
  POSSIBLE SUNSHINE  MM
  AVERAGE SKY COVER 0.8


WEATHER CONDITIONS
 THE FOLLOWING WEATHER WAS RECORDED YESTERDAY.
  LIGHT SNOW
  FOG
  HAZE


RELATIVE HUMIDITY (PERCENT)
 HIGHEST    83           900 AM
 LOWEST     53          1200 AM
 AVERAGE    68

..........................................................


THE IDAHO FALLS ID CLIMATE NORMALS FOR TODAY
                         NORMAL    RECORD    YEAR
 MAXIMUM TEMPERATURE (F)   36        59      1982
 MINIMUM TEMPERATURE (F)   16       -12      1975


SUNRISE AND SUNSET
FEBRUARY 21 2018......SUNRISE   717 AM MST   SUNSET   607 PM MST
FEBRUARY 22 2018......SUNRISE   716 AM MST   SUNSET   608 PM MST


-  INDICATES NEGATIVE NUMBERS.
R  INDICATES RECORD WAS SET OR TIED.
MM INDICATES DATA IS MISSING.
T  INDICATES TRACE AMOUNT.




$$
