000
CDUS45 KPIH 300731
CLIIDA


CLIMATE REPORT
NATIONAL WEATHER SERVICE POCATELLO ID
131 AM MDT SAT AUG 30 2014


...................................

...THE IDAHO FALLS ID CLIMATE SUMMARY FOR AUGUST 29 2014...

CLIMATE NORMAL PERIOD 1981 TO 2010
CLIMATE RECORD PERIOD 1948 TO 2014


WEATHER ITEM   OBSERVED TIME   RECORD YEAR NORMAL DEPARTURE LAST
                VALUE   (LST)  VALUE       VALUE  FROM      YEAR
                                                  NORMAL
..................................................................
TEMPERATURE (F)
 YESTERDAY
  MAXIMUM         86    414 PM  95    1948  82      4       92
  MINIMUM         47    601 AM  32    1960  46      1       53
  AVERAGE         67                        64      3       73

PRECIPITATION (IN)
  YESTERDAY        T             1.19 1971   0.03  -0.03     0.00
  MONTH TO DATE    2.29                      0.50   1.79     0.27
  SINCE OCT 1      7.54                      9.51  -1.97     5.39
  SINCE JAN 1      6.24                      6.94  -0.70     2.70

SNOWFALL (IN)
  YESTERDAY       MM
  MONTH TO DATE   MM
  SINCE JUN 1     MM
  SINCE JUL 1     MM
  SNOW DEPTH      MM

DEGREE DAYS
 HEATING
  YESTERDAY        0                         3     -3        0
  MONTH TO DATE   46                        31     15        0
  SINCE JUN 1    176                       211    -35      100
  SINCE JUL 1     48                        58    -10        0

 COOLING
  YESTERDAY        2                         2      0        8
  MONTH TO DATE   79                        92    -13      159
  SINCE JUN 1    281                       245     36      446
  SINCE JAN 1    282                       247     35      450
..................................................................


WIND (MPH)
  HIGHEST WIND SPEED    18   HIGHEST WIND DIRECTION    SW (210)
  HIGHEST GUST SPEED    23   HIGHEST GUST DIRECTION     S (200)
  AVERAGE WIND SPEED     7.7


SKY COVER
  POSSIBLE SUNSHINE  MM
  AVERAGE SKY COVER 0.0


WEATHER CONDITIONS
 THE FOLLOWING WEATHER WAS RECORDED YESTERDAY.
  HAZE


RELATIVE HUMIDITY (PERCENT)
 HIGHEST    86           500 AM
 LOWEST     20           400 PM
 AVERAGE    53

..........................................................


THE IDAHO FALLS ID CLIMATE NORMALS FOR TODAY
                         NORMAL    RECORD    YEAR
 MAXIMUM TEMPERATURE (F)   82        99      1954
 MINIMUM TEMPERATURE (F)   46        31      1964


SUNRISE AND SUNSET
AUGUST 30 2014........SUNRISE   650 AM MDT   SUNSET   807 PM MDT
AUGUST 31 2014........SUNRISE   651 AM MDT   SUNSET   805 PM MDT


-  INDICATES NEGATIVE NUMBERS.
R  INDICATES RECORD WAS SET OR TIED.
MM INDICATES DATA IS MISSING.
T  INDICATES TRACE AMOUNT.




$$
