000
CDUS45 KPIH 290738
CLIIDA


CLIMATE REPORT
NATIONAL WEATHER SERVICE POCATELLO ID
136 AM MDT WED JUL 29 2015


...................................

...THE IDAHO FALLS ID CLIMATE SUMMARY FOR JULY 28 2015...

CLIMATE NORMAL PERIOD 1981 TO 2010
CLIMATE RECORD PERIOD 1948 TO 2015


WEATHER ITEM   OBSERVED TIME   RECORD YEAR NORMAL DEPARTURE LAST
                VALUE   (LST)  VALUE       VALUE  FROM      YEAR
                                                  NORMAL
..................................................................
TEMPERATURE (F)
 YESTERDAY
  MAXIMUM         71    531 PM  98    2006  88    -17       90
  MINIMUM         36R   531 AM  41    2005  51    -15       49
  AVERAGE         54                        69    -15       70

PRECIPITATION (IN)
  YESTERDAY        0.00          0.33 1978   0.01  -0.01     0.08
  MONTH TO DATE    0.94                      0.45   0.49     0.08
  SINCE OCT 1      7.81                      8.96  -1.15     5.22
  SINCE JAN 1      6.35                      6.39  -0.04     3.92

SNOWFALL (IN)
  YESTERDAY       MM
  MONTH TO DATE   MM
  SINCE JUN 1     MM
  SINCE JUL 1     MM
  SNOW DEPTH      MM

DEGREE DAYS
 HEATING
  YESTERDAY       11                         0     11        0
  MONTH TO DATE   37                        25     12        2
  SINCE JUN 1     83                       178    -95      130
  SINCE JUL 1     37                        25     12        2

 COOLING
  YESTERDAY        0                         5     -5        5
  MONTH TO DATE   96                       113    -17      182
  SINCE JUN 1    192                       143     49      191
  SINCE JAN 1    193                       145     48      192
..................................................................


WIND (MPH)
  HIGHEST WIND SPEED    13   HIGHEST WIND DIRECTION     N (20)
  HIGHEST GUST SPEED    17   HIGHEST GUST DIRECTION    NE (40)
  AVERAGE WIND SPEED     4.2


SKY COVER
  POSSIBLE SUNSHINE  MM
  AVERAGE SKY COVER 0.1


WEATHER CONDITIONS
 THE FOLLOWING WEATHER WAS RECORDED YESTERDAY.
  NO SIGNIFICANT WEATHER WAS OBSERVED.


RELATIVE HUMIDITY (PERCENT)
 HIGHEST   100          1200 AM
 LOWEST     23           400 PM
 AVERAGE    62

..........................................................


THE IDAHO FALLS ID CLIMATE NORMALS FOR TODAY
                         NORMAL    RECORD    YEAR
 MAXIMUM TEMPERATURE (F)   88        96      2007
                                             2000
 MINIMUM TEMPERATURE (F)   51        43      2011


SUNRISE AND SUNSET
JULY 29 2015..........SUNRISE   614 AM MDT   SUNSET   854 PM MDT
JULY 30 2015..........SUNRISE   615 AM MDT   SUNSET   853 PM MDT


-  INDICATES NEGATIVE NUMBERS.
R  INDICATES RECORD WAS SET OR TIED.
MM INDICATES DATA IS MISSING.
T  INDICATES TRACE AMOUNT.




$$
