000
CDUS45 KPIH 280732
CLIIDA


CLIMATE REPORT
NATIONAL WEATHER SERVICE POCATELLO ID
131 AM MDT FRI APR 28 2017


...................................

...THE IDAHO FALLS ID CLIMATE SUMMARY FOR APRIL 27 2017...

CLIMATE NORMAL PERIOD 1981 TO 2010
CLIMATE RECORD PERIOD 1948 TO 2017


WEATHER ITEM   OBSERVED TIME   RECORD YEAR NORMAL DEPARTURE LAST
                VALUE   (LST)  VALUE       VALUE  FROM      YEAR
                                                  NORMAL
..................................................................
TEMPERATURE (F)
 YESTERDAY
  MAXIMUM         45   1236 PM  82    1987  61    -16       60
  MINIMUM         33   1128 PM  15    1976  34     -1       35
  AVERAGE         39                        48     -9       48

PRECIPITATION (IN)
  YESTERDAY        0.18          0.71 1975   0.05   0.13     0.00
  MONTH TO DATE    1.03                      0.99   0.04     0.58
  SINCE OCT 1      7.79                      5.77   2.02     5.57
  SINCE JAN 1      3.51                      3.20   0.31     3.25

SNOWFALL (IN)
  YESTERDAY       MM
  MONTH TO DATE   MM
  SINCE MAR 1     MM
  SINCE JUL 1     MM
  SNOW DEPTH      MM

DEGREE DAYS
 HEATING
  YESTERDAY       26                        17      9       17
  MONTH TO DATE  570                       559     11      436
  SINCE MAR 1   1304                      1461   -157     1231
  SINCE JUL 1   7101                      7263   -162     6813

 COOLING
  YESTERDAY        0                         0      0        0
  MONTH TO DATE    0                         0      0        0
  SINCE MAR 1      0                         0      0        0
  SINCE JAN 1      0                         0      0        0
..................................................................


WIND (MPH)
  HIGHEST WIND SPEED    28   HIGHEST WIND DIRECTION    SW (210)
  HIGHEST GUST SPEED    35   HIGHEST GUST DIRECTION    SW (210)
  AVERAGE WIND SPEED    13.3


SKY COVER
  POSSIBLE SUNSHINE  MM
  AVERAGE SKY COVER 0.8


WEATHER CONDITIONS
 THE FOLLOWING WEATHER WAS RECORDED YESTERDAY.
  THUNDERSTORM
  LIGHT RAIN
  LIGHT SNOW
  FOG
  HAZE


RELATIVE HUMIDITY (PERCENT)
 HIGHEST   100          1000 PM
 LOWEST     70          1000 AM
 AVERAGE    85

..........................................................


THE IDAHO FALLS ID CLIMATE NORMALS FOR TODAY
                         NORMAL    RECORD    YEAR
 MAXIMUM TEMPERATURE (F)   62        81      1987
 MINIMUM TEMPERATURE (F)   34        18      1984


SUNRISE AND SUNSET
APRIL 28 2017.........SUNRISE   625 AM MDT   SUNSET   827 PM MDT
APRIL 29 2017.........SUNRISE   623 AM MDT   SUNSET   828 PM MDT


-  INDICATES NEGATIVE NUMBERS.
R  INDICATES RECORD WAS SET OR TIED.
MM INDICATES DATA IS MISSING.
T  INDICATES TRACE AMOUNT.




$$
