000
CDUS45 KPIH 020733
CLIIDA


CLIMATE REPORT
NATIONAL WEATHER SERVICE POCATELLO ID
131 AM MDT THU JUL 2 2015


...................................

...THE IDAHO FALLS ID CLIMATE SUMMARY FOR JULY 1 2015...

CLIMATE NORMAL PERIOD 1981 TO 2010
CLIMATE RECORD PERIOD 1948 TO 2015


WEATHER ITEM   OBSERVED TIME   RECORD YEAR NORMAL DEPARTURE LAST
                VALUE   (LST)  VALUE       VALUE  FROM      YEAR
                                                  NORMAL
..................................................................
TEMPERATURE (F)
 YESTERDAY
  MAXIMUM         93    339 PM  97    2013  82     11       84
  MINIMUM         57    534 AM  37    1968  48      9       42
  AVERAGE         75                        65     10       63

PRECIPITATION (IN)
  YESTERDAY        0.00          0.74 1966   0.01  -0.01     0.00
  MONTH TO DATE    0.00                      0.01  -0.01     0.00
  SINCE OCT 1      6.87                      8.52  -1.65     5.14
  SINCE JAN 1      5.41                      5.95  -0.54     3.84

SNOWFALL (IN)
  YESTERDAY       MM
  MONTH TO DATE   MM
  SINCE JUN 1     MM
  SINCE JUL 1     MM
  SNOW DEPTH      MM

DEGREE DAYS
 HEATING
  YESTERDAY        0                         2     -2        2
  MONTH TO DATE    0                         2     -2        2
  SINCE JUN 1     46                       155   -109      130
  SINCE JUL 1      0                         2     -2        2

 COOLING
  YESTERDAY       10                         2      8        0
  MONTH TO DATE   10                         2      8        0
  SINCE JUN 1    106                        32     74        9
  SINCE JAN 1    107                        34     73       10
..................................................................


WIND (MPH)
  HIGHEST WIND SPEED    15   HIGHEST WIND DIRECTION     S (170)
  HIGHEST GUST SPEED    20   HIGHEST GUST DIRECTION    SE (150)
  AVERAGE WIND SPEED     5.0


SKY COVER
  POSSIBLE SUNSHINE  MM
  AVERAGE SKY COVER 0.1


WEATHER CONDITIONS
 THE FOLLOWING WEATHER WAS RECORDED YESTERDAY.
  HAZE


RELATIVE HUMIDITY (PERCENT)
 HIGHEST    93           600 AM
 LOWEST     18           400 PM
 AVERAGE    56

..........................................................


THE IDAHO FALLS ID CLIMATE NORMALS FOR TODAY
                         NORMAL    RECORD    YEAR
 MAXIMUM TEMPERATURE (F)   83        96      1985
 MINIMUM TEMPERATURE (F)   49        37      1973


SUNRISE AND SUNSET
JULY  2 2015..........SUNRISE   552 AM MDT   SUNSET   913 PM MDT
JULY  3 2015..........SUNRISE   552 AM MDT   SUNSET   913 PM MDT


-  INDICATES NEGATIVE NUMBERS.
R  INDICATES RECORD WAS SET OR TIED.
MM INDICATES DATA IS MISSING.
T  INDICATES TRACE AMOUNT.




$$
