000
CDUS45 KPIH 220733
CLIIDA


CLIMATE REPORT
NATIONAL WEATHER SERVICE POCATELLO ID
132 AM MDT TUE AUG 22 2017


...................................

...THE IDAHO FALLS ID CLIMATE SUMMARY FOR AUGUST 21 2017...

CLIMATE NORMAL PERIOD 1981 TO 2010
CLIMATE RECORD PERIOD 1948 TO 2017


WEATHER ITEM   OBSERVED TIME   RECORD YEAR NORMAL DEPARTURE LAST
                VALUE   (LST)  VALUE       VALUE  FROM      YEAR
                                                  NORMAL
..................................................................
TEMPERATURE (F)
 YESTERDAY
  MAXIMUM         83    511 PM  96    2009  85     -2       91
  MINIMUM         49    621 AM  35    1964  48      1       44
  AVERAGE         66                        66      0       68

PRECIPITATION (IN)
  YESTERDAY        0.00          0.43 1968   0.02  -0.02     0.00
  MONTH TO DATE    0.03                      0.33  -0.30     0.09
  SINCE OCT 1     10.37                      9.34   1.03     7.76
  SINCE JAN 1      6.09                      6.77  -0.68     5.44

SNOWFALL (IN)
  YESTERDAY       MM
  MONTH TO DATE   MM
  SINCE JUN 1     MM
  SINCE JUL 1     MM
  SNOW DEPTH      MM

DEGREE DAYS
 HEATING
  YESTERDAY        0                         1     -1        0
  MONTH TO DATE    9                        13     -4       18
  SINCE JUN 1    117                       193    -76      125
  SINCE JUL 1      9                        40    -31       51

 COOLING
  YESTERDAY        1                         3     -2        3
  MONTH TO DATE   56                        76    -20       54
  SINCE JUN 1    290                       229     61      230
  SINCE JAN 1    292                       231     61      230
..................................................................


WIND (MPH)
  HIGHEST WIND SPEED    14   HIGHEST WIND DIRECTION    SW (210)
  HIGHEST GUST SPEED    18   HIGHEST GUST DIRECTION    SW (210)
  AVERAGE WIND SPEED     6.5


SKY COVER
  POSSIBLE SUNSHINE  MM
  AVERAGE SKY COVER 0.0


WEATHER CONDITIONS
 THE FOLLOWING WEATHER WAS RECORDED YESTERDAY.
  NO SIGNIFICANT WEATHER WAS OBSERVED.


RELATIVE HUMIDITY (PERCENT)
 HIGHEST    66           600 AM
 LOWEST     16           600 PM
 AVERAGE    41

..........................................................


THE IDAHO FALLS ID CLIMATE NORMALS FOR TODAY
                         NORMAL    RECORD    YEAR
 MAXIMUM TEMPERATURE (F)   84        98      1969
 MINIMUM TEMPERATURE (F)   48        36      1954


SUNRISE AND SUNSET
AUGUST 22 2017........SUNRISE   641 AM MDT   SUNSET   820 PM MDT
AUGUST 23 2017........SUNRISE   642 AM MDT   SUNSET   818 PM MDT


-  INDICATES NEGATIVE NUMBERS.
R  INDICATES RECORD WAS SET OR TIED.
MM INDICATES DATA IS MISSING.
T  INDICATES TRACE AMOUNT.




$$
