000
CDUS45 KPIH 032343
CLIIDA


CLIMATE REPORT
NATIONAL WEATHER SERVICE POCATELLO ID
541 PM MDT TUE MAY 3 2016


...................................

...THE IDAHO FALLS ID CLIMATE SUMMARY FOR MAY 3 2016...
VALID TODAY AS OF 0500 PM LOCAL TIME.

CLIMATE NORMAL PERIOD 1981 TO 2010
CLIMATE RECORD PERIOD 1948 TO 2016


WEATHER ITEM   OBSERVED TIME   RECORD YEAR NORMAL DEPARTURE LAST
                VALUE   (LST)  VALUE       VALUE  FROM      YEAR
                                                  NORMAL
..................................................................
TEMPERATURE (F)
 TODAY
  MAXIMUM         74    346 PM  85    1966  63     11       74
  MINIMUM         32    533 AM  26    2008  35     -3       44
                                      2006
                                      1965
  AVERAGE         53                        49      4       59

PRECIPITATION (IN)
  TODAY            0.00          0.55 1993   0.04  -0.04     0.02
  MONTH TO DATE    0.00                      0.14  -0.14     0.02
  SINCE OCT 1      5.59                      6.06  -0.47     2.41
  SINCE JAN 1      3.27                      3.49  -0.22     0.95

SNOWFALL (IN)
  TODAY           MM
  MONTH TO DATE   MM
  SINCE MAR 1     MM
  SINCE JUL 1     MM
  SNOW DEPTH      MM

DEGREE DAYS
 HEATING
  TODAY           12                        16     -4        6
  MONTH TO DATE   45                        48     -3       22
  SINCE MAR 1   1337                      1559   -222     1289
  SINCE JUL 1   6919                      7361   -442     6107

 COOLING
  TODAY            0                         0      0        0
  MONTH TO DATE    0                         0      0        0
  SINCE MAR 1      0                         0      0        0
  SINCE JAN 1      0                         0      0        0
..................................................................


WIND (MPH)
  HIGHEST WIND SPEED     9   HIGHEST WIND DIRECTION    SW (220)
  HIGHEST GUST SPEED    13   HIGHEST GUST DIRECTION     W (280)
  AVERAGE WIND SPEED     2.2


SKY COVER
  POSSIBLE SUNSHINE  MM
  AVERAGE SKY COVER 0.0


WEATHER CONDITIONS
 THE FOLLOWING WEATHER WAS RECORDED TODAY.
  NO SIGNIFICANT WEATHER WAS OBSERVED.


RELATIVE HUMIDITY (PERCENT)
 HIGHEST    75           300 AM
 LOWEST     17           400 PM
 AVERAGE    46

..........................................................


THE IDAHO FALLS ID CLIMATE NORMALS FOR TOMORROW
                         NORMAL    RECORD    YEAR
 MAXIMUM TEMPERATURE (F)   64        86      1966
 MINIMUM TEMPERATURE (F)   36        22      2001


SUNRISE AND SUNSET
MAY  3 2016...........SUNRISE   617 AM MDT   SUNSET   833 PM MDT
MAY  4 2016...........SUNRISE   616 AM MDT   SUNSET   835 PM MDT


-  INDICATES NEGATIVE NUMBERS.
R  INDICATES RECORD WAS SET OR TIED.
MM INDICATES DATA IS MISSING.
T  INDICATES TRACE AMOUNT.




$$
