786
CDUS43 KUNR 260834
CLIIEN


CLIMATE REPORT
NATIONAL WEATHER SERVICE RAPID CITY SD
234 AM MDT TUE JUL 26 2016


...................................

...THE PINE RIDGE SD CLIMATE SUMMARY FOR JULY 25 2016...

CLIMATE NORMAL PERIOD 1981 TO 2010
CLIMATE RECORD PERIOD 9999 TO 9999


WEATHER ITEM   OBSERVED TIME   NORMAL DEPARTURE LAST
                VALUE   (LST)  VALUE  FROM      YEAR
                                      NORMAL
......................................................
TEMPERATURE (F)
 YESTERDAY
  MAXIMUM         93    157 PM  91      2       89
  MINIMUM         62    421 AM  59      3       59
  AVERAGE         78            75      3       74

PRECIPITATION (IN)
  YESTERDAY        0.00          0.08  -0.08     0.00
  MONTH TO DATE    2.22          1.76   0.46     2.64
  SINCE JUN 1      3.72          5.19  -1.47     6.41
  SINCE JAN 1      9.80         11.43  -1.63    16.09

DEGREE DAYS
 HEATING
  YESTERDAY        0             0      0        0
  MONTH TO DATE    2             4     -2        3
  SINCE JUN 1     28            91    -63       13
  SINCE JUL 1      2             4     -2        3

 COOLING
  YESTERDAY       13            10      3        9
  MONTH TO DATE  241           219     22      158
  SINCE JUN 1    458           329    129      279
  SINCE JAN 1    466           346    120      279
......................................................


WIND (MPH)
  HIGHEST WIND SPEED    26   HIGHEST WIND DIRECTION     S (200)
  HIGHEST GUST SPEED    32   HIGHEST GUST DIRECTION     S (170)
  AVERAGE WIND SPEED    12.5


SKY COVER
  AVERAGE SKY COVER 0.0


WEATHER CONDITIONS
 THE FOLLOWING WEATHER WAS RECORDED YESTERDAY.
  NO SIGNIFICANT WEATHER WAS OBSERVED.


RELATIVE HUMIDITY (PERCENT)
 HIGHEST    93           500 AM
 LOWEST     30           200 PM
 AVERAGE    62

..........................................................




SUNRISE AND SUNSET
JULY 26 2016..........SUNRISE   535 AM MDT   SUNSET   817 PM MDT
JULY 27 2016..........SUNRISE   536 AM MDT   SUNSET   816 PM MDT


-  INDICATES NEGATIVE NUMBERS.
R  INDICATES RECORD WAS SET OR TIED.
MM INDICATES DATA IS MISSING.
T  INDICATES TRACE AMOUNT.




$$
