000
CDUS43 KUNR 030842
CLIIEN


CLIMATE REPORT
NATIONAL WEATHER SERVICE RAPID CITY SD
138 AM MST TUE MAR 3 2015


...................................

...THE PINE RIDGE SD CLIMATE SUMMARY FOR MARCH 2 2015...

CLIMATE NORMAL PERIOD 1981 TO 2010
CLIMATE RECORD PERIOD 9999 TO 9999


WEATHER ITEM   OBSERVED TIME   NORMAL DEPARTURE LAST
                VALUE   (LST)  VALUE  FROM      YEAR
                                      NORMAL
......................................................
TEMPERATURE (F)
 YESTERDAY
  MAXIMUM         45    122 PM  45      0        8
  MINIMUM         21    333 AM  18      3       -6
  AVERAGE         33            31      2        1

PRECIPITATION (IN)
  YESTERDAY        0.12          0.02   0.10     0.00
  MONTH TO DATE    0.12          0.03   0.09     0.14
  SINCE MAR 1      0.12          0.03   0.09     0.14
  SINCE JAN 1      0.58          0.82  -0.24     0.41

DEGREE DAYS
 HEATING
  YESTERDAY       32            34     -2       64
  MONTH TO DATE   71            68      3      131
  SINCE MAR 1     71            68      3      131
  SINCE JUL 1   5281          5418   -137     5613

 COOLING
  YESTERDAY        0             0      0        0
  MONTH TO DATE    0             0      0        0
  SINCE MAR 1      0             0      0        0
  SINCE JAN 1      0             0      0        0
......................................................


WIND (MPH)
  HIGHEST WIND SPEED    35   HIGHEST WIND DIRECTION     S (190)
  HIGHEST GUST SPEED    45   HIGHEST GUST DIRECTION     S (200)
  AVERAGE WIND SPEED    14.0


SKY COVER
  AVERAGE SKY COVER 0.3


WEATHER CONDITIONS
 THE FOLLOWING WEATHER WAS RECORDED YESTERDAY.
  SNOW
  LIGHT SNOW
  FOG


RELATIVE HUMIDITY (PERCENT)
 HIGHEST    92          1100 PM
 LOWEST     38          1100 AM
 AVERAGE    65

..........................................................




SUNRISE AND SUNSET
MARCH  3 2015.........SUNRISE   623 AM MST   SUNSET   542 PM MST
MARCH  4 2015.........SUNRISE   621 AM MST   SUNSET   543 PM MST


-  INDICATES NEGATIVE NUMBERS.
R  INDICATES RECORD WAS SET OR TIED.
MM INDICATES DATA IS MISSING.
T  INDICATES TRACE AMOUNT.




$$
