931
CDUS43 KUNR 220839
CLIIEN


CLIMATE REPORT
NATIONAL WEATHER SERVICE RAPID CITY SD
137 AM MST SUN JAN 22 2017


...................................

...THE PINE RIDGE SD CLIMATE SUMMARY FOR JANUARY 21 2017...

CLIMATE NORMAL PERIOD 1981 TO 2010
CLIMATE RECORD PERIOD 9999 TO 9999


WEATHER ITEM   OBSERVED TIME   NORMAL DEPARTURE LAST
                VALUE   (LST)  VALUE  FROM      YEAR
                                      NORMAL
......................................................
TEMPERATURE (F)
 YESTERDAY
  MAXIMUM         35    257 PM  37     -2       35
  MINIMUM         18   1159 PM  10      8       22
  AVERAGE         27            24      3       29

PRECIPITATION (IN)
  YESTERDAY        0.00          0.01  -0.01     0.00
  MONTH TO DATE    0.05          0.18  -0.13     0.08
  SINCE DEC 1      0.88          0.53   0.35     1.10
  SINCE JAN 1      0.05          0.18  -0.13     0.08

DEGREE DAYS
 HEATING
  YESTERDAY       38            41     -3       36
  MONTH TO DATE 1053           876    177      929
  SINCE DEC 1   2626          2176    450     2221
  SINCE JUL 1   3799          3866    -67     3709

 COOLING
  YESTERDAY        0             0      0        0
  MONTH TO DATE    0             0      0        0
  SINCE DEC 1      0             0      0        0
  SINCE JAN 1      0             0      0        0
......................................................


WIND (MPH)
  HIGHEST WIND SPEED    13   HIGHEST WIND DIRECTION     W (250)
  HIGHEST GUST SPEED    15   HIGHEST GUST DIRECTION    SW (240)
  AVERAGE WIND SPEED     4.3


SKY COVER
  AVERAGE SKY COVER 0.5


WEATHER CONDITIONS
 THE FOLLOWING WEATHER WAS RECORDED YESTERDAY.
  FOG


RELATIVE HUMIDITY (PERCENT)
 HIGHEST   100           200 AM
 LOWEST     75           200 PM
 AVERAGE    88

..........................................................




SUNRISE AND SUNSET
JANUARY 22 2017.......SUNRISE   714 AM MST   SUNSET   450 PM MST
JANUARY 23 2017.......SUNRISE   713 AM MST   SUNSET   451 PM MST


-  INDICATES NEGATIVE NUMBERS.
R  INDICATES RECORD WAS SET OR TIED.
MM INDICATES DATA IS MISSING.
T  INDICATES TRACE AMOUNT.




$$
