000
CDUS45 KVEF 210826
CLIIGM


CLIMATE REPORT
NATIONAL WEATHER SERVICE LAS VEGAS, NV
126 AM PDT FRI JUL 21 2017


...................................

...THE KINGMAN AZ CLIMATE SUMMARY FOR JULY 20 2017...

CLIMATE NORMAL PERIOD 1981 TO 2010
CLIMATE RECORD PERIOD 1901 TO 2017


WEATHER ITEM   OBSERVED TIME   RECORD YEAR NORMAL DEPARTURE LAST
                VALUE   (LST)  VALUE       VALUE  FROM      YEAR
                                                  NORMAL
..................................................................
TEMPERATURE (F)
 YESTERDAY
  MAXIMUM         96    436 PM 109    1910  98     -2      101
  MINIMUM         72    613 AM  53    1940  71      1       74
  AVERAGE         84                        84      0       88

PRECIPITATION (IN)
  YESTERDAY        0.00          1.42 1974   0.04  -0.04     0.00
  MONTH TO DATE    0.46                      0.43   0.03     0.32
  SINCE OCT 1      6.91                      6.08   0.83     5.48
  SINCE JAN 1      3.35                      3.98  -0.63     3.96

DEGREE DAYS
 HEATING
  YESTERDAY        0                         0      0        0
  MONTH TO DATE    0                         0      0        0
  SINCE JUN 1      0                         3     -3        0
  SINCE JUL 1      0                         0      0        0

 COOLING
  YESTERDAY       19                        19      0       23
  MONTH TO DATE  444                       366     78      393
  SINCE JUN 1    959                       751    208      955
  SINCE JAN 1   1119                       949    170     1095
..................................................................


WIND (MPH)
  RESULTANT WIND SPEED  11   RESULTANT WIND DIRECTION  SE (130)
  HIGHEST WIND SPEED    33   HIGHEST WIND DIRECTION     E (110)
  HIGHEST GUST SPEED    39   HIGHEST GUST DIRECTION     E (110)
  AVERAGE WIND SPEED    12.4


SKY COVER
  POSSIBLE SUNSHINE  MM
  AVERAGE SKY COVER 0.1


WEATHER CONDITIONS
 THE FOLLOWING WEATHER WAS RECORDED YESTERDAY.
  THUNDERSTORM


RELATIVE HUMIDITY (PERCENT)
 HIGHEST    84          1200 AM
 LOWEST     25           400 PM
 AVERAGE    55

..........................................................


THE KINGMAN AZ CLIMATE NORMALS FOR TODAY
                         NORMAL    RECORD    YEAR
 MAXIMUM TEMPERATURE (F)   98       110      1910
 MINIMUM TEMPERATURE (F)   71        56      1958


SUNRISE AND SUNSET
JULY 21 2017..........SUNRISE   537 AM MST   SUNSET   747 PM MST
JULY 22 2017..........SUNRISE   538 AM MST   SUNSET   747 PM MST


-  INDICATES NEGATIVE NUMBERS.
R  INDICATES RECORD WAS SET OR TIED.
MM INDICATES DATA IS MISSING.
T  INDICATES TRACE AMOUNT.




$$
