000
CDUS45 KVEF 010028
CLIIGM


CLIMATE REPORT
NATIONAL WEATHER SERVICE LAS VEGAS, NV
527 PM PDT FRI JUL 31 2015


...................................

...THE KINGMAN AZ CLIMATE SUMMARY FOR JULY 31 2015...
VALID TODAY AS OF 0500 PM LOCAL TIME.

CLIMATE NORMAL PERIOD 1981 TO 2010
CLIMATE RECORD PERIOD 1901 TO 2015


WEATHER ITEM   OBSERVED TIME   RECORD YEAR NORMAL DEPARTURE LAST
                VALUE   (LST)  VALUE       VALUE  FROM      YEAR
                                                  NORMAL
..................................................................
TEMPERATURE (F)
 TODAY
  MAXIMUM         99    339 PM 108    1938  97      2      103
  MINIMUM         70    520 AM  58    1924  71     -1       75
  AVERAGE         85                        84      1       89

PRECIPITATION (IN)
  TODAY            0.00          0.38 1920   0.03  -0.03     0.00
  MONTH TO DATE    0.92                      0.75   0.17     1.25
  SINCE OCT 1      7.53                      6.40   1.13     2.92
  SINCE JAN 1      5.40                      4.30   1.10     2.04

DEGREE DAYS
 HEATING
  TODAY            0                         0      0        0
  MONTH TO DATE    0                         0      0        0
  SINCE JUN 1      0                         3     -3        0
  SINCE JUL 1      0                         0      0        0

 COOLING
  TODAY           20                        19      1       24
  MONTH TO DATE  513                       576    -63      585
  SINCE JUN 1    990                       961     29     1025
  SINCE JAN 1   1096                      1159    -63     1250
..................................................................


WIND (MPH)
  RESULTANT WIND SPEED   4   RESULTANT WIND DIRECTION   S (180)
  HIGHEST WIND SPEED    22   HIGHEST WIND DIRECTION    SW (230)
  HIGHEST GUST SPEED    29   HIGHEST GUST DIRECTION     S (200)
  AVERAGE WIND SPEED     7.2


SKY COVER
  POSSIBLE SUNSHINE  MM
  AVERAGE SKY COVER 0.0


WEATHER CONDITIONS
 THE FOLLOWING WEATHER WAS RECORDED TODAY.
  NO SIGNIFICANT WEATHER WAS OBSERVED.


RELATIVE HUMIDITY (PERCENT)
 HIGHEST    53           500 AM
 LOWEST     17           200 PM
 AVERAGE    35

..........................................................


THE KINGMAN AZ CLIMATE NORMALS FOR TOMORROW
                         NORMAL    RECORD    YEAR
 MAXIMUM TEMPERATURE (F)   97       106      1902
 MINIMUM TEMPERATURE (F)   71        52      1928


SUNRISE AND SUNSET
JULY 31 2015..........SUNRISE   544 AM MST   SUNSET   740 PM MST
AUGUST  1 2015........SUNRISE   545 AM MST   SUNSET   739 PM MST


-  INDICATES NEGATIVE NUMBERS.
R  INDICATES RECORD WAS SET OR TIED.
MM INDICATES DATA IS MISSING.
T  INDICATES TRACE AMOUNT.




$$
