000
CDUS45 KVEF 260827
CLIIGM


CLIMATE REPORT
NATIONAL WEATHER SERVICE LAS VEGAS, NV
1226 AM PST WED NOV 26 2014


...................................

...THE KINGMAN AZ CLIMATE SUMMARY FOR NOVEMBER 25 2014...

CLIMATE NORMAL PERIOD 1981 TO 2010
CLIMATE RECORD PERIOD 1901 TO 2014


WEATHER ITEM   OBSERVED TIME   RECORD YEAR NORMAL DEPARTURE LAST
                VALUE   (LST)  VALUE       VALUE  FROM      YEAR
                                                  NORMAL
..................................................................
TEMPERATURE (F)
 YESTERDAY
  MAXIMUM         64    308 PM  83    1921  60      4       56
  MINIMUM         23    724 AM  16    1906  35    -12       33
  AVERAGE         44                        47     -3       45

PRECIPITATION (IN)
  YESTERDAY        0.00          0.85 1978   0.02  -0.02     0.00
  MONTH TO DATE    0.00                      0.55  -0.55     0.71
  SINCE OCT 1      0.76                      1.26  -0.50     0.84
  SINCE JAN 1      7.25                      7.55  -0.30     6.68

DEGREE DAYS
 HEATING
  YESTERDAY       21                        18      3       20
  MONTH TO DATE  334                       333      1      311
  SINCE SEP 1    361                       472   -111      548
  SINCE JUL 1    361                       472   -111      548

 COOLING
  YESTERDAY        0                         0      0        0
  MONTH TO DATE    0                         0      0        0
  SINCE SEP 1    388                       391     -3      232
  SINCE JAN 1   2070                      2092    -22     2106
..................................................................


WIND (MPH)
  RESULTANT WIND SPEED   4   RESULTANT WIND DIRECTION   E (80)
  HIGHEST WIND SPEED    13   HIGHEST WIND DIRECTION     E (110)
  HIGHEST GUST SPEED    14   HIGHEST GUST DIRECTION    SW (240)
  AVERAGE WIND SPEED     5.2


SKY COVER
  POSSIBLE SUNSHINE  MM
  AVERAGE SKY COVER 0.0


WEATHER CONDITIONS
 THE FOLLOWING WEATHER WAS RECORDED YESTERDAY.
  NO SIGNIFICANT WEATHER WAS OBSERVED.


RELATIVE HUMIDITY (PERCENT)
 HIGHEST    37           400 AM
 LOWEST      8           200 PM
 AVERAGE    23

..........................................................


THE KINGMAN AZ CLIMATE NORMALS FOR TODAY
                         NORMAL    RECORD    YEAR
 MAXIMUM TEMPERATURE (F)   60        84      1924
 MINIMUM TEMPERATURE (F)   34        17      2010
                                             1906


SUNRISE AND SUNSET
NOVEMBER 26 2014......SUNRISE   721 AM MST   SUNSET   525 PM MST
NOVEMBER 27 2014......SUNRISE   722 AM MST   SUNSET   524 PM MST


-  INDICATES NEGATIVE NUMBERS.
R  INDICATES RECORD WAS SET OR TIED.
MM INDICATES DATA IS MISSING.
T  INDICATES TRACE AMOUNT.




$$
