135
CDUS45 KVEF 260826
CLIIGM


CLIMATE REPORT
NATIONAL WEATHER SERVICE LAS VEGAS, NV
126 AM PDT FRI MAY 26 2017


...................................

...THE KINGMAN AZ CLIMATE SUMMARY FOR MAY 25 2017...

CLIMATE NORMAL PERIOD 1981 TO 2010
CLIMATE RECORD PERIOD 1901 TO 2017


WEATHER ITEM   OBSERVED TIME   RECORD YEAR NORMAL DEPARTURE LAST
                VALUE   (LST)  VALUE       VALUE  FROM      YEAR
                                                  NORMAL
..................................................................
TEMPERATURE (F)
 YESTERDAY
  MAXIMUM         91    339 PM  99    2001  88      3       78
  MINIMUM         67    308 AM  36    2010  55     12       43
  AVERAGE         79                        72      7       61

PRECIPITATION (IN)
  YESTERDAY        0.00          0.21 1996   0.00   0.00     0.00
  MONTH TO DATE    0.19                      0.11   0.08     0.38
  SINCE OCT 1      6.45                      5.54   0.91     4.61
  SINCE JAN 1      2.89                      3.44  -0.55     3.09

DEGREE DAYS
 HEATING
  YESTERDAY        0                         1     -1        4
  MONTH TO DATE   85                        50     35       45
  SINCE MAR 1    494                       683   -189      474
  SINCE JUL 1   2491                      3096   -605     2826

 COOLING
  YESTERDAY       14                         7      7        0
  MONTH TO DATE   95                       119    -24       83
  SINCE MAR 1    110                       150    -40      103
  SINCE JAN 1    110                       150    -40      103
..................................................................


WIND (MPH)
  RESULTANT WIND SPEED  20   RESULTANT WIND DIRECTION  SW (210)
  HIGHEST WIND SPEED    33   HIGHEST WIND DIRECTION    SW (210)
  HIGHEST GUST SPEED    42   HIGHEST GUST DIRECTION    SW (220)
  AVERAGE WIND SPEED    21.2


SKY COVER
  POSSIBLE SUNSHINE  MM
  AVERAGE SKY COVER 0.0


WEATHER CONDITIONS
 THE FOLLOWING WEATHER WAS RECORDED YESTERDAY.
  NO SIGNIFICANT WEATHER WAS OBSERVED.


RELATIVE HUMIDITY (PERCENT)
 HIGHEST    20           600 AM
 LOWEST      8           500 PM
 AVERAGE    14

..........................................................


THE KINGMAN AZ CLIMATE NORMALS FOR TODAY
                         NORMAL    RECORD    YEAR
 MAXIMUM TEMPERATURE (F)   88       101      1951
 MINIMUM TEMPERATURE (F)   55        34      1911


SUNRISE AND SUNSET
MAY 26 2017...........SUNRISE   525 AM MST   SUNSET   742 PM MST
MAY 27 2017...........SUNRISE   524 AM MST   SUNSET   742 PM MST


-  INDICATES NEGATIVE NUMBERS.
R  INDICATES RECORD WAS SET OR TIED.
MM INDICATES DATA IS MISSING.
T  INDICATES TRACE AMOUNT.




$$
