000
CDUS45 KVEF 010028
CLIIGM


CLIMATE REPORT
NATIONAL WEATHER SERVICE LAS VEGAS, NV
428 PM PST SAT FEB 28 2015


...................................

...THE KINGMAN AZ CLIMATE SUMMARY FOR FEBRUARY 28 2015...
VALID TODAY AS OF 0400 PM LOCAL TIME.

CLIMATE NORMAL PERIOD 1981 TO 2010
CLIMATE RECORD PERIOD 1901 TO 2015


WEATHER ITEM   OBSERVED TIME   RECORD YEAR NORMAL DEPARTURE LAST
                VALUE   (LST)  VALUE       VALUE  FROM      YEAR
                                                  NORMAL
..................................................................
TEMPERATURE (F)
 TODAY
  MAXIMUM         57    159 PM  81    1986  62     -5       66
  MINIMUM         46    453 AM  19    1913  36     10       46
  AVERAGE         52                        49      3       56

PRECIPITATION (IN)
  TODAY            0.00          0.88 1978   0.03  -0.03     0.22
  MONTH TO DATE    0.61                      1.14  -0.53     0.43
  SINCE OCT 1      3.56                      4.26  -0.70     1.32
  SINCE JAN 1      1.43                      2.16  -0.73     0.44

DEGREE DAYS
 HEATING
  TODAY           13                        16     -3        9
  MONTH TO DATE  329                       509   -180      392
  SINCE DEC 1   1566                      1847   -281     1689
  SINCE JUL 1   1980                      2413   -433     2322

 COOLING
  TODAY            0                         0      0        0
  MONTH TO DATE    0                         0      0        0
  SINCE DEC 1      0                         0      0        0
  SINCE JAN 1      0                         0      0        0
..................................................................


WIND (MPH)
  RESULTANT WIND SPEED  17   RESULTANT WIND DIRECTION   S (200)
  HIGHEST WIND SPEED    29   HIGHEST WIND DIRECTION    SW (210)
  HIGHEST GUST SPEED    34   HIGHEST GUST DIRECTION     S (200)
  AVERAGE WIND SPEED    17.3


SKY COVER
  POSSIBLE SUNSHINE  MM
  AVERAGE SKY COVER 0.5


WEATHER CONDITIONS
 THE FOLLOWING WEATHER WAS RECORDED TODAY.
  NO SIGNIFICANT WEATHER WAS OBSERVED.


RELATIVE HUMIDITY (PERCENT)
 HIGHEST    61           900 AM
 LOWEST     41           400 PM
 AVERAGE    51

..........................................................


THE KINGMAN AZ CLIMATE NORMALS FOR TOMORROW
                         NORMAL    RECORD    YEAR
 MAXIMUM TEMPERATURE (F)   62        82      1921
 MINIMUM TEMPERATURE (F)   36        19      2007


SUNRISE AND SUNSET
FEBRUARY 28 2015......SUNRISE   707 AM MST   SUNSET   630 PM MST
MARCH  1 2015.........SUNRISE   706 AM MST   SUNSET   631 PM MST


-  INDICATES NEGATIVE NUMBERS.
R  INDICATES RECORD WAS SET OR TIED.
MM INDICATES DATA IS MISSING.
T  INDICATES TRACE AMOUNT.




$$
