000
CDUS45 KVEF 210826
CLIIGM


CLIMATE REPORT
NATIONAL WEATHER SERVICE LAS VEGAS, NV
126 AM PDT THU SEP 21 2017


...................................

...THE KINGMAN AZ CLIMATE SUMMARY FOR SEPTEMBER 20 2017...

CLIMATE NORMAL PERIOD 1981 TO 2010
CLIMATE RECORD PERIOD 1901 TO 2017


WEATHER ITEM   OBSERVED TIME   RECORD YEAR NORMAL DEPARTURE LAST
                VALUE   (LST)  VALUE       VALUE  FROM      YEAR
                                                  NORMAL
..................................................................
TEMPERATURE (F)
 YESTERDAY
  MAXIMUM         86    258 PM 102    1928  89     -3       82
  MINIMUM         55    539 AM  38    1965  60     -5       64
  AVERAGE         71                        74     -3       73

PRECIPITATION (IN)
  YESTERDAY        0.00          1.25 1939   0.03  -0.03     0.09
  MONTH TO DATE    1.65                      0.84   0.81     0.09
  SINCE OCT 1     11.53                      8.21   3.32     8.75
  SINCE JAN 1      7.97                      6.11   1.86     7.23

DEGREE DAYS
 HEATING
  YESTERDAY        0                         0      0        0
  MONTH TO DATE    0                         0      0        0
  SINCE SEP 1      0                         0      0        0
  SINCE JUL 1      0                         0      0        0

 COOLING
  YESTERDAY        6                         9     -3        8
  MONTH TO DATE  255                       252      3      213
  SINCE SEP 1    255                       252      3      213
  SINCE JAN 1   2125                      1953    172     2089
..................................................................


WIND (MPH)
  RESULTANT WIND SPEED  10   RESULTANT WIND DIRECTION   S (200)
  HIGHEST WIND SPEED    31   HIGHEST WIND DIRECTION    SW (220)
  HIGHEST GUST SPEED    39   HIGHEST GUST DIRECTION    SW (220)
  AVERAGE WIND SPEED    11.4


SKY COVER
  POSSIBLE SUNSHINE  MM
  AVERAGE SKY COVER 0.0


WEATHER CONDITIONS
 THE FOLLOWING WEATHER WAS RECORDED YESTERDAY.
  NO SIGNIFICANT WEATHER WAS OBSERVED.


RELATIVE HUMIDITY (PERCENT)
 HIGHEST    55           700 AM
 LOWEST     16           100 PM
 AVERAGE    36

..........................................................


THE KINGMAN AZ CLIMATE NORMALS FOR TODAY
                         NORMAL    RECORD    YEAR
 MAXIMUM TEMPERATURE (F)   88        99      1949
 MINIMUM TEMPERATURE (F)   60        42      1964


SUNRISE AND SUNSET
SEPTEMBER 21 2017.....SUNRISE   623 AM MST   SUNSET   634 PM MST
SEPTEMBER 22 2017.....SUNRISE   624 AM MST   SUNSET   632 PM MST


-  INDICATES NEGATIVE NUMBERS.
R  INDICATES RECORD WAS SET OR TIED.
MM INDICATES DATA IS MISSING.
T  INDICATES TRACE AMOUNT.




$$
