000
CDUS45 KIGM 210826
CLIIGM


CLIMATE REPORT
NATIONAL WEATHER SERVICE LAS VEGAS, NV
125 AM PDT SUN SEP 21 2014


...................................

...THE KINGMAN AZ CLIMATE SUMMARY FOR SEPTEMBER 20 2014...

CLIMATE NORMAL PERIOD 1981 TO 2010
CLIMATE RECORD PERIOD 1901 TO 2014


WEATHER ITEM   OBSERVED TIME   RECORD YEAR NORMAL DEPARTURE LAST
                VALUE   (LST)  VALUE       VALUE  FROM      YEAR
                                                  NORMAL
..................................................................
TEMPERATURE (F)
 YESTERDAY
  MAXIMUM         92    356 PM 102    1928  89      3       91
  MINIMUM         62    648 AM  38    1965  60      2       53
  AVERAGE         77                        74      3       72

PRECIPITATION (IN)
  YESTERDAY        0.00          1.25 1939   0.03  -0.03     0.00
  MONTH TO DATE    1.52                      0.84   0.68     1.80
  SINCE OCT 1      6.49                      8.21  -1.72     7.01
  SINCE JAN 1      5.61                      6.11  -0.50     5.84

DEGREE DAYS
 HEATING
  YESTERDAY        0                         0      0        0
  MONTH TO DATE    0                         0      0        0
  SINCE SEP 1      0                         0      0        0
  SINCE JUL 1      0                         0      0        0

 COOLING
  YESTERDAY       12                         9      3        7
  MONTH TO DATE  267                       252     15      205
  SINCE SEP 1    267                       252     15      205
  SINCE JAN 1   1949                      1953     -4     2079
..................................................................


WIND (MPH)
  RESULTANT WIND SPEED   5   RESULTANT WIND DIRECTION  SW (210)
  HIGHEST WIND SPEED    16   HIGHEST WIND DIRECTION    SW (210)
  HIGHEST GUST SPEED    23   HIGHEST GUST DIRECTION    SW (220)
  AVERAGE WIND SPEED     5.9


SKY COVER
  POSSIBLE SUNSHINE  MM
  AVERAGE SKY COVER 0.3


WEATHER CONDITIONS
 THE FOLLOWING WEATHER WAS RECORDED YESTERDAY.
  NO SIGNIFICANT WEATHER WAS OBSERVED.


RELATIVE HUMIDITY (PERCENT)
 HIGHEST    65           700 AM
 LOWEST     19          1200 PM
 AVERAGE    42

..........................................................


THE KINGMAN AZ CLIMATE NORMALS FOR TODAY
                         NORMAL    RECORD    YEAR
 MAXIMUM TEMPERATURE (F)   88        99      1949
 MINIMUM TEMPERATURE (F)   60        42      1964


SUNRISE AND SUNSET
SEPTEMBER 21 2014.....SUNRISE   623 AM MST   SUNSET   634 PM MST
SEPTEMBER 22 2014.....SUNRISE   624 AM MST   SUNSET   632 PM MST


-  INDICATES NEGATIVE NUMBERS.
R  INDICATES RECORD WAS SET OR TIED.
MM INDICATES DATA IS MISSING.
T  INDICATES TRACE AMOUNT.




$$
