000
CDUS45 KIGM 170826
CLIIGM


CLIMATE REPORT
NATIONAL WEATHER SERVICE LAS VEGAS, NV
125 AM PDT THU APR 17 2014


...................................

...THE KINGMAN AZ CLIMATE SUMMARY FOR APRIL 16 2014...

CLIMATE NORMAL PERIOD 1981 TO 2010
CLIMATE RECORD PERIOD 1901 TO 2014


WEATHER ITEM   OBSERVED TIME   RECORD YEAR NORMAL DEPARTURE LAST
                VALUE   (LST)  VALUE       VALUE  FROM      YEAR
                                                  NORMAL
..................................................................
TEMPERATURE (F)
 YESTERDAY
  MAXIMUM         85    248 PM  91    1936  74     11       63
  MINIMUM         47    458 AM  26    1998  44      3       47
  AVERAGE         66                        59      7       55

PRECIPITATION (IN)
  YESTERDAY        0.00          0.43 1988   0.02  -0.02     0.00
  MONTH TO DATE    T                         0.27  -0.27     0.05
  SINCE OCT 1      1.43                      5.29  -3.86     2.35
  SINCE JAN 1      0.55                      3.19  -2.64     1.18

DEGREE DAYS
 HEATING
  YESTERDAY        0                         7     -7       10
  MONTH TO DATE  106                       142    -36       90
  SINCE MAR 1    412                       560   -148      348
  SINCE JUL 1   2734                      2973   -239     2815

 COOLING
  YESTERDAY        1                         1      0        0
  MONTH TO DATE   16                         9      7        2
  SINCE MAR 1     16                        12      4        8
  SINCE JAN 1     16                        12      4        8
..................................................................


WIND (MPH)
  RESULTANT WIND SPEED   2   RESULTANT WIND DIRECTION  SW (240)
  HIGHEST WIND SPEED    23   HIGHEST WIND DIRECTION     W (260)
  HIGHEST GUST SPEED    29   HIGHEST GUST DIRECTION     W (250)
  AVERAGE WIND SPEED     6.6


SKY COVER
  POSSIBLE SUNSHINE  MM
  AVERAGE SKY COVER 0.0


WEATHER CONDITIONS
 THE FOLLOWING WEATHER WAS RECORDED YESTERDAY.
  NO SIGNIFICANT WEATHER WAS OBSERVED.


RELATIVE HUMIDITY (PERCENT)
 HIGHEST    15           100 AM
 LOWEST      6           900 AM
 AVERAGE    11

..........................................................


THE KINGMAN AZ CLIMATE NORMALS FOR TODAY
                         NORMAL    RECORD    YEAR
 MAXIMUM TEMPERATURE (F)   74        92      1936
 MINIMUM TEMPERATURE (F)   44        28      2008


SUNRISE AND SUNSET
APRIL 17 2014.........SUNRISE   601 AM MST   SUNSET   710 PM MST
APRIL 18 2014.........SUNRISE   600 AM MST   SUNSET   711 PM MST


-  INDICATES NEGATIVE NUMBERS.
R  INDICATES RECORD WAS SET OR TIED.
MM INDICATES DATA IS MISSING.
T  INDICATES TRACE AMOUNT.




$$
