000
CDUS45 KVEF 230829
CLIIGM


CLIMATE REPORT
NATIONAL WEATHER SERVICE LAS VEGAS, NV
128 AM PDT SUN APR 23 2017


...................................

...THE KINGMAN AZ CLIMATE SUMMARY FOR APRIL 22 2017...

CLIMATE NORMAL PERIOD 1981 TO 2010
CLIMATE RECORD PERIOD 1901 TO 2017


WEATHER ITEM   OBSERVED TIME   RECORD YEAR NORMAL DEPARTURE LAST
                VALUE   (LST)  VALUE       VALUE  FROM      YEAR
                                                  NORMAL
..................................................................
TEMPERATURE (F)
 YESTERDAY
  MAXIMUM         85    416 PM  93    2012  76      9       87
  MINIMUM         45    557 AM  27    1921  46     -1       52
  AVERAGE         65                        61      4       70

PRECIPITATION (IN)
  YESTERDAY        0.00          0.81 1905   0.01  -0.01     0.00
  MONTH TO DATE    0.00                      0.34  -0.34     0.69
  SINCE OCT 1      6.26                      5.36   0.90     3.55
  SINCE JAN 1      2.70                      3.26  -0.56     2.03

DEGREE DAYS
 HEATING
  YESTERDAY        0                         6     -6        0
  MONTH TO DATE  126                       179    -53       83
  SINCE MAR 1    367                       597   -230      362
  SINCE JUL 1   2364                      3010   -646     2714

 COOLING
  YESTERDAY        0                         1     -1        5
  MONTH TO DATE    4                        15    -11       18
  SINCE MAR 1     10                        18     -8       20
  SINCE JAN 1     10                        18     -8       20
..................................................................


WIND (MPH)
  RESULTANT WIND SPEED   5   RESULTANT WIND DIRECTION  NE (40)
  HIGHEST WIND SPEED    16   HIGHEST WIND DIRECTION     N (10)
  HIGHEST GUST SPEED    22   HIGHEST GUST DIRECTION     N (350)
  AVERAGE WIND SPEED     7.5


SKY COVER
  POSSIBLE SUNSHINE  MM
  AVERAGE SKY COVER 0.0


WEATHER CONDITIONS
 THE FOLLOWING WEATHER WAS RECORDED YESTERDAY.
  NO SIGNIFICANT WEATHER WAS OBSERVED.


RELATIVE HUMIDITY (PERCENT)
 HIGHEST    42           200 AM
 LOWEST     12           200 PM
 AVERAGE    27

..........................................................


THE KINGMAN AZ CLIMATE NORMALS FOR TODAY
                         NORMAL    RECORD    YEAR
 MAXIMUM TEMPERATURE (F)   76        93      2012
                                             1949
 MINIMUM TEMPERATURE (F)   46        28      1904


SUNRISE AND SUNSET
APRIL 23 2017.........SUNRISE   553 AM MST   SUNSET   715 PM MST
APRIL 24 2017.........SUNRISE   552 AM MST   SUNSET   716 PM MST


-  INDICATES NEGATIVE NUMBERS.
R  INDICATES RECORD WAS SET OR TIED.
MM INDICATES DATA IS MISSING.
T  INDICATES TRACE AMOUNT.




$$
