000
CDUS45 KVEF 280832
CLIIGM


CLIMATE REPORT
NATIONAL WEATHER SERVICE LAS VEGAS, NV
132 AM PDT THU MAY 28 2015


...................................

...THE KINGMAN AZ CLIMATE SUMMARY FOR MAY 27 2015...

CLIMATE NORMAL PERIOD 1981 TO 2010
CLIMATE RECORD PERIOD 1901 TO 2015


WEATHER ITEM   OBSERVED TIME   RECORD YEAR NORMAL DEPARTURE LAST
                VALUE   (LST)  VALUE       VALUE  FROM      YEAR
                                                  NORMAL
..................................................................
TEMPERATURE (F)
 YESTERDAY
  MAXIMUM         88    159 PM 105    2003  88      0       98
  MINIMUM         54    507 AM  36    1942  56     -2       65
  AVERAGE         71                        72     -1       82

PRECIPITATION (IN)
  YESTERDAY        0.00          0.28 1907   0.00   0.00     0.00
  MONTH TO DATE    0.18                      0.12   0.06      T
  SINCE OCT 1      5.12                      5.55  -0.43     1.67
  SINCE JAN 1      2.99                      3.45  -0.46     0.79

DEGREE DAYS
 HEATING
  YESTERDAY        0                         1     -1        0
  MONTH TO DATE   88                        52     36       42
  SINCE MAR 1    550                       685   -135      512
  SINCE JUL 1   2530                      3098   -568     2834

 COOLING
  YESTERDAY        6                         8     -2       17
  MONTH TO DATE   40                       135    -95      126
  SINCE MAR 1     58                       166   -108      159
  SINCE JAN 1     58                       166   -108      159
..................................................................


WIND (MPH)
  RESULTANT WIND SPEED   8   RESULTANT WIND DIRECTION  SW (210)
  HIGHEST WIND SPEED    24   HIGHEST WIND DIRECTION    SW (230)
  HIGHEST GUST SPEED    34   HIGHEST GUST DIRECTION     W (250)
  AVERAGE WIND SPEED    10.1


SKY COVER
  POSSIBLE SUNSHINE  MM
  AVERAGE SKY COVER 0.0


WEATHER CONDITIONS
 THE FOLLOWING WEATHER WAS RECORDED YESTERDAY.
  NO SIGNIFICANT WEATHER WAS OBSERVED.


RELATIVE HUMIDITY (PERCENT)
 HIGHEST    32           500 AM
 LOWEST     11           200 PM
 AVERAGE    22

..........................................................


THE KINGMAN AZ CLIMATE NORMALS FOR TODAY
                         NORMAL    RECORD    YEAR
 MAXIMUM TEMPERATURE (F)   89       104      2003
 MINIMUM TEMPERATURE (F)   56        35      1918


SUNRISE AND SUNSET
MAY 28 2015...........SUNRISE   524 AM MST   SUNSET   743 PM MST
MAY 29 2015...........SUNRISE   524 AM MST   SUNSET   743 PM MST


-  INDICATES NEGATIVE NUMBERS.
R  INDICATES RECORD WAS SET OR TIED.
MM INDICATES DATA IS MISSING.
T  INDICATES TRACE AMOUNT.




$$
