000
CDUS45 KVEF 230827
CLIIGM


CLIMATE REPORT
NATIONAL WEATHER SERVICE LAS VEGAS, NV
1225 AM PST FRI FEB 23 2018


...................................

...THE KINGMAN AZ CLIMATE SUMMARY FOR FEBRUARY 22 2018...

CLIMATE NORMAL PERIOD 1981 TO 2010
CLIMATE RECORD PERIOD 1901 TO 2018


WEATHER ITEM   OBSERVED TIME   RECORD YEAR NORMAL DEPARTURE LAST
                VALUE   (LST)  VALUE       VALUE  FROM      YEAR
                                                  NORMAL
..................................................................
TEMPERATURE (F)
 YESTERDAY
  MAXIMUM         50    419 PM  80    2002  61    -11       68
  MINIMUM         20R   359 AM  21    2013  35    -15       39
                                      1975
  AVERAGE         35                        48    -13       54

PRECIPITATION (IN)
  YESTERDAY        0.00          0.70 2005   0.03  -0.03     0.00
  MONTH TO DATE    0.21                      0.93  -0.72     0.18
  SINCE OCT 1      0.80                      4.05  -3.25     5.52
  SINCE JAN 1      0.80                      1.95  -1.15     1.96

DEGREE DAYS
 HEATING
  YESTERDAY       30                        17     13       11
  MONTH TO DATE  355                       409    -54      250
  SINCE DEC 1   1328                      1748   -420     1537
  SINCE JUL 1   1619                      2314   -695     1859

 COOLING
  YESTERDAY        0                         0      0        0
  MONTH TO DATE    0                         0      0        0
  SINCE DEC 1      0                         0      0        0
  SINCE JAN 1      0                         0      0        0
..................................................................


WIND (MPH)
  RESULTANT WIND SPEED  15   RESULTANT WIND DIRECTION   S (200)
  HIGHEST WIND SPEED    36   HIGHEST WIND DIRECTION    SW (210)
  HIGHEST GUST SPEED    42   HIGHEST GUST DIRECTION     S (200)
  AVERAGE WIND SPEED    16.8


SKY COVER
  POSSIBLE SUNSHINE  MM
  AVERAGE SKY COVER 0.1


WEATHER CONDITIONS
 THE FOLLOWING WEATHER WAS RECORDED YESTERDAY.
  NO SIGNIFICANT WEATHER WAS OBSERVED.


RELATIVE HUMIDITY (PERCENT)
 HIGHEST    57           300 AM
 LOWEST     19           200 PM
 AVERAGE    38

..........................................................


THE KINGMAN AZ CLIMATE NORMALS FOR TODAY
                         NORMAL    RECORD    YEAR
 MAXIMUM TEMPERATURE (F)   61        78      1927
 MINIMUM TEMPERATURE (F)   35        19      1953


SUNRISE AND SUNSET
FEBRUARY 23 2018......SUNRISE   713 AM MST   SUNSET   626 PM MST
FEBRUARY 24 2018......SUNRISE   712 AM MST   SUNSET   627 PM MST


-  INDICATES NEGATIVE NUMBERS.
R  INDICATES RECORD WAS SET OR TIED.
MM INDICATES DATA IS MISSING.
T  INDICATES TRACE AMOUNT.




$$
