000
CDUS45 KVEF 010027
CLIIGM


CLIMATE REPORT
NATIONAL WEATHER SERVICE LAS VEGAS, NV
526 PM PDT MON AUG 31 2015


...................................

...THE KINGMAN AZ CLIMATE SUMMARY FOR AUGUST 31 2015...
VALID TODAY AS OF 0500 PM LOCAL TIME.

CLIMATE NORMAL PERIOD 1981 TO 2010
CLIMATE RECORD PERIOD 1901 TO 2015


WEATHER ITEM   OBSERVED TIME   RECORD YEAR NORMAL DEPARTURE LAST
                VALUE   (LST)  VALUE       VALUE  FROM      YEAR
                                                  NORMAL
..................................................................
TEMPERATURE (F)
 TODAY
  MAXIMUM         98    244 PM 107    1915  94      4       97
  MINIMUM         71    632 AM  46    1957  67      4       73
  AVERAGE         85                        80      5       85

PRECIPITATION (IN)
  TODAY            0.00          2.27 1909   0.05  -0.05     0.00
  MONTH TO DATE    1.08                      0.97   0.11     2.05
  SINCE OCT 1      8.61                      7.37   1.24     4.97
  SINCE JAN 1      6.48                      5.27   1.21     4.09

DEGREE DAYS
 HEATING
  TODAY            0                         0      0        0
  MONTH TO DATE    0                         0      0        0
  SINCE JUN 1      0                         3     -3        0
  SINCE JUL 1      0                         0      0        0

 COOLING
  TODAY           20                        15      5       20
  MONTH TO DATE  591                       542     49      432
  SINCE JUN 1   1581                      1503     78     1457
  SINCE JAN 1   1687                      1701    -14     1682
..................................................................


WIND (MPH)
  RESULTANT WIND SPEED   8   RESULTANT WIND DIRECTION   S (190)
  HIGHEST WIND SPEED    29   HIGHEST WIND DIRECTION    SW (220)
  HIGHEST GUST SPEED    37   HIGHEST GUST DIRECTION    SW (210)
  AVERAGE WIND SPEED    10.3


SKY COVER
  POSSIBLE SUNSHINE  MM
  AVERAGE SKY COVER 0.0


WEATHER CONDITIONS
 THE FOLLOWING WEATHER WAS RECORDED TODAY.
  NO SIGNIFICANT WEATHER WAS OBSERVED.


RELATIVE HUMIDITY (PERCENT)
 HIGHEST    33           600 AM
 LOWEST     16          1100 AM
 AVERAGE    25

..........................................................


THE KINGMAN AZ CLIMATE NORMALS FOR TOMORROW
                         NORMAL    RECORD    YEAR
 MAXIMUM TEMPERATURE (F)   94       108      1950
 MINIMUM TEMPERATURE (F)   67        48      1907


SUNRISE AND SUNSET
AUGUST 31 2015........SUNRISE   607 AM MST   SUNSET   704 PM MST
SEPTEMBER  1 2015.....SUNRISE   608 AM MST   SUNSET   703 PM MST


-  INDICATES NEGATIVE NUMBERS.
R  INDICATES RECORD WAS SET OR TIED.
MM INDICATES DATA IS MISSING.
T  INDICATES TRACE AMOUNT.




$$
