000
CDUS41 KPHI 242128
CLIILG


CLIMATE REPORT
NATIONAL WEATHER SERVICE MOUNT HOLLY NJ
527 PM EDT SUN SEP 24 2017


...................................

...THE WILMINGTON DE CLIMATE SUMMARY FOR SEPTEMBER 24 2017...
VALID TODAY AS OF 0500 PM LOCAL TIME.

CLIMATE NORMAL PERIOD 1981 TO 2010
CLIMATE RECORD PERIOD 1894 TO 2017


WEATHER ITEM   OBSERVED TIME   RECORD YEAR NORMAL DEPARTURE LAST
                VALUE   (LST)  VALUE       VALUE  FROM      YEAR
                                                  NORMAL
..................................................................
TEMPERATURE (F)
 TODAY
  MAXIMUM         92R   343 PM  92    2010  74     18       72
  MINIMUM         64    552 AM  36    1974  55      9       53
  AVERAGE         78                        65     13       63

PRECIPITATION (IN)
  TODAY            0.00          2.60 1946   0.16  -0.16     0.00
  MONTH TO DATE    1.12                      3.37  -2.25     1.19
  SINCE SEP 1      1.12                      3.37  -2.25     1.19
  SINCE JAN 1     33.26                     32.13   1.13    30.45

SNOWFALL (IN)
  TODAY            0.0           0.0  1894   0.0    0.0      0.0
  MONTH TO DATE    0.0                       0.0    0.0      0.0
  SINCE SEP 1      0.0                       0.0    0.0      0.0
  SINCE JUL 1      0.0                       0.0    0.0      0.0
  SNOW DEPTH       0

DEGREE DAYS
 HEATING
  TODAY            0                         3     -3        2
  MONTH TO DATE   14                        27    -13        2
  SINCE SEP 1     14                        27    -13        2
  SINCE JUL 1     14                        29    -15        2

 COOLING
  TODAY           13                         2     11        0
  MONTH TO DATE  141                       122     19      232
  SINCE SEP 1    141                       122     19      232
  SINCE JAN 1   1187                      1115     72     1453
..................................................................


WIND (MPH)
  HIGHEST WIND SPEED    10   HIGHEST WIND DIRECTION     E (80)
  HIGHEST GUST SPEED    13   HIGHEST GUST DIRECTION     E (80)
  AVERAGE WIND SPEED     5.3


SKY COVER
  POSSIBLE SUNSHINE  MM
  AVERAGE SKY COVER 0.0


WEATHER CONDITIONS
 THE FOLLOWING WEATHER WAS RECORDED TODAY.
  NO SIGNIFICANT WEATHER WAS OBSERVED.


RELATIVE HUMIDITY (PERCENT)
 HIGHEST    87           200 AM
 LOWEST     44           100 PM
 AVERAGE    66

..........................................................


THE WILMINGTON DE CLIMATE NORMALS FOR TOMORROW
                         NORMAL    RECORD    YEAR
 MAXIMUM TEMPERATURE (F)   74        93      1970
 MINIMUM TEMPERATURE (F)   54        37      1997


SUNRISE AND SUNSET
SEPTEMBER 24 2017.....SUNRISE   652 AM EDT   SUNSET   656 PM EDT
SEPTEMBER 25 2017.....SUNRISE   653 AM EDT   SUNSET   654 PM EDT


-  INDICATES NEGATIVE NUMBERS.
R  INDICATES RECORD WAS SET OR TIED.
MM INDICATES DATA IS MISSING.
T  INDICATES TRACE AMOUNT.




$$
