000
CDUS41 KPHI 230635
CLIILG


CLIMATE REPORT
NATIONAL WEATHER SERVICE MOUNT HOLLY NJ
134 AM EST THU FEB 23 2017


...................................

...THE WILMINGTON DE CLIMATE SUMMARY FOR FEBRUARY 22 2017...

CLIMATE NORMAL PERIOD 1981 TO 2010
CLIMATE RECORD PERIOD 1894 TO 2017


WEATHER ITEM   OBSERVED TIME   RECORD YEAR NORMAL DEPARTURE LAST
                VALUE   (LST)  VALUE       VALUE  FROM      YEAR
                                                  NORMAL
..................................................................
TEMPERATURE (F)
 YESTERDAY
  MAXIMUM         57    408 PM  69    1997  45     12       51
                                      1974
  MINIMUM         39    421 AM   7    1968  28     11       35
  AVERAGE         48                        37     11       43

PRECIPITATION (IN)
  YESTERDAY        0.00          2.15 2003   0.10  -0.10     0.00
  MONTH TO DATE    0.86                      2.09  -1.23     2.77
  SINCE DEC 1      6.12                      8.58  -2.46    10.28
  SINCE JAN 1      3.53                      5.10  -1.57     5.07

SNOWFALL (IN)
  YESTERDAY        0.0           5.0  1935   0.3   -0.3      0.0
  MONTH TO DATE    1.1                       7.0   -5.9      5.8
  SINCE DEC 1      5.6                      16.3  -10.7     22.7
  SINCE JUL 1      5.6                      16.7  -11.1     22.7
  SNOW DEPTH       0

DEGREE DAYS
 HEATING
  YESTERDAY       17                        28    -11       22
  MONTH TO DATE  526                       671   -145      672
  SINCE DEC 1   2198                      2560   -362     2158
  SINCE JUL 1   2922                      3458   -536     2862

 COOLING
  YESTERDAY        0                         0      0        0
  MONTH TO DATE    0                         0      0        0
  SINCE DEC 1      0                         0      0        1
  SINCE JAN 1      0                         0      0        0
..................................................................


WIND (MPH)
  HIGHEST WIND SPEED     9   HIGHEST WIND DIRECTION     S (180)
  HIGHEST GUST SPEED    11   HIGHEST GUST DIRECTION    SE (140)
  AVERAGE WIND SPEED     3.7


SKY COVER
  POSSIBLE SUNSHINE  MM
  AVERAGE SKY COVER 0.0


WEATHER CONDITIONS
 THE FOLLOWING WEATHER WAS RECORDED YESTERDAY.
  FOG


RELATIVE HUMIDITY (PERCENT)
 HIGHEST   100          1000 PM
 LOWEST     66           200 PM
 AVERAGE    83

..........................................................


THE WILMINGTON DE CLIMATE NORMALS FOR TODAY
                         NORMAL    RECORD    YEAR
 MAXIMUM TEMPERATURE (F)   46        72      1985
 MINIMUM TEMPERATURE (F)   28         7      1963


SUNRISE AND SUNSET
FEBRUARY 23 2017......SUNRISE   644 AM EST   SUNSET   548 PM EST
FEBRUARY 24 2017......SUNRISE   642 AM EST   SUNSET   549 PM EST


-  INDICATES NEGATIVE NUMBERS.
R  INDICATES RECORD WAS SET OR TIED.
MM INDICATES DATA IS MISSING.
T  INDICATES TRACE AMOUNT.




$$
