000
CDUS41 KPHI 212130
CLIILG


CLIMATE REPORT
NATIONAL WEATHER SERVICE MOUNT HOLLY NJ
428 PM EST SAT JAN 21 2017


...................................

...THE WILMINGTON DE CLIMATE SUMMARY FOR JANUARY 21 2017...
VALID TODAY AS OF 0400 PM LOCAL TIME.

CLIMATE NORMAL PERIOD 1981 TO 2010
CLIMATE RECORD PERIOD 1894 TO 2017


WEATHER ITEM   OBSERVED TIME   RECORD YEAR NORMAL DEPARTURE LAST
                VALUE   (LST)  VALUE       VALUE  FROM      YEAR
                                                  NORMAL
..................................................................
TEMPERATURE (F)
 TODAY
  MAXIMUM         47    358 PM  62    1959  40      7       37
                                      1913
  MINIMUM         42    701 AM -14    1985  24     18       22
  AVERAGE         45                        32     13       30

PRECIPITATION (IN)
  TODAY            0.00          1.25 1897   0.09  -0.09     0.00
  MONTH TO DATE    2.06                      2.03   0.03     1.13
  SINCE DEC 1      4.65                      5.51  -0.86     6.34
  SINCE JAN 1      2.06                      2.03   0.03     1.13

SNOWFALL (IN)
  TODAY            0.0          10.5  2014   0.2   -0.2      0.0
  MONTH TO DATE    4.0                       3.4    0.6      0.8
  SINCE DEC 1      4.0                       6.8   -2.8      0.8
  SINCE JUL 1      4.0                       7.2   -3.2      0.8
  SNOW DEPTH       0

DEGREE DAYS
 HEATING
  TODAY           20                        33    -13       35
  MONTH TO DATE  598                       687    -89      661
  SINCE DEC 1   1429                      1566   -137     1138
  SINCE JUL 1   2153                      2464   -311     1842

 COOLING
  TODAY            0                         0      0        0
  MONTH TO DATE    0                         0      0        0
  SINCE DEC 1      0                         0      0        1
  SINCE JAN 1      0                         0      0        0
..................................................................


WIND (MPH)
  HIGHEST WIND SPEED     9   HIGHEST WIND DIRECTION     W (260)
  HIGHEST GUST SPEED    11   HIGHEST GUST DIRECTION    SW (240)
  AVERAGE WIND SPEED     3.2


SKY COVER
  POSSIBLE SUNSHINE  MM
  AVERAGE SKY COVER 1.0


WEATHER CONDITIONS
 THE FOLLOWING WEATHER WAS RECORDED TODAY.
  FOG
  FOG W/VISIBILITY <= 1/4 MILE


RELATIVE HUMIDITY (PERCENT)
 HIGHEST   100          1200 AM
 LOWEST     93          1200 PM
 AVERAGE    97

..........................................................


THE WILMINGTON DE CLIMATE NORMALS FOR TOMORROW
                         NORMAL    RECORD    YEAR
 MAXIMUM TEMPERATURE (F)   40        67      1906
 MINIMUM TEMPERATURE (F)   24       -14      1984


SUNRISE AND SUNSET
JANUARY 21 2017.......SUNRISE   718 AM EST   SUNSET   510 PM EST
JANUARY 22 2017.......SUNRISE   718 AM EST   SUNSET   511 PM EST


-  INDICATES NEGATIVE NUMBERS.
R  INDICATES RECORD WAS SET OR TIED.
MM INDICATES DATA IS MISSING.
T  INDICATES TRACE AMOUNT.




$$
