000
CDUS41 KPHI 240632
CLIILG


CLIMATE REPORT
NATIONAL WEATHER SERVICE MOUNT HOLLY NJ
231 AM EDT FRI OCT 24 2014


...................................

...THE WILMINGTON DE CLIMATE SUMMARY FOR OCTOBER 23 2014...

CLIMATE NORMAL PERIOD 1981 TO 2010
CLIMATE RECORD PERIOD 1894 TO 2014


WEATHER ITEM   OBSERVED TIME   RECORD YEAR NORMAL DEPARTURE LAST
                VALUE   (LST)  VALUE       VALUE  FROM      YEAR
                                                  NORMAL
..................................................................
TEMPERATURE (F)
 YESTERDAY
  MAXIMUM         58    345 PM  86    1947  64     -6       59
  MINIMUM         51    844 AM  28    1969  44      7       42
  AVERAGE         55                        54      1       51

PRECIPITATION (IN)
  YESTERDAY        0.02          2.49 1912   0.11  -0.09      T
  MONTH TO DATE    2.73                      2.61   0.12     1.92
  SINCE SEP 1      5.57                      6.93  -1.36     3.84
  SINCE JAN 1     43.64                     35.69   7.95    40.17

SNOWFALL (IN)
  YESTERDAY        0.0           0.0  1894   0.0    0.0      0.0
  MONTH TO DATE    0.0                       0.0    0.0      0.0
  SINCE SEP 1      0.0                       0.0    0.0      0.0
  SINCE JUL 1      0.0                       0.0    0.0      0.0
  SNOW DEPTH       0

DEGREE DAYS
 HEATING
  YESTERDAY       10                        11     -1       14
  MONTH TO DATE  137                       188    -51      102
  SINCE SEP 1    175                       238    -63      171
  SINCE JUL 1    175                       240    -65      171

 COOLING
  YESTERDAY        0                         0      0        0
  MONTH TO DATE   18                        15      3       49
  SINCE SEP 1    167                       149     18      156
  SINCE JAN 1   1073                      1142    -69     1241
..................................................................


WIND (MPH)
  HIGHEST WIND SPEED    25   HIGHEST WIND DIRECTION    NW (320)
  HIGHEST GUST SPEED    34   HIGHEST GUST DIRECTION    NW (320)
  AVERAGE WIND SPEED    15.5


SKY COVER
  POSSIBLE SUNSHINE  MM
  AVERAGE SKY COVER 0.9


WEATHER CONDITIONS
 THE FOLLOWING WEATHER WAS RECORDED YESTERDAY.
  LIGHT RAIN


RELATIVE HUMIDITY (PERCENT)
 HIGHEST    83           200 AM
 LOWEST     62           300 PM
 AVERAGE    73

..........................................................


THE WILMINGTON DE CLIMATE NORMALS FOR TODAY
                         NORMAL    RECORD    YEAR
 MAXIMUM TEMPERATURE (F)   64        82      2001
 MINIMUM TEMPERATURE (F)   43        24      1969


SUNRISE AND SUNSET
OCTOBER 24 2014.......SUNRISE   722 AM EDT   SUNSET   611 PM EDT
OCTOBER 25 2014.......SUNRISE   723 AM EDT   SUNSET   609 PM EDT


-  INDICATES NEGATIVE NUMBERS.
R  INDICATES RECORD WAS SET OR TIED.
MM INDICATES DATA IS MISSING.
T  INDICATES TRACE AMOUNT.




$$
