000
CDUS41 KPHI 250630
CLIILG


CLIMATE REPORT
NATIONAL WEATHER SERVICE MOUNT HOLLY NJ
127 AM EST THU DEC 25 2014


...................................

...THE WILMINGTON DE CLIMATE SUMMARY FOR DECEMBER 24 2014...

CLIMATE NORMAL PERIOD 1981 TO 2010
CLIMATE RECORD PERIOD 1894 TO 2014


WEATHER ITEM   OBSERVED TIME   RECORD YEAR NORMAL DEPARTURE LAST
                VALUE   (LST)  VALUE       VALUE  FROM      YEAR
                                                  NORMAL
..................................................................
TEMPERATURE (F)
 YESTERDAY
  MAXIMUM         65R  1152 PM  64    1990  42     23       41
  MINIMUM         47    554 AM  -5    1983  27     20       25
  AVERAGE         56                        34     22       33

PRECIPITATION (IN)
  YESTERDAY        0.95          1.87 1986   0.11   0.84      T
  MONTH TO DATE    2.91                      2.80   0.11     3.85
  SINCE DEC 1      2.91                      2.80   0.11     3.85
  SINCE JAN 1     50.81                     42.40   8.41    46.98

SNOWFALL (IN)
  YESTERDAY        0.0          12.4  1966   0.1   -0.1       T
  MONTH TO DATE    0.2                       2.5   -2.3     11.9
  SINCE DEC 1      0.2                       2.5   -2.3     11.9
  SINCE JUL 1      0.5                       2.9   -2.4     11.9
  SNOW DEPTH       0

DEGREE DAYS
 HEATING
  YESTERDAY        9                        31    -22       32
  MONTH TO DATE  593                       659    -66      633
  SINCE DEC 1    593                       659    -66      633
  SINCE JUL 1   1482                      1557    -75     1554

 COOLING
  YESTERDAY        0                         0      0        0
  MONTH TO DATE    0                         0      0        0
  SINCE DEC 1      0                         0      0        0
  SINCE JAN 1   1073                      1145    -72     1241
..................................................................


WIND (MPH)
  HIGHEST WIND SPEED    18   HIGHEST WIND DIRECTION     S (200)
  HIGHEST GUST SPEED    25   HIGHEST GUST DIRECTION     S (200)
  AVERAGE WIND SPEED     7.6


SKY COVER
  POSSIBLE SUNSHINE  MM
  AVERAGE SKY COVER 1.0


WEATHER CONDITIONS
 THE FOLLOWING WEATHER WAS RECORDED YESTERDAY.
  HEAVY RAIN
  RAIN
  LIGHT RAIN
  FOG
  FOG W/VISIBILITY <= 1/4 MILE


RELATIVE HUMIDITY (PERCENT)
 HIGHEST   100          1200 AM
 LOWEST     90           600 PM
 AVERAGE    95

..........................................................


THE WILMINGTON DE CLIMATE NORMALS FOR TODAY
                         NORMAL    RECORD    YEAR
 MAXIMUM TEMPERATURE (F)   42        70      1982
 MINIMUM TEMPERATURE (F)   26        -7      1983


SUNRISE AND SUNSET
DECEMBER 25 2014......SUNRISE   721 AM EST   SUNSET   444 PM EST
DECEMBER 26 2014......SUNRISE   722 AM EST   SUNSET   444 PM EST


-  INDICATES NEGATIVE NUMBERS.
R  INDICATES RECORD WAS SET OR TIED.
MM INDICATES DATA IS MISSING.
T  INDICATES TRACE AMOUNT.




$$
