000
CDUS41 KPHI 200635
CLIILG


CLIMATE REPORT
NATIONAL WEATHER SERVICE MOUNT HOLLY NJ
233 AM EDT WED AUG 20 2014


...................................

...THE WILMINGTON DE CLIMATE SUMMARY FOR AUGUST 19 2014...

CLIMATE NORMAL PERIOD 1981 TO 2010
CLIMATE RECORD PERIOD 1894 TO 2014


WEATHER ITEM   OBSERVED TIME   RECORD YEAR NORMAL DEPARTURE LAST
                VALUE   (LST)  VALUE       VALUE  FROM      YEAR
                                                  NORMAL
..................................................................
TEMPERATURE (F)
 YESTERDAY
  MAXIMUM         83    319 PM  95    2002  84     -1       77
  MINIMUM         66    523 AM  51    1924  66      0       63
  AVERAGE         75                        75      0       70

PRECIPITATION (IN)
  YESTERDAY        0.00          4.80 1901   0.10  -0.10      T
  MONTH TO DATE    3.39                      2.08   1.31     4.60
  SINCE JUN 1     14.36                     10.53   3.83    22.31
  SINCE JAN 1     36.69                     27.59   9.10    35.71

SNOWFALL (IN)
  YESTERDAY        0.0           0.0  1894   0.0    0.0      0.0
  MONTH TO DATE    0.0                       0.0    0.0      0.0
  SINCE JUN 1      0.0                       0.0    0.0      0.0
  SINCE JUL 1      0.0                       0.0    0.0      0.0
  SNOW DEPTH       0

DEGREE DAYS
 HEATING
  YESTERDAY        0                         0      0        0
  MONTH TO DATE    0                         0      0        0
  SINCE JUN 1      2                        15    -13        0
  SINCE JUL 1      0                         0      0        0

 COOLING
  YESTERDAY       10                        10      0        5
  MONTH TO DATE  141                       206    -65      145
  SINCE JUN 1    733                       804    -71      853
  SINCE JAN 1    800                       883    -83      960
..................................................................


WIND (MPH)
  HIGHEST WIND SPEED    14   HIGHEST WIND DIRECTION     S (160)
  HIGHEST GUST SPEED    18   HIGHEST GUST DIRECTION    NE (60)
  AVERAGE WIND SPEED     6.9


SKY COVER
  POSSIBLE SUNSHINE  MM
  AVERAGE SKY COVER 0.3


WEATHER CONDITIONS
 THE FOLLOWING WEATHER WAS RECORDED YESTERDAY.
  NO SIGNIFICANT WEATHER WAS OBSERVED.


RELATIVE HUMIDITY (PERCENT)
 HIGHEST    87           300 AM
 LOWEST     54           500 PM
 AVERAGE    71

..........................................................


THE WILMINGTON DE CLIMATE NORMALS FOR TODAY
                         NORMAL    RECORD    YEAR
 MAXIMUM TEMPERATURE (F)   84       100      1983
 MINIMUM TEMPERATURE (F)   66        48      1949


SUNRISE AND SUNSET
AUGUST 20 2014........SUNRISE   619 AM EDT   SUNSET   752 PM EDT
AUGUST 21 2014........SUNRISE   620 AM EDT   SUNSET   750 PM EDT


-  INDICATES NEGATIVE NUMBERS.
R  INDICATES RECORD WAS SET OR TIED.
MM INDICATES DATA IS MISSING.
T  INDICATES TRACE AMOUNT.




$$
