000
CDUS41 KPHI 050635
CLIILG


CLIMATE REPORT
NATIONAL WEATHER SERVICE MOUNT HOLLY NJ
134 AM EST THU MAR 5 2015


...................................

...THE WILMINGTON DE CLIMATE SUMMARY FOR MARCH 4 2015...

CLIMATE NORMAL PERIOD 1981 TO 2010
CLIMATE RECORD PERIOD 1894 TO 2015


WEATHER ITEM   OBSERVED TIME   RECORD YEAR NORMAL DEPARTURE LAST
                VALUE   (LST)  VALUE       VALUE  FROM      YEAR
                                                  NORMAL
..................................................................
TEMPERATURE (F)
 YESTERDAY
  MAXIMUM         43    417 PM  76    1974  48     -5       30
  MINIMUM         33    302 AM   5    1943  30      3        8
  AVERAGE         38                        39     -1       19

PRECIPITATION (IN)
  YESTERDAY        0.52          1.95 1993   0.11   0.41     0.00
  MONTH TO DATE    1.53                      0.42   1.11     0.35
  SINCE MAR 1      1.53                      0.42   1.11     0.35
  SINCE JAN 1      8.14                      6.11   2.03     8.93

SNOWFALL (IN)
  YESTERDAY        0.0           2.2  1971   0.1   -0.1      0.0
  MONTH TO DATE    0.3                       0.5   -0.2      4.5
  SINCE MAR 1      0.3                       0.5   -0.2      4.5
  SINCE JUL 1     15.1                      18.5   -3.4     52.9
  SNOW DEPTH       1

DEGREE DAYS
 HEATING
  YESTERDAY       27                        26      1       46
  MONTH TO DATE  135                       105     30      156
  SINCE MAR 1    135                       105     30      156
  SINCE JUL 1   3974                      3728    246     4011

 COOLING
  YESTERDAY        0                         0      0        0
  MONTH TO DATE    0                         0      0        0
  SINCE MAR 1      0                         0      0        0
  SINCE JAN 1      0                         0      0        0
..................................................................


WIND (MPH)
  HIGHEST WIND SPEED    15   HIGHEST WIND DIRECTION     S (170)
  HIGHEST GUST SPEED    17   HIGHEST GUST DIRECTION    NW (330)
  AVERAGE WIND SPEED     4.5


SKY COVER
  POSSIBLE SUNSHINE  MM
  AVERAGE SKY COVER 1.0


WEATHER CONDITIONS
 THE FOLLOWING WEATHER WAS RECORDED YESTERDAY.
  RAIN
  LIGHT RAIN
  FOG
  FOG W/VISIBILITY <= 1/4 MILE


RELATIVE HUMIDITY (PERCENT)
 HIGHEST   100           400 AM
 LOWEST     89           100 PM
 AVERAGE    95

..........................................................


THE WILMINGTON DE CLIMATE NORMALS FOR TODAY
                         NORMAL    RECORD    YEAR
 MAXIMUM TEMPERATURE (F)   49        79      1976
 MINIMUM TEMPERATURE (F)   30         7      1978


SUNRISE AND SUNSET
MARCH  5 2015.........SUNRISE   630 AM EST   SUNSET   559 PM EST
MARCH  6 2015.........SUNRISE   628 AM EST   SUNSET   600 PM EST


-  INDICATES NEGATIVE NUMBERS.
R  INDICATES RECORD WAS SET OR TIED.
MM INDICATES DATA IS MISSING.
T  INDICATES TRACE AMOUNT.




$$
