000
CDUS41 KPHI 190632
CLIILG


CLIMATE REPORT
NATIONAL WEATHER SERVICE MOUNT HOLLY NJ
231 AM EDT SAT APR 19 2014


...................................

...THE WILMINGTON DE CLIMATE SUMMARY FOR APRIL 18 2014...

CLIMATE NORMAL PERIOD 1981 TO 2010
CLIMATE RECORD PERIOD 1894 TO 2014


WEATHER ITEM   OBSERVED TIME   RECORD YEAR NORMAL DEPARTURE LAST
                VALUE   (LST)  VALUE       VALUE  FROM      YEAR
                                                  NORMAL
..................................................................
TEMPERATURE (F)
 YESTERDAY
  MAXIMUM         54    348 PM  97    1896  65    -11       67
  MINIMUM         39    647 AM  30    1926  44     -5       55
  AVERAGE         47                        54     -7       61

PRECIPITATION (IN)
  YESTERDAY        0.00          2.57 1910   0.11  -0.11     0.13
  MONTH TO DATE    1.75                      2.16  -0.41     1.39
  SINCE MAR 1      5.57                      6.08  -0.51     3.93
  SINCE JAN 1     14.15                     11.77   2.38     9.94

SNOWFALL (IN)
  YESTERDAY        0.0           T    2001   0.1   -0.1      0.0
  MONTH TO DATE    0.0                       0.3   -0.3      0.0
  SINCE MAR 1      7.7                       2.2    5.5      1.3
  SINCE JUL 1     56.1                      20.2   35.9      5.5
  SNOW DEPTH       0

DEGREE DAYS
 HEATING
  YESTERDAY       18                        11      7        4
  MONTH TO DATE  231                       251    -20      208
  SINCE MAR 1   1051                       934    117      967
  SINCE JUL 1   4906                      4557    349     4363

 COOLING
  YESTERDAY        0                         0      0        0
  MONTH TO DATE    7                         0      7       16
  SINCE MAR 1      7                         1      6       16
  SINCE JAN 1      7                         1      6       16
..................................................................


WIND (MPH)
  HIGHEST WIND SPEED    14   HIGHEST WIND DIRECTION     S (180)
  HIGHEST GUST SPEED    17   HIGHEST GUST DIRECTION     S (190)
  AVERAGE WIND SPEED     6.6


SKY COVER
  POSSIBLE SUNSHINE  MM
  AVERAGE SKY COVER 0.4


WEATHER CONDITIONS
 THE FOLLOWING WEATHER WAS RECORDED YESTERDAY.
  NO SIGNIFICANT WEATHER WAS OBSERVED.


RELATIVE HUMIDITY (PERCENT)
 HIGHEST    83          1100 PM
 LOWEST     41           400 PM
 AVERAGE    62

..........................................................


THE WILMINGTON DE CLIMATE NORMALS FOR TODAY
                         NORMAL    RECORD    YEAR
 MAXIMUM TEMPERATURE (F)   65        94      1896
 MINIMUM TEMPERATURE (F)   44        29      1926


SUNRISE AND SUNSET
APRIL 19 2014.........SUNRISE   619 AM EDT   SUNSET   744 PM EDT
APRIL 20 2014.........SUNRISE   618 AM EDT   SUNSET   745 PM EDT


-  INDICATES NEGATIVE NUMBERS.
R  INDICATES RECORD WAS SET OR TIED.
MM INDICATES DATA IS MISSING.
T  INDICATES TRACE AMOUNT.




$$
