000
CDUS41 KPHI 310628
CLIILG


CLIMATE REPORT
NATIONAL WEATHER SERVICE MOUNT HOLLY NJ
228 AM EDT FRI OCT 31 2014


...................................

...THE WILMINGTON DE CLIMATE SUMMARY FOR OCTOBER 30 2014...

CLIMATE NORMAL PERIOD 1981 TO 2010
CLIMATE RECORD PERIOD 1894 TO 2014


WEATHER ITEM   OBSERVED TIME   RECORD YEAR NORMAL DEPARTURE LAST
                VALUE   (LST)  VALUE       VALUE  FROM      YEAR
                                                  NORMAL
..................................................................
TEMPERATURE (F)
 YESTERDAY
  MAXIMUM         60    235 PM  79    1946  62     -2       58
  MINIMUM         39   1052 PM  26    1983  42     -3       43
  AVERAGE         50                        52     -2       51

PRECIPITATION (IN)
  YESTERDAY        0.00          1.24 1935   0.11  -0.11     0.03
  MONTH TO DATE    2.79                      3.32  -0.53     1.95
  SINCE SEP 1      5.63                      7.64  -2.01     3.87
  SINCE JAN 1     43.70                     36.40   7.30    40.20

SNOWFALL (IN)
  YESTERDAY        0.0           0.0  1894   0.0    0.0      0.0
  MONTH TO DATE    0.0                       0.0    0.0      0.0
  SINCE SEP 1      0.0                       0.0    0.0      0.0
  SINCE JUL 1      0.0                       0.0    0.0      0.0
  SNOW DEPTH       0

DEGREE DAYS
 HEATING
  YESTERDAY       15                        13      2       14
  MONTH TO DATE  198                       276    -78      221
  SINCE SEP 1    236                       326    -90      290
  SINCE JUL 1    236                       328    -92      290

 COOLING
  YESTERDAY        0                         0      0        0
  MONTH TO DATE   18                        15      3       49
  SINCE SEP 1    167                       149     18      156
  SINCE JAN 1   1073                      1142    -69     1241
..................................................................


WIND (MPH)
  HIGHEST WIND SPEED    13   HIGHEST WIND DIRECTION    NW (300)
  HIGHEST GUST SPEED    16   HIGHEST GUST DIRECTION    NW (310)
  AVERAGE WIND SPEED     5.0


SKY COVER
  POSSIBLE SUNSHINE  MM
  AVERAGE SKY COVER 0.5


WEATHER CONDITIONS
 THE FOLLOWING WEATHER WAS RECORDED YESTERDAY.
  FOG
  FOG W/VISIBILITY <= 1/4 MILE


RELATIVE HUMIDITY (PERCENT)
 HIGHEST   100          1200 AM
 LOWEST     44           300 PM
 AVERAGE    72

..........................................................


THE WILMINGTON DE CLIMATE NORMALS FOR TODAY
                         NORMAL    RECORD    YEAR
 MAXIMUM TEMPERATURE (F)   61        82      1946
 MINIMUM TEMPERATURE (F)   42        25      1925


SUNRISE AND SUNSET
OCTOBER 31 2014.......SUNRISE   730 AM EDT   SUNSET   602 PM EDT
NOVEMBER  1 2014......SUNRISE   731 AM EDT   SUNSET   601 PM EDT


-  INDICATES NEGATIVE NUMBERS.
R  INDICATES RECORD WAS SET OR TIED.
MM INDICATES DATA IS MISSING.
T  INDICATES TRACE AMOUNT.




$$
