000
CDUS42 KILM 190900
CLIILM


CLIMATE REPORT
NATIONAL WEATHER SERVICE WILMINGTON NC
500 AM EDT TUE SEP 19 2017


...................................

...THE WILMINGTON NC CLIMATE SUMMARY FOR SEPTEMBER 18 2017...

CLIMATE NORMAL PERIOD 1981 TO 2010
CLIMATE RECORD PERIOD 1871 TO 2017


WEATHER ITEM   OBSERVED TIME   RECORD YEAR NORMAL DEPARTURE LAST
                VALUE   (LST)  VALUE       VALUE  FROM      YEAR
                                                  NORMAL
..................................................................
TEMPERATURE (F)
 YESTERDAY
  MAXIMUM         83    433 PM  98    1931  83      0       87
  MINIMUM         70   1159 PM  51    1990  65      5       73
  AVERAGE         77                        74      3       80

PRECIPITATION (IN)
  YESTERDAY        0.00          4.72 1928   0.27  -0.27      T
  MONTH TO DATE    3.77                      4.91  -1.14     9.05
  SINCE SEP 1      3.77                      4.91  -1.14     9.05
  SINCE JAN 1     51.15                     43.88   7.27    50.59

DEGREE DAYS
 HEATING
  YESTERDAY        0                         0      0        0
  MONTH TO DATE    0                         0      0        0
  SINCE SEP 1      0                         0      0        0
  SINCE JUL 1      0                         0      0        0

 COOLING
  YESTERDAY       12                         9      3       15
  MONTH TO DATE  192                       205    -13      244
  SINCE SEP 1    192                       205    -13      244
  SINCE JAN 1   2006                      1828    178     2114
..................................................................


WIND (MPH)
  HIGHEST WIND SPEED    17   HIGHEST WIND DIRECTION    NW (330)
  HIGHEST GUST SPEED    23   HIGHEST GUST DIRECTION     N (10)
  AVERAGE WIND SPEED     9.5


SKY COVER
  POSSIBLE SUNSHINE  MM
  AVERAGE SKY COVER 0.5


WEATHER CONDITIONS
 THE FOLLOWING WEATHER WAS RECORDED YESTERDAY.
  NO SIGNIFICANT WEATHER WAS OBSERVED.


RELATIVE HUMIDITY (PERCENT)
 HIGHEST   100           300 AM
 LOWEST     63           300 PM
 AVERAGE    82

..........................................................


THE WILMINGTON NC CLIMATE NORMALS FOR TODAY
                         NORMAL    RECORD    YEAR
 MAXIMUM TEMPERATURE (F)   83        95      1970
                                             1925
 MINIMUM TEMPERATURE (F)   65        50      1889


SUNRISE AND SUNSET
SEPTEMBER 19 2017.....SUNRISE   658 AM EDT   SUNSET   712 PM EDT
SEPTEMBER 20 2017.....SUNRISE   658 AM EDT   SUNSET   711 PM EDT


-  INDICATES NEGATIVE NUMBERS.
R  INDICATES RECORD WAS SET OR TIED.
MM INDICATES DATA IS MISSING.
T  INDICATES TRACE AMOUNT.




$$
