000
CDUS42 KILM 252057
CLIILM


CLIMATE REPORT
NATIONAL WEATHER SERVICE WILMINGTON NC
454 PM EDT THU MAY 25 2017


...................................

...THE WILMINGTON NC CLIMATE SUMMARY FOR MAY 25 2017...
VALID TODAY AS OF 0400 PM LOCAL TIME.

CLIMATE NORMAL PERIOD 1981 TO 2010
CLIMATE RECORD PERIOD 1871 TO 2017


WEATHER ITEM   OBSERVED TIME   RECORD YEAR NORMAL DEPARTURE LAST
                VALUE   (LST)  VALUE       VALUE  FROM      YEAR
                                                  NORMAL
..................................................................
TEMPERATURE (F)
 TODAY
  MAXIMUM         78   1202 PM  97    2011  83     -5       86
  MINIMUM         65    249 PM  49    2013  63      2       60
  AVERAGE         72                        73     -1       73

PRECIPITATION (IN)
  TODAY            0.31          1.81 2000   0.16   0.15     0.00
  MONTH TO DATE    4.48                      3.47   1.01     4.50
  SINCE MAR 1     14.24                     10.50   3.74     9.24
  SINCE JAN 1     19.79                     17.88   1.91    21.31

DEGREE DAYS
 HEATING
  TODAY            0                         0      0        0
  MONTH TO DATE   12                        25    -13       19
  SINCE MAR 1    429                       478    -49      319
  SINCE JUL 1   1944                      2407   -463     1806

 COOLING
  TODAY            7                         8     -1        8
  MONTH TO DATE  189                       141     48      132
  SINCE MAR 1    353                       224    129      275
  SINCE JAN 1    359                       229    130      278
..................................................................


WIND (MPH)
  HIGHEST WIND SPEED    28   HIGHEST WIND DIRECTION    SW (240)
  HIGHEST GUST SPEED    35   HIGHEST GUST DIRECTION    SW (230)
  AVERAGE WIND SPEED    15.1


SKY COVER
  POSSIBLE SUNSHINE  MM
  AVERAGE SKY COVER 0.5


WEATHER CONDITIONS
 THE FOLLOWING WEATHER WAS RECORDED TODAY.
  THUNDERSTORM
  HEAVY RAIN
  LIGHT RAIN
  FOG
  HAZE


RELATIVE HUMIDITY (PERCENT)
 HIGHEST    93          1200 AM
 LOWEST     50          1100 AM
 AVERAGE    72

..........................................................


THE WILMINGTON NC CLIMATE NORMALS FOR TOMORROW
                         NORMAL    RECORD    YEAR
 MAXIMUM TEMPERATURE (F)   83        98      1953
 MINIMUM TEMPERATURE (F)   63        48      1877


SUNRISE AND SUNSET
MAY 25 2017...........SUNRISE   603 AM EDT   SUNSET   814 PM EDT
MAY 26 2017...........SUNRISE   603 AM EDT   SUNSET   815 PM EDT


-  INDICATES NEGATIVE NUMBERS.
R  INDICATES RECORD WAS SET OR TIED.
MM INDICATES DATA IS MISSING.
T  INDICATES TRACE AMOUNT.




$$
