000
CDUS42 KILM 220850
CLIILM


CLIMATE REPORT
NATIONAL WEATHER SERVICE WILMINGTON NC
449 AM EDT SAT JUL 22 2017


...................................

...THE WILMINGTON NC CLIMATE SUMMARY FOR JULY 21 2017...

CLIMATE NORMAL PERIOD 1981 TO 2010
CLIMATE RECORD PERIOD 1871 TO 2017


WEATHER ITEM   OBSERVED TIME   RECORD YEAR NORMAL DEPARTURE LAST
                VALUE   (LST)  VALUE       VALUE  FROM      YEAR
                                                  NORMAL
..................................................................
TEMPERATURE (F)
 YESTERDAY
  MAXIMUM         94    131 PM 100    2011  90      4       89
                                      1952
  MINIMUM         76    510 AM  63    1929  73      3       72
                                      1909
  AVERAGE         85                        81      4       81

PRECIPITATION (IN)
  YESTERDAY        0.00          3.84 1939   0.25  -0.25     0.00
  MONTH TO DATE    5.20                      4.89   0.31     4.57
  SINCE JUN 1     15.31                     10.07   5.24    11.20
  SINCE JAN 1     35.81                     28.97   6.84    33.89

DEGREE DAYS
 HEATING
  YESTERDAY        0                         0      0        0
  MONTH TO DATE    0                         0      0        0
  SINCE JUN 1      2                         2      0        0
  SINCE JUL 1      0                         0      0        0

 COOLING
  YESTERDAY       20                        16      4       16
  MONTH TO DATE  380                       336     44      378
  SINCE JUN 1    768                       721     47      796
  SINCE JAN 1   1205                      1002    203     1131
..................................................................


WIND (MPH)
  HIGHEST WIND SPEED    15   HIGHEST WIND DIRECTION    SW (210)
  HIGHEST GUST SPEED    22   HIGHEST GUST DIRECTION    SW (220)
  AVERAGE WIND SPEED     8.6


SKY COVER
  POSSIBLE SUNSHINE  MM
  AVERAGE SKY COVER 0.1


WEATHER CONDITIONS
 THE FOLLOWING WEATHER WAS RECORDED YESTERDAY.
  NO SIGNIFICANT WEATHER WAS OBSERVED.


RELATIVE HUMIDITY (PERCENT)
 HIGHEST    94           200 AM
 LOWEST     52          1200 PM
 AVERAGE    73

..........................................................


THE WILMINGTON NC CLIMATE NORMALS FOR TODAY
                         NORMAL    RECORD    YEAR
 MAXIMUM TEMPERATURE (F)   90       101      1952
 MINIMUM TEMPERATURE (F)   73        60      1965


SUNRISE AND SUNSET
JULY 22 2017..........SUNRISE   616 AM EDT   SUNSET   820 PM EDT
JULY 23 2017..........SUNRISE   616 AM EDT   SUNSET   820 PM EDT


-  INDICATES NEGATIVE NUMBERS.
R  INDICATES RECORD WAS SET OR TIED.
MM INDICATES DATA IS MISSING.
T  INDICATES TRACE AMOUNT.




$$
