000
CDUS42 KILM 240948
CLIILM


CLIMATE REPORT
NATIONAL WEATHER SERVICE WILMINGTON NC
448 AM EST FRI FEB 24 2017


...................................

...THE WILMINGTON NC CLIMATE SUMMARY FOR FEBRUARY 23 2017...

CLIMATE NORMAL PERIOD 1981 TO 2010
CLIMATE RECORD PERIOD 1871 TO 2017


WEATHER ITEM   OBSERVED TIME   RECORD YEAR NORMAL DEPARTURE LAST
                VALUE   (LST)  VALUE       VALUE  FROM      YEAR
                                                  NORMAL
..................................................................
TEMPERATURE (F)
 YESTERDAY
  MAXIMUM         73    156 PM  80    1975  61     12       64
  MINIMUM         52    250 AM  20    1963  39     13       51
  AVERAGE         63                        50     13       58

PRECIPITATION (IN)
  YESTERDAY        0.00          1.75 1992   0.13  -0.13     0.02
  MONTH TO DATE    1.32                      2.96  -1.64     7.06
  SINCE DEC 1     10.90                     10.34   0.56    17.01
  SINCE JAN 1      5.54                      6.72  -1.18    11.51

SNOWFALL (IN)
  YESTERDAY        0.0           9.0  1901   0.0    0.0      0.0
  MONTH TO DATE    0.0                       0.3   -0.3       T
  SINCE DEC 1      T                         1.5   -1.5       T
  SINCE JUL 1      T                         1.5   -1.5       T
  SNOW DEPTH       0

DEGREE DAYS
 HEATING
  YESTERDAY        2                        15    -13        7
  MONTH TO DATE  238                       382   -144      386
  SINCE DEC 1   1125                      1488   -363     1189
  SINCE JUL 1   1484                      1857   -373     1419

 COOLING
  YESTERDAY        0                         0      0        0
  MONTH TO DATE    5                         0      5        0
  SINCE DEC 1      8                         7      1       76
  SINCE JAN 1      5                         2      3        0
..................................................................


WIND (MPH)
  HIGHEST WIND SPEED    18   HIGHEST WIND DIRECTION     E (100)
  HIGHEST GUST SPEED    25   HIGHEST GUST DIRECTION     E (100)
  AVERAGE WIND SPEED     5.5


SKY COVER
  POSSIBLE SUNSHINE  MM
  AVERAGE SKY COVER 0.3


WEATHER CONDITIONS
 THE FOLLOWING WEATHER WAS RECORDED YESTERDAY.
  NO SIGNIFICANT WEATHER WAS OBSERVED.


RELATIVE HUMIDITY (PERCENT)
 HIGHEST   100           400 AM
 LOWEST     57           100 PM
 AVERAGE    79

..........................................................


THE WILMINGTON NC CLIMATE NORMALS FOR TODAY
                         NORMAL    RECORD    YEAR
 MAXIMUM TEMPERATURE (F)   62        81      1982
 MINIMUM TEMPERATURE (F)   39        15      1951


SUNRISE AND SUNSET
FEBRUARY 24 2017......SUNRISE   646 AM EST   SUNSET   604 PM EST
FEBRUARY 25 2017......SUNRISE   645 AM EST   SUNSET   605 PM EST


-  INDICATES NEGATIVE NUMBERS.
R  INDICATES RECORD WAS SET OR TIED.
MM INDICATES DATA IS MISSING.
T  INDICATES TRACE AMOUNT.




$$
