000
CDUS42 KILM 190942
CLIILM


CLIMATE REPORT
NATIONAL WEATHER SERVICE WILMINGTON NC
441 AM EST THU JAN 19 2017


...................................

...THE WILMINGTON NC CLIMATE SUMMARY FOR JANUARY 18 2017...

CLIMATE NORMAL PERIOD 1981 TO 2010
CLIMATE RECORD PERIOD 1871 TO 2017


WEATHER ITEM   OBSERVED TIME   RECORD YEAR NORMAL DEPARTURE LAST
                VALUE   (LST)  VALUE       VALUE  FROM      YEAR
                                                  NORMAL
..................................................................
TEMPERATURE (F)
 YESTERDAY
  MAXIMUM         74    308 PM  76    1937  56     18       47
                                      1907
  MINIMUM         50   1159 PM  17    2005  36     14       28
                                      1982
                                      1977
  AVERAGE         62                        46     16       38

PRECIPITATION (IN)
  YESTERDAY        T             3.84 1915   0.11  -0.11     0.00
  MONTH TO DATE    1.74                      2.17  -0.43     2.42
  SINCE DEC 1      7.10                      5.79   1.31     7.92
  SINCE JAN 1      1.74                      2.17  -0.43     2.42

SNOWFALL (IN)
  YESTERDAY        0.0           1.1  2000   0.0    0.0      0.0
  MONTH TO DATE    T                         0.3   -0.3      0.0
  SINCE DEC 1      T                         1.1   -1.1      0.0
  SINCE JUL 1      T                         1.1   -1.1      0.0
  SNOW DEPTH       0

DEGREE DAYS
 HEATING
  YESTERDAY        3                        19    -16       27
  MONTH TO DATE  256                       342    -86      340
  SINCE DEC 1    726                       857   -131      516
  SINCE JUL 1   1085                      1226   -141      746

 COOLING
  YESTERDAY        0                         0      0        0
  MONTH TO DATE    0                         0      0        0
  SINCE DEC 1      3                         5     -2       76
  SINCE JAN 1      0                         0      0        0
..................................................................


WIND (MPH)
  HIGHEST WIND SPEED    20   HIGHEST WIND DIRECTION     W (290)
  HIGHEST GUST SPEED    26   HIGHEST GUST DIRECTION    SW (240)
  AVERAGE WIND SPEED    10.3


SKY COVER
  POSSIBLE SUNSHINE  MM
  AVERAGE SKY COVER 0.2


WEATHER CONDITIONS
 THE FOLLOWING WEATHER WAS RECORDED YESTERDAY.
  LIGHT RAIN


RELATIVE HUMIDITY (PERCENT)
 HIGHEST    97          1200 AM
 LOWEST     38           500 PM
 AVERAGE    68

..........................................................


THE WILMINGTON NC CLIMATE NORMALS FOR TODAY
                         NORMAL    RECORD    YEAR
 MAXIMUM TEMPERATURE (F)   56        76      1950
                                             1937
 MINIMUM TEMPERATURE (F)   36        12      1994


SUNRISE AND SUNSET
JANUARY 19 2017.......SUNRISE   716 AM EST   SUNSET   529 PM EST
JANUARY 20 2017.......SUNRISE   716 AM EST   SUNSET   530 PM EST


-  INDICATES NEGATIVE NUMBERS.
R  INDICATES RECORD WAS SET OR TIED.
MM INDICATES DATA IS MISSING.
T  INDICATES TRACE AMOUNT.




$$
