000
CDUS42 KILM 040841
CLIILM


CLIMATE REPORT
NATIONAL WEATHER SERVICE WILMINGTON NC
441 AM EDT SAT JUL 4 2015


...................................

...THE WILMINGTON NC CLIMATE SUMMARY FOR JULY 3 2015...

CLIMATE NORMAL PERIOD 1981 TO 2010
CLIMATE RECORD PERIOD 1871 TO 2015


WEATHER ITEM   OBSERVED TIME   RECORD YEAR NORMAL DEPARTURE LAST
                VALUE   (LST)  VALUE       VALUE  FROM      YEAR
                                                  NORMAL
..................................................................
TEMPERATURE (F)
 YESTERDAY
  MAXIMUM         86    159 PM  97    1954  90     -4       83
                                      1877
  MINIMUM         72    512 AM  59    1918  72      0       73
  AVERAGE         79                        81     -2       78

PRECIPITATION (IN)
  YESTERDAY        0.19          3.75 2014   0.21  -0.02     3.75
  MONTH TO DATE    0.20                      0.64  -0.44     3.75
  SINCE JUN 1      7.31                      5.82   1.49     6.23
  SINCE JAN 1     27.88                     24.72   3.16    25.47

DEGREE DAYS
 HEATING
  YESTERDAY        0                         0      0        0
  MONTH TO DATE    0                         0      0        0
  SINCE JUN 1      0                         2     -2        0
  SINCE JUL 1      0                         0      0        0

 COOLING
  YESTERDAY       14                        16     -2       13
  MONTH TO DATE   47                        48     -1       48
  SINCE JUN 1    541                       433    108      488
  SINCE JAN 1    834                       714    120      895
..................................................................


WIND (MPH)
  HIGHEST WIND SPEED    18   HIGHEST WIND DIRECTION     S (180)
  HIGHEST GUST SPEED    23   HIGHEST GUST DIRECTION    SW (230)
  AVERAGE WIND SPEED     8.4


SKY COVER
  POSSIBLE SUNSHINE  MM
  AVERAGE SKY COVER 0.5


WEATHER CONDITIONS
 THE FOLLOWING WEATHER WAS RECORDED YESTERDAY.
  THUNDERSTORM
  LIGHT RAIN
  FOG
  HAZE


RELATIVE HUMIDITY (PERCENT)
 HIGHEST    94           700 PM
 LOWEST     70           200 PM
 AVERAGE    82

..........................................................


THE WILMINGTON NC CLIMATE NORMALS FOR TODAY
                         NORMAL    RECORD    YEAR
 MAXIMUM TEMPERATURE (F)   90       100      1993
 MINIMUM TEMPERATURE (F)   72        59      2007
                                             1933


SUNRISE AND SUNSET
JULY  4 2015..........SUNRISE   605 AM EDT   SUNSET   827 PM EDT
JULY  5 2015..........SUNRISE   605 AM EDT   SUNSET   827 PM EDT


-  INDICATES NEGATIVE NUMBERS.
R  INDICATES RECORD WAS SET OR TIED.
MM INDICATES DATA IS MISSING.
T  INDICATES TRACE AMOUNT.




$$
