000
CDUS42 KILM 120944
CLIILM


CLIMATE REPORT
NATIONAL WEATHER SERVICE WILMINGTON NC
443 AM EST FRI FEB 12 2016


...................................

...THE WILMINGTON NC CLIMATE SUMMARY FOR FEBRUARY 11 2016...

CLIMATE NORMAL PERIOD 1981 TO 2010
CLIMATE RECORD PERIOD 1871 TO 2016


WEATHER ITEM   OBSERVED TIME   RECORD YEAR NORMAL DEPARTURE LAST
                VALUE   (LST)  VALUE       VALUE  FROM      YEAR
                                                  NORMAL
..................................................................
TEMPERATURE (F)
 YESTERDAY
  MAXIMUM         48    418 PM  78    1965  59    -11       49
                                      1939
  MINIMUM         25    704 AM  18    1912  37    -12       32
  AVERAGE         37                        48    -11       41

PRECIPITATION (IN)
  YESTERDAY        0.00          2.58 1910   0.12  -0.12     0.00
  MONTH TO DATE    6.15                      1.39   4.76     1.18
  SINCE DEC 1     16.10                      8.77   7.33    11.15
  SINCE JAN 1     10.60                      5.15   5.45     6.16

SNOWFALL (IN)
  YESTERDAY        0.0           9.4  1912   0.0    0.0      0.0
  MONTH TO DATE    T                         0.1   -0.1      0.0
  SINCE DEC 1      T                         1.3   -1.3      0.0
  SINCE JUL 1      T                         1.3   -1.3      0.0
  SNOW DEPTH       0

DEGREE DAYS
 HEATING
  YESTERDAY       28                        17     11       24
  MONTH TO DATE  177                       192    -15      213
  SINCE DEC 1    980                      1298   -318     1271
  SINCE JUL 1   1210                      1667   -457     1724

 COOLING
  YESTERDAY        0                         0      0        0
  MONTH TO DATE    0                         0      0        0
  SINCE DEC 1     76                         7     69        6
  SINCE JAN 1      0                         2     -2        6
..................................................................


WIND (MPH)
  HIGHEST WIND SPEED    16   HIGHEST WIND DIRECTION     W (290)
  HIGHEST GUST SPEED    21   HIGHEST GUST DIRECTION    NW (300)
  AVERAGE WIND SPEED     5.7


SKY COVER
  POSSIBLE SUNSHINE  MM
  AVERAGE SKY COVER 0.0


WEATHER CONDITIONS
 THE FOLLOWING WEATHER WAS RECORDED YESTERDAY.
  NO SIGNIFICANT WEATHER WAS OBSERVED.


RELATIVE HUMIDITY (PERCENT)
 HIGHEST    85          1100 PM
 LOWEST     28           200 PM
 AVERAGE    57

..........................................................


THE WILMINGTON NC CLIMATE NORMALS FOR TODAY
                         NORMAL    RECORD    YEAR
 MAXIMUM TEMPERATURE (F)   59        78      1965
 MINIMUM TEMPERATURE (F)   37        14      1899


SUNRISE AND SUNSET
FEBRUARY 12 2016......SUNRISE   700 AM EST   SUNSET   552 PM EST
FEBRUARY 13 2016......SUNRISE   659 AM EST   SUNSET   553 PM EST


-  INDICATES NEGATIVE NUMBERS.
R  INDICATES RECORD WAS SET OR TIED.
MM INDICATES DATA IS MISSING.
T  INDICATES TRACE AMOUNT.




$$
