000
CDUS43 KILX 230631
CLIILX


CLIMATE REPORT
NATIONAL WEATHER SERVICE LINCOLN IL
130 AM CDT SAT MAY 23 2015


...................................

...THE LINCOLN IL CLIMATE SUMMARY FOR MAY 22 2015...

CLIMATE NORMAL PERIOD 1981 TO 2010
CLIMATE RECORD PERIOD 1905 TO 2015


WEATHER ITEM   OBSERVED TIME   RECORD YEAR NORMAL DEPARTURE LAST
                VALUE   (LST)  VALUE       VALUE  FROM      YEAR
                                                  NORMAL
..................................................................
TEMPERATURE (F)
 YESTERDAY
  MAXIMUM         78        MM  95    1925  76      2       77
  MINIMUM         52        MM  32    1924  54     -2       58
  AVERAGE         65                        65      0       68

PRECIPITATION (IN)
  YESTERDAY        0.00          1.47 1933   0.13  -0.13      T
  MONTH TO DATE    4.82                      2.93   1.89     1.48
  SINCE MAR 1      8.61                      9.14  -0.53     6.36
  SINCE JAN 1     11.37                     12.89  -1.52    11.02

SNOWFALL (IN)
  YESTERDAY        0.0           0.0    MM   0.0    0.0      0.0
  MONTH TO DATE    0.0                       0.0    0.0      0.0
  SINCE MAR 1      3.7                       2.0    1.7      4.7
  SINCE JUL 1     21.9                      20.5    1.4     46.3
  SNOW DEPTH       0

DEGREE DAYS
 HEATING
  YESTERDAY        0                         3     -3        0
  MONTH TO DATE   91                       115    -24      136
  SINCE MAR 1   1243                      1247     -4     1425
  SINCE JUL 1   6180                      5670    510     6669

 COOLING
  YESTERDAY        0                         3     -3        3
  MONTH TO DATE   66                        40     26       64
  SINCE MAR 1     67                        55     12       65
  SINCE JAN 1     67                        55     12       65
..................................................................


WIND (MPH)
  HIGHEST WIND SPEED    MM   HIGHEST WIND DIRECTION    MM
  HIGHEST GUST SPEED    MM   HIGHEST GUST DIRECTION    MM
  AVERAGE WIND SPEED    MM


SKY COVER
  POSSIBLE SUNSHINE  MM


WEATHER CONDITIONS
 THE FOLLOWING WEATHER WAS RECORDED YESTERDAY.
  NO SIGNIFICANT WEATHER WAS OBSERVED.


..........................................................


THE LINCOLN IL CLIMATE NORMALS FOR TODAY
                         NORMAL    RECORD    YEAR
 MAXIMUM TEMPERATURE (F)   76        94      1921
 MINIMUM TEMPERATURE (F)   54        34      1931


SUNRISE AND SUNSET
MAY 23 2015...........SUNRISE   535 AM CDT   SUNSET   813 PM CDT
MAY 24 2015...........SUNRISE   535 AM CDT   SUNSET   814 PM CDT


-  INDICATES NEGATIVE NUMBERS.
R  INDICATES RECORD WAS SET OR TIED.
MM INDICATES DATA IS MISSING.
T  INDICATES TRACE AMOUNT.




$$
