000
CDUS43 KILX 200638
CLIILX


CLIMATE REPORT
NATIONAL WEATHER SERVICE LINCOLN IL
138 AM CDT SAT SEP 20 2014


...................................

...THE LINCOLN IL CLIMATE SUMMARY FOR SEPTEMBER 19 2014...

CLIMATE NORMAL PERIOD 1981 TO 2010
CLIMATE RECORD PERIOD 1905 TO 2014


WEATHER ITEM   OBSERVED TIME   RECORD YEAR NORMAL DEPARTURE LAST
                VALUE   (LST)  VALUE       VALUE  FROM      YEAR
                                                  NORMAL
..................................................................
TEMPERATURE (F)
 YESTERDAY
  MAXIMUM         77        MM  97    1925  77      0       92
  MINIMUM         45        MM  33    1916  52     -7       69
  AVERAGE         61                        65     -4       81

PRECIPITATION (IN)
  YESTERDAY        0.00          1.07 1921   0.10  -0.10     0.09
  MONTH TO DATE    7.04                      2.08   4.96     0.50
  SINCE SEP 1      7.04                      2.08   4.96     0.50
  SINCE JAN 1     35.69                     29.50   6.19    29.64

SNOWFALL (IN)
  YESTERDAY        0.0           0.0    MM   0.0    0.0      0.0
  MONTH TO DATE    0.0                       0.0    0.0      0.0
  SINCE SEP 1      0.0                       0.0    0.0      0.0
  SINCE JUL 1      0.0                       0.0    0.0       T
  SNOW DEPTH       0

DEGREE DAYS
 HEATING
  YESTERDAY        4                         3      1        0
  MONTH TO DATE   92                        30     62       27
  SINCE SEP 1     92                        30     62       27
  SINCE JUL 1    102                        39     63       49

 COOLING
  YESTERDAY        0                         3     -3       16
  MONTH TO DATE   59                        92    -33      129
  SINCE SEP 1     59                        92    -33      129
  SINCE JAN 1    813                       981   -168      900
..................................................................


WIND (MPH)
  HIGHEST WIND SPEED    MM   HIGHEST WIND DIRECTION    MM
  HIGHEST GUST SPEED    MM   HIGHEST GUST DIRECTION    MM
  AVERAGE WIND SPEED    MM


SKY COVER
  POSSIBLE SUNSHINE  MM


WEATHER CONDITIONS
 THE FOLLOWING WEATHER WAS RECORDED YESTERDAY.
  NO SIGNIFICANT WEATHER WAS OBSERVED.


..........................................................


THE LINCOLN IL CLIMATE NORMALS FOR TODAY
                         NORMAL    RECORD    YEAR
 MAXIMUM TEMPERATURE (F)   77        94      1940
 MINIMUM TEMPERATURE (F)   52        31      1918


SUNRISE AND SUNSET
SEPTEMBER 20 2014.....SUNRISE   643 AM CDT   SUNSET   658 PM CDT
SEPTEMBER 21 2014.....SUNRISE   644 AM CDT   SUNSET   656 PM CDT


-  INDICATES NEGATIVE NUMBERS.
R  INDICATES RECORD WAS SET OR TIED.
MM INDICATES DATA IS MISSING.
T  INDICATES TRACE AMOUNT.




$$
