000
CDUS43 KILX 300701
CLIILX


CLIMATE REPORT
NATIONAL WEATHER SERVICE LINCOLN IL
101 AM CST FRI JAN 30 2015


...................................

...THE LINCOLN IL CLIMATE SUMMARY FOR JANUARY 29 2015...

CLIMATE NORMAL PERIOD 1981 TO 2010
CLIMATE RECORD PERIOD 1905 TO 2015


WEATHER ITEM   OBSERVED TIME   RECORD YEAR NORMAL DEPARTURE LAST
                VALUE   (LST)  VALUE       VALUE  FROM      YEAR
                                                  NORMAL
..................................................................
TEMPERATURE (F)
 YESTERDAY
  MAXIMUM         44        MM  64    2013  35      9       31
  MINIMUM         32        MM -14    1918  18     14        4
  AVERAGE         38                        26     12       18

PRECIPITATION (IN)
  YESTERDAY        T             1.37 2013   0.05  -0.05     0.00
  MONTH TO DATE    1.22                      1.83  -0.61     1.64
  SINCE DEC 1      2.67                      4.47  -1.80     3.15
  SINCE JAN 1      1.22                      1.83  -0.61     1.64

SNOWFALL (IN)
  YESTERDAY        0.0           2.6  1928   0.2   -0.2      0.0
  MONTH TO DATE    4.6                       5.5   -0.9     15.7
  SINCE DEC 1      5.0                      11.7   -6.7     22.1
  SINCE JUL 1      6.0                      12.3   -6.3     22.6
  SNOW DEPTH       0

DEGREE DAYS
 HEATING
  YESTERDAY       27                        39    -12       47
  MONTH TO DATE 1169                      1131     38     1346
  SINCE DEC 1   2175                      2230    -55     2555
  SINCE JUL 1   3573                      3373    200     3833

 COOLING
  YESTERDAY        0                         0      0        0
  MONTH TO DATE    0                         0      0        0
  SINCE DEC 1      0                         0      0        0
  SINCE JAN 1      0                         0      0        0
..................................................................


WIND (MPH)
  HIGHEST WIND SPEED    MM   HIGHEST WIND DIRECTION    MM
  HIGHEST GUST SPEED    MM   HIGHEST GUST DIRECTION    MM
  AVERAGE WIND SPEED    MM


SKY COVER
  POSSIBLE SUNSHINE  MM


WEATHER CONDITIONS
 THE FOLLOWING WEATHER WAS RECORDED YESTERDAY.
  FOG


..........................................................


THE LINCOLN IL CLIMATE NORMALS FOR TODAY
                         NORMAL    RECORD    YEAR
 MAXIMUM TEMPERATURE (F)   35        59      2012
 MINIMUM TEMPERATURE (F)   18       -12      1936


SUNRISE AND SUNSET
JANUARY 30 2015.......SUNRISE   708 AM CST   SUNSET   514 PM CST
JANUARY 31 2015.......SUNRISE   707 AM CST   SUNSET   515 PM CST


-  INDICATES NEGATIVE NUMBERS.
R  INDICATES RECORD WAS SET OR TIED.
MM INDICATES DATA IS MISSING.
T  INDICATES TRACE AMOUNT.




$$
