000
CDUS43 KILX 250653
CLIILX


CLIMATE REPORT
NATIONAL WEATHER SERVICE LINCOLN IL
152 AM CDT SUN JUN 25 2017


...................................

...THE LINCOLN IL CLIMATE SUMMARY FOR JUNE 24 2017...

CLIMATE NORMAL PERIOD 1981 TO 2010
CLIMATE RECORD PERIOD 1905 TO 2017


WEATHER ITEM   OBSERVED TIME   RECORD YEAR NORMAL DEPARTURE LAST
                VALUE   (LST)  VALUE       VALUE  FROM      YEAR
                                                  NORMAL
..................................................................
TEMPERATURE (F)
 YESTERDAY
  MAXIMUM         76        MM  99    1953  85     -9       85
  MINIMUM         59        MM  46    1926  64     -5       62
  AVERAGE         68                        74     -6       74

PRECIPITATION (IN)
  YESTERDAY        0.00          0.92 1919   0.14  -0.14     0.00
  MONTH TO DATE    0.89                      3.37  -2.48     2.35
  SINCE JUN 1      0.89                      3.37  -2.48     2.35
  SINCE JAN 1     17.02                     17.49  -0.47    14.30

SNOWFALL (IN)
  YESTERDAY        0.0           0.0    MM   0.0    0.0      0.0
  MONTH TO DATE    0.0                       0.0    0.0      0.0
  SINCE JUN 1      0.0                       0.0    0.0      0.0
  SINCE JUL 1     10.9                      20.5   -9.6     12.3
  SNOW DEPTH       0

DEGREE DAYS
 HEATING
  YESTERDAY        0                         0      0        0
  MONTH TO DATE    0                        15    -15        1
  SINCE JUN 1      0                        15    -15        1
  SINCE JUL 1   4713                      5706   -993     4874

 COOLING
  YESTERDAY        3                        10     -7        9
  MONTH TO DATE  242                       173     69      239
  SINCE JUN 1    242                       173     69      239
  SINCE JAN 1    332                       264     68      326
..................................................................


WIND (MPH)
  HIGHEST WIND SPEED    MM   HIGHEST WIND DIRECTION    MM
  HIGHEST GUST SPEED    MM   HIGHEST GUST DIRECTION    MM
  AVERAGE WIND SPEED    MM


SKY COVER
  POSSIBLE SUNSHINE  MM


WEATHER CONDITIONS
 THE FOLLOWING WEATHER WAS RECORDED YESTERDAY.
  NO SIGNIFICANT WEATHER WAS OBSERVED.


..........................................................


THE LINCOLN IL CLIMATE NORMALS FOR TODAY
                         NORMAL    RECORD    YEAR
 MAXIMUM TEMPERATURE (F)   85       101      1954
 MINIMUM TEMPERATURE (F)   64        45      1986


SUNRISE AND SUNSET
JUNE 25 2017..........SUNRISE   529 AM CDT   SUNSET   831 PM CDT
JUNE 26 2017..........SUNRISE   530 AM CDT   SUNSET   831 PM CDT


-  INDICATES NEGATIVE NUMBERS.
R  INDICATES RECORD WAS SET OR TIED.
MM INDICATES DATA IS MISSING.
T  INDICATES TRACE AMOUNT.




$$
