000
CDUS43 KILX 220708
CLIILX


CLIMATE REPORT
NATIONAL WEATHER SERVICE LINCOLN IL
107 AM CST SUN JAN 22 2017


...................................

...THE LINCOLN IL CLIMATE SUMMARY FOR JANUARY 21 2017...

CLIMATE NORMAL PERIOD 1981 TO 2010
CLIMATE RECORD PERIOD 1905 TO 2017


WEATHER ITEM   OBSERVED TIME   RECORD YEAR NORMAL DEPARTURE LAST
                VALUE   (LST)  VALUE       VALUE  FROM      YEAR
                                                  NORMAL
..................................................................
TEMPERATURE (F)
 YESTERDAY
  MAXIMUM         63R       MM  60    1957  34     29       21
  MINIMUM         42        MM -17    1985  18     24        3
  AVERAGE         53                        26     27       12

PRECIPITATION (IN)
  YESTERDAY        0.00          2.00 1959   0.06  -0.06     0.00
  MONTH TO DATE    1.76                      1.42   0.34     0.99
  SINCE DEC 1      3.12                      4.06  -0.94     7.80
  SINCE JAN 1      1.76                      1.42   0.34     0.99

SNOWFALL (IN)
  YESTERDAY        0.0           4.0  1922   0.2   -0.2      0.0
  MONTH TO DATE    0.5                       4.0   -3.5      5.5
  SINCE DEC 1      3.7                      10.2   -6.5      5.6
  SINCE JUL 1      3.7                      10.8   -7.1      6.6
  SNOW DEPTH       0

DEGREE DAYS
 HEATING
  YESTERDAY       12                        39    -27       53
  MONTH TO DATE  725                       819    -94      872
  SINCE DEC 1   1840                      1918    -78     1632
  SINCE JUL 1   2617                      3061   -444     2559

 COOLING
  YESTERDAY        0                         0      0        0
  MONTH TO DATE    0                         0      0        0
  SINCE DEC 1      0                         0      0        0
  SINCE JAN 1      0                         0      0        0
..................................................................


WIND (MPH)
  HIGHEST WIND SPEED    MM   HIGHEST WIND DIRECTION    MM
  HIGHEST GUST SPEED    MM   HIGHEST GUST DIRECTION    MM
  AVERAGE WIND SPEED    MM


SKY COVER
  POSSIBLE SUNSHINE  MM


WEATHER CONDITIONS
 THE FOLLOWING WEATHER WAS RECORDED YESTERDAY.
  NO SIGNIFICANT WEATHER WAS OBSERVED.


..........................................................


THE LINCOLN IL CLIMATE NORMALS FOR TODAY
                         NORMAL    RECORD    YEAR
 MAXIMUM TEMPERATURE (F)   34        64      1967
 MINIMUM TEMPERATURE (F)   18       -20      1930


SUNRISE AND SUNSET
JANUARY 22 2017.......SUNRISE   714 AM CST   SUNSET   505 PM CST
JANUARY 23 2017.......SUNRISE   713 AM CST   SUNSET   506 PM CST


-  INDICATES NEGATIVE NUMBERS.
R  INDICATES RECORD WAS SET OR TIED.
MM INDICATES DATA IS MISSING.
T  INDICATES TRACE AMOUNT.




$$
