000
CDUS43 KILX 310642
CLIILX


CLIMATE REPORT
NATIONAL WEATHER SERVICE LINCOLN IL
130 AM CDT THU JUL 31 2014


...................................

...THE LINCOLN IL CLIMATE SUMMARY FOR JULY 30 2014...

CLIMATE NORMAL PERIOD 1981 TO 2010
CLIMATE RECORD PERIOD 1905 TO 2014


WEATHER ITEM   OBSERVED TIME   RECORD YEAR NORMAL DEPARTURE LAST
                VALUE   (LST)  VALUE       VALUE  FROM      YEAR
                                                  NORMAL
..................................................................
TEMPERATURE (F)
 YESTERDAY
  MAXIMUM         80        MM 104    1913  85     -5       69
  MINIMUM         55        MM  49    1928  64     -9       64
  AVERAGE         68                        74     -6       67

PRECIPITATION (IN)
  YESTERDAY        0.00          2.70 1992   0.14  -0.14     0.70
  MONTH TO DATE    4.78                      4.92  -0.14     2.82
  SINCE JUN 1     11.20                      9.24   1.96     6.07
  SINCE JAN 1     22.52                     23.36  -0.84    27.23

SNOWFALL (IN)
  YESTERDAY        0.0           0.0    MM   0.0    0.0      0.0
  MONTH TO DATE    0.0                       0.0    0.0       T
  SINCE JUN 1      0.0                       0.0    0.0       T
  SINCE JUL 1      0.0                       0.0    0.0       T
  SNOW DEPTH       0

DEGREE DAYS
 HEATING
  YESTERDAY        0                         0      0        0
  MONTH TO DATE    9                         0      9       11
  SINCE JUN 1     16                        17     -1       28
  SINCE JUL 1      9                         0      9       11

 COOLING
  YESTERDAY        3                         9     -6        2
  MONTH TO DATE  126                       302   -176      234
  SINCE JUN 1    363                       534   -171      458
  SINCE JAN 1    492                       625   -133      560
..................................................................


WIND (MPH)
  HIGHEST WIND SPEED    MM   HIGHEST WIND DIRECTION    MM
  HIGHEST GUST SPEED     0   HIGHEST GUST DIRECTION     N (0)
  AVERAGE WIND SPEED    MM


SKY COVER
  POSSIBLE SUNSHINE   0 PERCENT


WEATHER CONDITIONS
 THE FOLLOWING WEATHER WAS RECORDED YESTERDAY.
  NO SIGNIFICANT WEATHER WAS OBSERVED.


..........................................................


THE LINCOLN IL CLIMATE NORMALS FOR TODAY
                         NORMAL    RECORD    YEAR
 MAXIMUM TEMPERATURE (F)   84       102      1916
 MINIMUM TEMPERATURE (F)   64        46      1918


SUNRISE AND SUNSET
JULY 31 2014..........SUNRISE   554 AM CDT   SUNSET   812 PM CDT
AUGUST  1 2014........SUNRISE   555 AM CDT   SUNSET   811 PM CDT


-  INDICATES NEGATIVE NUMBERS.
R  INDICATES RECORD WAS SET OR TIED.
MM INDICATES DATA IS MISSING.
T  INDICATES TRACE AMOUNT.




$$
