982
CDUS43 KILX 100632
CLIILX


CLIMATE REPORT
NATIONAL WEATHER SERVICE LINCOLN IL
1231 AM CST WED FEB 10 2016


...................................

...THE LINCOLN IL CLIMATE SUMMARY FOR FEBRUARY 9 2016...

CLIMATE NORMAL PERIOD 1981 TO 2010
CLIMATE RECORD PERIOD 1905 TO 2016


WEATHER ITEM   OBSERVED TIME   RECORD YEAR NORMAL DEPARTURE LAST
                VALUE   (LST)  VALUE       VALUE  FROM      YEAR
                                                  NORMAL
..................................................................
TEMPERATURE (F)
 YESTERDAY
  MAXIMUM         20        MM  65    1943  37    -17       30
  MINIMUM         12        MM -15    1933  20     -8       25
  AVERAGE         16                        28    -12       28

PRECIPITATION (IN)
  YESTERDAY        T             0.66 1959   0.06  -0.06      T
  MONTH TO DATE    0.70                      0.53   0.17     0.80
  SINCE DEC 1      8.50                      5.10   3.40     3.64
  SINCE JAN 1      1.69                      2.46  -0.77     2.19

SNOWFALL (IN)
  YESTERDAY        0.1           6.8  1942   0.2   -0.1       T
  MONTH TO DATE    0.6                       2.0   -1.4      5.0
  SINCE DEC 1      6.2                      14.1   -7.9     10.0
  SINCE JUL 1      7.2                      14.7   -7.5     11.0
  SNOW DEPTH       T

DEGREE DAYS
 HEATING
  YESTERDAY       49                        36     13       37
  MONTH TO DATE  289                       336    -47      363
  SINCE DEC 1   2249                      2647   -398     2609
  SINCE JUL 1   3176                      3790   -614     4007

 COOLING
  YESTERDAY        0                         0      0        0
  MONTH TO DATE    0                         0      0        0
  SINCE DEC 1      0                         0      0        0
  SINCE JAN 1      0                         0      0        0
..................................................................


WIND (MPH)
  HIGHEST WIND SPEED    MM   HIGHEST WIND DIRECTION    MM
  HIGHEST GUST SPEED    MM   HIGHEST GUST DIRECTION    MM
  AVERAGE WIND SPEED    MM


SKY COVER
  POSSIBLE SUNSHINE  MM


WEATHER CONDITIONS
 THE FOLLOWING WEATHER WAS RECORDED YESTERDAY.
  LIGHT SNOW


..........................................................


THE LINCOLN IL CLIMATE NORMALS FOR TODAY
                         NORMAL    RECORD    YEAR
 MAXIMUM TEMPERATURE (F)   37        73      1992
 MINIMUM TEMPERATURE (F)   21       -16      1982


SUNRISE AND SUNSET
FEBRUARY 10 2016......SUNRISE   657 AM CST   SUNSET   527 PM CST
FEBRUARY 11 2016......SUNRISE   656 AM CST   SUNSET   528 PM CST


-  INDICATES NEGATIVE NUMBERS.
R  INDICATES RECORD WAS SET OR TIED.
MM INDICATES DATA IS MISSING.
T  INDICATES TRACE AMOUNT.




$$
