000
CDUS43 KILX 220633
CLIILX


CLIMATE REPORT
NATIONAL WEATHER SERVICE LINCOLN IL
132 AM CDT TUE AUG 22 2017


...................................

...THE LINCOLN IL CLIMATE SUMMARY FOR AUGUST 21 2017...

CLIMATE NORMAL PERIOD 1981 TO 2010
CLIMATE RECORD PERIOD 1905 TO 2017


WEATHER ITEM   OBSERVED TIME   RECORD YEAR NORMAL DEPARTURE LAST
                VALUE   (LST)  VALUE       VALUE  FROM      YEAR
                                                  NORMAL
..................................................................
TEMPERATURE (F)
 YESTERDAY
  MAXIMUM         84        MM 104    1983  84      0       77
  MINIMUM         65        MM  43    1950  62      3       56
  AVERAGE         75                        73      2       67

PRECIPITATION (IN)
  YESTERDAY        0.22          1.77 1964   0.12   0.10     0.00
  MONTH TO DATE    0.98                      2.72  -1.74     4.07
  SINCE JUN 1      7.78                     12.10  -4.32    15.12
  SINCE JAN 1     23.91                     26.22  -2.31    27.07

SNOWFALL (IN)
  YESTERDAY        0.0           0.0    MM   0.0    0.0      0.0
  MONTH TO DATE    0.0                       0.0    0.0      0.0
  SINCE JUN 1      T                         0.0    0.0      0.0
  SINCE JUL 1      T                         0.0    0.0      0.0
  SNOW DEPTH       0

DEGREE DAYS
 HEATING
  YESTERDAY        0                         0      0        0
  MONTH TO DATE    4                         0      4        0
  SINCE JUN 1     11                        19     -8       11
  SINCE JUL 1      4                         2      2        9

 COOLING
  YESTERDAY       10                         8      2        2
  MONTH TO DATE  107                       181    -74      213
  SINCE JUN 1    693                       724    -31      807
  SINCE JAN 1    783                       815    -32      894
..................................................................


WIND (MPH)
  HIGHEST WIND SPEED    MM   HIGHEST WIND DIRECTION    MM
  HIGHEST GUST SPEED    MM   HIGHEST GUST DIRECTION    MM
  AVERAGE WIND SPEED    MM


SKY COVER
  POSSIBLE SUNSHINE  MM


WEATHER CONDITIONS
 THE FOLLOWING WEATHER WAS RECORDED YESTERDAY.
  THUNDERSTORM
  HEAVY RAIN
  RAIN
  LIGHT RAIN
  FOG
  FOG W/VISIBILITY <= 1/4 MILE


..........................................................


THE LINCOLN IL CLIMATE NORMALS FOR TODAY
                         NORMAL    RECORD    YEAR
 MAXIMUM TEMPERATURE (F)   84       103      1936
 MINIMUM TEMPERATURE (F)   62        46      1923


SUNRISE AND SUNSET
AUGUST 22 2017........SUNRISE   616 AM CDT   SUNSET   744 PM CDT
AUGUST 23 2017........SUNRISE   617 AM CDT   SUNSET   742 PM CDT


-  INDICATES NEGATIVE NUMBERS.
R  INDICATES RECORD WAS SET OR TIED.
MM INDICATES DATA IS MISSING.
T  INDICATES TRACE AMOUNT.




$$
