000
CDUS43 KILX 300627
CLIILX


CLIMATE REPORT
NATIONAL WEATHER SERVICE LINCOLN IL
127 AM CDT THU OCT 30 2014


...................................

...THE LINCOLN IL CLIMATE SUMMARY FOR OCTOBER 29 2014...

CLIMATE NORMAL PERIOD 1981 TO 2010
CLIMATE RECORD PERIOD 1905 TO 2014


WEATHER ITEM   OBSERVED TIME   RECORD YEAR NORMAL DEPARTURE LAST
                VALUE   (LST)  VALUE       VALUE  FROM      YEAR
                                                  NORMAL
..................................................................
TEMPERATURE (F)
 YESTERDAY
  MAXIMUM         54        MM  84    1937  60     -6       58
  MINIMUM         30        MM  13    1925  39     -9       36
  AVERAGE         42                        50     -8       47

PRECIPITATION (IN)
  YESTERDAY        0.00          1.68 2009   0.10  -0.10     0.06
  MONTH TO DATE    4.39                      2.88   1.51     1.82
  SINCE SEP 1     12.01                      6.09   5.92     2.75
  SINCE JAN 1     40.66                     33.51   7.15    31.89

SNOWFALL (IN)
  YESTERDAY        0.0           1.2  1913   0.0    0.0      0.0
  MONTH TO DATE    0.0                       0.0    0.0       T
  SINCE SEP 1      0.0                       0.0    0.0       T
  SINCE JUL 1      0.0                       0.0    0.0       T
  SNOW DEPTH       0

DEGREE DAYS
 HEATING
  YESTERDAY       23                        16      7       18
  MONTH TO DATE  312                       328    -16      365
  SINCE SEP 1    425                       414     11      425
  SINCE JUL 1    435                       423     12      447

 COOLING
  YESTERDAY        0                         0      0        0
  MONTH TO DATE    5                        11     -6       39
  SINCE SEP 1     84                       125    -41      176
  SINCE JAN 1    838                      1014   -176      947
..................................................................


WIND (MPH)
  HIGHEST WIND SPEED    MM   HIGHEST WIND DIRECTION    MM
  HIGHEST GUST SPEED    MM   HIGHEST GUST DIRECTION    MM
  AVERAGE WIND SPEED    MM


SKY COVER
  POSSIBLE SUNSHINE  MM


WEATHER CONDITIONS
 THE FOLLOWING WEATHER WAS RECORDED YESTERDAY.
  NO SIGNIFICANT WEATHER WAS OBSERVED.


..........................................................


THE LINCOLN IL CLIMATE NORMALS FOR TODAY
                         NORMAL    RECORD    YEAR
 MAXIMUM TEMPERATURE (F)   60        87      1950
 MINIMUM TEMPERATURE (F)   39         7      1925


SUNRISE AND SUNSET
OCTOBER 30 2014.......SUNRISE   724 AM CDT   SUNSET   557 PM CDT
OCTOBER 31 2014.......SUNRISE   726 AM CDT   SUNSET   556 PM CDT


-  INDICATES NEGATIVE NUMBERS.
R  INDICATES RECORD WAS SET OR TIED.
MM INDICATES DATA IS MISSING.
T  INDICATES TRACE AMOUNT.




$$
