000
CDUS43 KILX 300630
CLIILX


CLIMATE REPORT
NATIONAL WEATHER SERVICE LINCOLN IL
128 AM CDT FRI SEP 30 2016


...................................

...THE LINCOLN IL CLIMATE SUMMARY FOR SEPTEMBER 29 2016...

CLIMATE NORMAL PERIOD 1981 TO 2010
CLIMATE RECORD PERIOD 1905 TO 2016


WEATHER ITEM   OBSERVED TIME   RECORD YEAR NORMAL DEPARTURE LAST
                VALUE   (LST)  VALUE       VALUE  FROM      YEAR
                                                  NORMAL
..................................................................
TEMPERATURE (F)
 YESTERDAY
  MAXIMUM         69        MM 101    1953  73     -4       73
  MINIMUM         53        MM  33    1949  48      5       56
  AVERAGE         61                        60      1       65

PRECIPITATION (IN)
  YESTERDAY        0.16          1.48 1927   0.10   0.06     0.03
  MONTH TO DATE    4.27                      3.11   1.16     4.68
  SINCE SEP 1      4.27                      3.11   1.16     4.68
  SINCE JAN 1     33.71                     30.53   3.18    35.75

SNOWFALL (IN)
  YESTERDAY        0.0           T    2008   0.0    0.0      0.0
  MONTH TO DATE    0.0                       0.0    0.0      0.0
  SINCE SEP 1      0.0                       0.0    0.0      0.0
  SINCE JUL 1      0.0                       0.0    0.0      0.0
  SNOW DEPTH       0

DEGREE DAYS
 HEATING
  YESTERDAY        4                         6     -2        0
  MONTH TO DATE   13                        78    -65       30
  SINCE SEP 1     13                        78    -65       30
  SINCE JUL 1     22                        87    -65       42

 COOLING
  YESTERDAY        0                         2     -2        0
  MONTH TO DATE  194                       114     80      186
  SINCE SEP 1    194                       114     80      186
  SINCE JAN 1   1185                      1003    182      990
..................................................................


WIND (MPH)
  HIGHEST WIND SPEED    MM   HIGHEST WIND DIRECTION    MM
  HIGHEST GUST SPEED    MM   HIGHEST GUST DIRECTION    MM
  AVERAGE WIND SPEED    MM


SKY COVER
  POSSIBLE SUNSHINE  MM


WEATHER CONDITIONS
 THE FOLLOWING WEATHER WAS RECORDED YESTERDAY.
  HEAVY RAIN
  RAIN
  LIGHT RAIN
  FOG


..........................................................


THE LINCOLN IL CLIMATE NORMALS FOR TODAY
                         NORMAL    RECORD    YEAR
 MAXIMUM TEMPERATURE (F)   72        93      1952
 MINIMUM TEMPERATURE (F)   47        27      1912


SUNRISE AND SUNSET
SEPTEMBER 30 2016.....SUNRISE   653 AM CDT   SUNSET   640 PM CDT
OCTOBER  1 2016.......SUNRISE   654 AM CDT   SUNSET   639 PM CDT


-  INDICATES NEGATIVE NUMBERS.
R  INDICATES RECORD WAS SET OR TIED.
MM INDICATES DATA IS MISSING.
T  INDICATES TRACE AMOUNT.




$$
