000
CDUS43 KIND 310533
CLIIND


CLIMATE REPORT
NATIONAL WEATHER SERVICE INDIANAPOLIS IN
133 AM EDT THU JUL 31 2014


...................................

...THE INDIANAPOLIS IN CLIMATE SUMMARY FOR JULY 30 2014...

CLIMATE NORMAL PERIOD 1981 TO 2010
CLIMATE RECORD PERIOD 1871 TO 2014


WEATHER ITEM   OBSERVED TIME   RECORD YEAR NORMAL DEPARTURE LAST
                VALUE   (LST)  VALUE       VALUE  FROM      YEAR
                                                  NORMAL
..................................................................
TEMPERATURE (F)
 YESTERDAY
  MAXIMUM         78    245 PM 103    1940  84     -6       74
  MINIMUM         57    610 AM  51    1965  66     -9       63
  AVERAGE         68                        75     -7       69

PRECIPITATION (IN)
  YESTERDAY        0.02          1.63 1911   0.13  -0.11     0.04
  MONTH TO DATE    3.10                      4.43  -1.33     3.24
  SINCE JUN 1     10.14                      8.68   1.46     6.90
  SINCE JAN 1     27.57                     26.08   1.49    28.73

SNOWFALL (IN)
  YESTERDAY        0.0           0.0    MM   0.0    0.0      0.0
  MONTH TO DATE    0.0                       0.0    0.0      0.0
  SINCE JUN 1      0.0                       0.0    0.0      0.0
  SINCE JUL 1      0.0                       0.0    0.0      0.0
  SNOW DEPTH       0

DEGREE DAYS
 HEATING
  YESTERDAY        0                         0      0        0
  MONTH TO DATE    4                         0      4        3
  SINCE JUN 1      6                        16    -10       12
  SINCE JUL 1      4                         0      4        3

 COOLING
  YESTERDAY        3                        10     -7        4
  MONTH TO DATE  167                       315   -148      279
  SINCE JUN 1    405                       541   -136      505
  SINCE JAN 1    509                       625   -116      634
..................................................................


WIND (MPH)
  HIGHEST WIND SPEED    18   HIGHEST WIND DIRECTION     N (360)
  HIGHEST GUST SPEED    25   HIGHEST GUST DIRECTION     W (280)
  AVERAGE WIND SPEED     7.9


SKY COVER
  AVERAGE SKY COVER 0.5


WEATHER CONDITIONS
 THE FOLLOWING WEATHER WAS RECORDED YESTERDAY.
  THUNDERSTORM
  LIGHT RAIN
  FOG


RELATIVE HUMIDITY (PERCENT)
 HIGHEST    97           200 AM
 LOWEST     54           100 PM
 AVERAGE    76

..........................................................


THE INDIANAPOLIS IN CLIMATE NORMALS FOR TODAY
                         NORMAL    RECORD    YEAR
 MAXIMUM TEMPERATURE (F)   84        98      1913
 MINIMUM TEMPERATURE (F)   66        49      1895


SUNRISE AND SUNSET
JULY 31 2014..........SUNRISE   643 AM EDT   SUNSET   859 PM EDT
AUGUST  1 2014........SUNRISE   644 AM EDT   SUNSET   858 PM EDT


-  INDICATES NEGATIVE NUMBERS.
R  INDICATES RECORD WAS SET OR TIED.
MM INDICATES DATA IS MISSING.
T  INDICATES TRACE AMOUNT.




$$
