000
CDUS43 KIND 290543
CLIIND


CLIMATE REPORT
NATIONAL WEATHER SERVICE INDIANAPOLIS IN
143 AM EDT THU JUN 29 2017


...................................

...THE INDIANAPOLIS IN CLIMATE SUMMARY FOR JUNE 28 2017...

CLIMATE NORMAL PERIOD 1981 TO 2010
CLIMATE RECORD PERIOD 1871 TO 2017


WEATHER ITEM   OBSERVED TIME   RECORD YEAR NORMAL DEPARTURE LAST
                VALUE   (LST)  VALUE       VALUE  FROM      YEAR
                                                  NORMAL
..................................................................
TEMPERATURE (F)
 YESTERDAY
  MAXIMUM         80    454 PM 104    2012  85     -5       79
  MINIMUM         55    536 AM  50    1950  65    -10       59
  AVERAGE         68                        75     -7       69

PRECIPITATION (IN)
  YESTERDAY        0.00          1.65 1982   0.15  -0.15     0.00
  MONTH TO DATE    4.38                      3.97   0.41     4.53
  SINCE JUN 1      4.38                      3.97   0.41     4.53
  SINCE JAN 1     28.66                     21.37   7.29    22.04

SNOWFALL (IN)
  YESTERDAY        0.0           0.0    MM   0.0    0.0      0.0
  MONTH TO DATE    0.0                       0.0    0.0      0.0
  SINCE JUN 1      0.0                       0.0    0.0      0.0
  SINCE JUL 1      9.7                      25.9  -16.2     13.3
  SNOW DEPTH       0

DEGREE DAYS
 HEATING
  YESTERDAY        0                         0      0        0
  MONTH TO DATE    3                        13    -10        1
  SINCE JUN 1      3                        13    -10        1
  SINCE JUL 1   4275                      5375  -1100     4445

 COOLING
  YESTERDAY        3                        10     -7        4
  MONTH TO DATE  196                       207    -11      288
  SINCE JUN 1    196                       207    -11      288
  SINCE JAN 1    302                       291     11      389
..................................................................


WIND (MPH)
  HIGHEST WIND SPEED    22   HIGHEST WIND DIRECTION     S (190)
  HIGHEST GUST SPEED    26   HIGHEST GUST DIRECTION     S (190)
  AVERAGE WIND SPEED    11.7


SKY COVER
  AVERAGE SKY COVER 0.6


WEATHER CONDITIONS
 THE FOLLOWING WEATHER WAS RECORDED YESTERDAY.
  NO SIGNIFICANT WEATHER WAS OBSERVED.


RELATIVE HUMIDITY (PERCENT)
 HIGHEST    77           400 AM
 LOWEST     42           500 PM
 AVERAGE    60

..........................................................


THE INDIANAPOLIS IN CLIMATE NORMALS FOR TODAY
                         NORMAL    RECORD    YEAR
 MAXIMUM TEMPERATURE (F)   85       103      2012
 MINIMUM TEMPERATURE (F)   65        48      1923


SUNRISE AND SUNSET
JUNE 29 2017..........SUNRISE   620 AM EDT   SUNSET   917 PM EDT
JUNE 30 2017..........SUNRISE   621 AM EDT   SUNSET   917 PM EDT


-  INDICATES NEGATIVE NUMBERS.
R  INDICATES RECORD WAS SET OR TIED.
MM INDICATES DATA IS MISSING.
T  INDICATES TRACE AMOUNT.




$$
