000
CDUS43 KIND 010531
CLIIND


CLIMATE REPORT
NATIONAL WEATHER SERVICE INDIANAPOLIS IN
130 AM EDT SAT AUG 1 2015


...................................

...THE INDIANAPOLIS IN CLIMATE SUMMARY FOR JULY 31 2015...

CLIMATE NORMAL PERIOD 1981 TO 2010
CLIMATE RECORD PERIOD 1871 TO 2015


WEATHER ITEM   OBSERVED TIME   RECORD YEAR NORMAL DEPARTURE LAST
                VALUE   (LST)  VALUE       VALUE  FROM      YEAR
                                                  NORMAL
..................................................................
TEMPERATURE (F)
 YESTERDAY
  MAXIMUM         88        MM  98    1913  84      4       80
  MINIMUM         66        MM  49    1895  66      0       59
  AVERAGE         77                        75      2       70

PRECIPITATION (IN)
  YESTERDAY        0.00          2.84 1958   0.12  -0.12     0.00
  MONTH TO DATE   13.14                      4.55   8.59     3.10
  SINCE JUN 1     21.50                      8.80  12.70    10.14
  SINCE JAN 1     34.63                     26.20   8.43    27.57

SNOWFALL (IN)
  YESTERDAY        0.0           0.0    MM   0.0    0.0      0.0
  MONTH TO DATE    0.0                       0.0    0.0      0.0
  SINCE JUN 1      T                         0.0    0.0      0.0
  SINCE JUL 1      0.0                       0.0    0.0      0.0
  SNOW DEPTH       0

DEGREE DAYS
 HEATING
  YESTERDAY        0                         0      0        0
  MONTH TO DATE    0                         0      0        4
  SINCE JUN 1     16                        17     -1        6
  SINCE JUL 1      0                         1     -1        4

 COOLING
  YESTERDAY       12                        10      2        5
  MONTH TO DATE  304                       323    -19      172
  SINCE JUN 1    555                       549      6      410
  SINCE JAN 1    703                       633     70      514
..................................................................


WIND (MPH)
  HIGHEST WIND SPEED    21   HIGHEST WIND DIRECTION     W (260)
  HIGHEST GUST SPEED    32   HIGHEST GUST DIRECTION     W (280)
  AVERAGE WIND SPEED    10.1


SKY COVER
  AVERAGE SKY COVER 0.0


WEATHER CONDITIONS
 THE FOLLOWING WEATHER WAS RECORDED YESTERDAY.
  NO SIGNIFICANT WEATHER WAS OBSERVED.


RELATIVE HUMIDITY (PERCENT)
 HIGHEST     0          1200 AM
 LOWEST      0          1200 AM
 AVERAGE     0

..........................................................


THE INDIANAPOLIS IN CLIMATE NORMALS FOR TODAY
                         NORMAL    RECORD    YEAR
 MAXIMUM TEMPERATURE (F)   84        97      1887
 MINIMUM TEMPERATURE (F)   65        53      1992
                                             1971
                                             1895


SUNRISE AND SUNSET
AUGUST  1 2015........SUNRISE   644 AM EDT   SUNSET   858 PM EDT
AUGUST  2 2015........SUNRISE   645 AM EDT   SUNSET   857 PM EDT


-  INDICATES NEGATIVE NUMBERS.
R  INDICATES RECORD WAS SET OR TIED.
MM INDICATES DATA IS MISSING.
T  INDICATES TRACE AMOUNT.




$$
