000
CDUS43 KIND 260536
CLIIND


CLIMATE REPORT
NATIONAL WEATHER SERVICE INDIANAPOLIS IN
135 AM EDT SUN MAR 26 2017


...................................

...THE INDIANAPOLIS IN CLIMATE SUMMARY FOR MARCH 25 2017...

CLIMATE NORMAL PERIOD 1981 TO 2010
CLIMATE RECORD PERIOD 1871 TO 2017


WEATHER ITEM   OBSERVED TIME   RECORD YEAR NORMAL DEPARTURE LAST
                VALUE   (LST)  VALUE       VALUE  FROM      YEAR
                                                  NORMAL
..................................................................
TEMPERATURE (F)
 YESTERDAY
  MAXIMUM         75    155 PM  81    2007  56     19       50
  MINIMUM         58   1159 PM   5    1974  36     22       33
  AVERAGE         67                        46     21       42

PRECIPITATION (IN)
  YESTERDAY        0.59          4.70 1904   0.13   0.46      T
  MONTH TO DATE    2.73                      2.80  -0.07     2.85
  SINCE MAR 1      2.73                      2.80  -0.07     2.85
  SINCE JAN 1      8.18                      7.78   0.40     6.56

SNOWFALL (IN)
  YESTERDAY        0.0           3.1  1955   0.1   -0.1      0.0
  MONTH TO DATE    1.0                       2.4   -1.4      1.2
  SINCE MAR 1      1.0                       2.4   -1.4      1.2
  SINCE JUL 1      9.7                      25.5  -15.8     13.3
  SNOW DEPTH       0

DEGREE DAYS
 HEATING
  YESTERDAY        0                        19    -19       23
  MONTH TO DATE  590                       597     -7      405
  SINCE MAR 1    590                       597     -7      405
  SINCE JUL 1   3874                      4740   -866     3858

 COOLING
  YESTERDAY        2                         0      2        0
  MONTH TO DATE    2                         0      2        0
  SINCE MAR 1      2                         0      2        0
  SINCE JAN 1      2                         0      2        0
..................................................................


WIND (MPH)
  HIGHEST WIND SPEED    23   HIGHEST WIND DIRECTION     S (190)
  HIGHEST GUST SPEED    35   HIGHEST GUST DIRECTION     S (190)
  AVERAGE WIND SPEED    10.5


SKY COVER
  AVERAGE SKY COVER 0.9


WEATHER CONDITIONS
 THE FOLLOWING WEATHER WAS RECORDED YESTERDAY.
  THUNDERSTORM
  HEAVY RAIN
  RAIN
  LIGHT RAIN
  FOG


RELATIVE HUMIDITY (PERCENT)
 HIGHEST    93           900 PM
 LOWEST     46           200 PM
 AVERAGE    70

..........................................................


THE INDIANAPOLIS IN CLIMATE NORMALS FOR TODAY
                         NORMAL    RECORD    YEAR
 MAXIMUM TEMPERATURE (F)   56        80      1907
 MINIMUM TEMPERATURE (F)   36         8      1955


SUNRISE AND SUNSET
MARCH 26 2017.........SUNRISE   739 AM EDT   SUNSET   804 PM EDT
MARCH 27 2017.........SUNRISE   737 AM EDT   SUNSET   805 PM EDT


-  INDICATES NEGATIVE NUMBERS.
R  INDICATES RECORD WAS SET OR TIED.
MM INDICATES DATA IS MISSING.
T  INDICATES TRACE AMOUNT.




$$
