000
CDUS43 KIND 080534
CLIIND


CLIMATE REPORT
NATIONAL WEATHER SERVICE INDIANAPOLIS IN
1232 AM EST THU DEC 8 2016


...................................

...THE INDIANAPOLIS IN CLIMATE SUMMARY FOR DECEMBER 7 2016...

CLIMATE NORMAL PERIOD 1981 TO 2010
CLIMATE RECORD PERIOD 1871 TO 2016


WEATHER ITEM   OBSERVED TIME   RECORD YEAR NORMAL DEPARTURE LAST
                VALUE   (LST)  VALUE       VALUE  FROM      YEAR
                                                  NORMAL
..................................................................
TEMPERATURE (F)
 YESTERDAY
  MAXIMUM         37    230 PM  65    1951  41     -4       43
  MINIMUM         24    806 AM  -7    1882  27     -3       39
  AVERAGE         31                        34     -3       41

PRECIPITATION (IN)
  YESTERDAY        0.00          1.15 1922   0.10  -0.10     0.05
  MONTH TO DATE    0.41                      0.72  -0.31     0.24
  SINCE DEC 1      0.41                      0.72  -0.31     0.24
  SINCE JAN 1     44.83                     39.99   4.84    42.80

SNOWFALL (IN)
  YESTERDAY        0.0           2.1  1950   0.2   -0.2      0.0
  MONTH TO DATE    0.0                       1.0   -1.0      0.6
  SINCE DEC 1      0.0                       1.0   -1.0      0.6
  SINCE JUL 1      T                         2.1   -2.1      1.9
  SNOW DEPTH       0

DEGREE DAYS
 HEATING
  YESTERDAY       34                        31      3       24
  MONTH TO DATE  199                       208     -9      202
  SINCE DEC 1    199                       208     -9      202
  SINCE JUL 1    892                      1250   -358      989

 COOLING
  YESTERDAY        0                         0      0        0
  MONTH TO DATE    0                         0      0        0
  SINCE DEC 1      0                         0      0        0
  SINCE JAN 1   1443                      1066    377     1164
..................................................................


WIND (MPH)
  HIGHEST WIND SPEED    16   HIGHEST WIND DIRECTION     W (270)
  HIGHEST GUST SPEED    20   HIGHEST GUST DIRECTION     W (260)
  AVERAGE WIND SPEED     9.5


SKY COVER
  AVERAGE SKY COVER 0.5


WEATHER CONDITIONS
 THE FOLLOWING WEATHER WAS RECORDED YESTERDAY.
  NO SIGNIFICANT WEATHER WAS OBSERVED.


RELATIVE HUMIDITY (PERCENT)
 HIGHEST    88           800 AM
 LOWEST     52           500 PM
 AVERAGE    70

..........................................................


THE INDIANAPOLIS IN CLIMATE NORMALS FOR TODAY
                         NORMAL    RECORD    YEAR
 MAXIMUM TEMPERATURE (F)   41        66      1966
 MINIMUM TEMPERATURE (F)   26       -10      1882


SUNRISE AND SUNSET
DECEMBER  8 2016......SUNRISE   754 AM EST   SUNSET   521 PM EST
DECEMBER  9 2016......SUNRISE   755 AM EST   SUNSET   521 PM EST


-  INDICATES NEGATIVE NUMBERS.
R  INDICATES RECORD WAS SET OR TIED.
MM INDICATES DATA IS MISSING.
T  INDICATES TRACE AMOUNT.




$$
