000
CDUS43 KIND 020534
CLIIND


CLIMATE REPORT
NATIONAL WEATHER SERVICE INDIANAPOLIS IN
132 AM EDT THU OCT 2 2014


...................................

...THE INDIANAPOLIS IN CLIMATE SUMMARY FOR OCTOBER 1 2014...

CLIMATE NORMAL PERIOD 1981 TO 2010
CLIMATE RECORD PERIOD 1871 TO 2014


WEATHER ITEM   OBSERVED TIME   RECORD YEAR NORMAL DEPARTURE LAST
                VALUE   (LST)  VALUE       VALUE  FROM      YEAR
                                                  NORMAL
..................................................................
TEMPERATURE (F)
 YESTERDAY
  MAXIMUM         76    521 PM  89    1897  71      5       77
  MINIMUM         49    652 AM  32    1946  50     -1       61
                                      1895
  AVERAGE         63                        60      3       69

PRECIPITATION (IN)
  YESTERDAY        0.00          2.74 1986   0.10  -0.10     0.00
  MONTH TO DATE    0.00                      0.10  -0.10     0.00
  SINCE SEP 1      2.53                      3.22  -0.69     2.86
  SINCE JAN 1     33.05                     32.55   0.50    32.79

SNOWFALL (IN)
  YESTERDAY        0.0           0.0    MM   0.0    0.0      0.0
  MONTH TO DATE    0.0                       0.0    0.0      0.0
  SINCE SEP 1      0.0                       0.0    0.0      0.0
  SINCE JUL 1      0.0                       0.0    0.0      0.0
  SNOW DEPTH       0

DEGREE DAYS
 HEATING
  YESTERDAY        2                         6     -4        0
  MONTH TO DATE    2                         6     -4        0
  SINCE SEP 1     75                        77     -2       26
  SINCE JUL 1     81                        81      0       34

 COOLING
  YESTERDAY        0                         2     -2        4
  MONTH TO DATE    0                         2     -2        4
  SINCE SEP 1     94                       130    -36      174
  SINCE JAN 1    891                      1051   -160     1133
..................................................................


WIND (MPH)
  HIGHEST WIND SPEED    12   HIGHEST WIND DIRECTION    SE (120)
  HIGHEST GUST SPEED    15   HIGHEST GUST DIRECTION     E (110)
  AVERAGE WIND SPEED     6.9


SKY COVER
  AVERAGE SKY COVER 0.3


WEATHER CONDITIONS
 THE FOLLOWING WEATHER WAS RECORDED YESTERDAY.
  NO SIGNIFICANT WEATHER WAS OBSERVED.


RELATIVE HUMIDITY (PERCENT)
 HIGHEST    83           200 AM
 LOWEST     50           400 PM
 AVERAGE    67

..........................................................


THE INDIANAPOLIS IN CLIMATE NORMALS FOR TODAY
                         NORMAL    RECORD    YEAR
 MAXIMUM TEMPERATURE (F)   71        89      1953
 MINIMUM TEMPERATURE (F)   49        29      1974


SUNRISE AND SUNSET
OCTOBER  2 2014.......SUNRISE   742 AM EDT   SUNSET   726 PM EDT
OCTOBER  3 2014.......SUNRISE   743 AM EDT   SUNSET   724 PM EDT


-  INDICATES NEGATIVE NUMBERS.
R  INDICATES RECORD WAS SET OR TIED.
MM INDICATES DATA IS MISSING.
T  INDICATES TRACE AMOUNT.




$$
