000
CDUS43 KIND 190533
CLIIND


CLIMATE REPORT
NATIONAL WEATHER SERVICE INDIANAPOLIS IN
132 AM EDT SAT AUG 19 2017


...................................

...THE INDIANAPOLIS IN CLIMATE SUMMARY FOR AUGUST 18 2017...

CLIMATE NORMAL PERIOD 1981 TO 2010
CLIMATE RECORD PERIOD 1871 TO 2017


WEATHER ITEM   OBSERVED TIME   RECORD YEAR NORMAL DEPARTURE LAST
                VALUE   (LST)  VALUE       VALUE  FROM      YEAR
                                                  NORMAL
..................................................................
TEMPERATURE (F)
 YESTERDAY
  MAXIMUM         85    411 PM  98    1936  84      1       86
  MINIMUM         66    631 AM  48    1963  65      1       69
  AVERAGE         76                        74      2       78

PRECIPITATION (IN)
  YESTERDAY        0.00          1.61 1939   0.11  -0.11     0.00
  MONTH TO DATE    0.17                      1.82  -1.65     3.62
  SINCE JUN 1     12.88                     10.62   2.26    13.81
  SINCE JAN 1     37.16                     28.02   9.14    31.32

SNOWFALL (IN)
  YESTERDAY        0.0           0.0    MM   0.0    0.0      0.0
  MONTH TO DATE    0.0                       0.0    0.0      0.0
  SINCE JUN 1      0.0                       0.0    0.0      0.0
  SINCE JUL 1      0.0                       0.0    0.0      0.0
  SNOW DEPTH       0

DEGREE DAYS
 HEATING
  YESTERDAY        0                         0      0        0
  MONTH TO DATE    0                         0      0        0
  SINCE JUN 1      3                        17    -14        3
  SINCE JUL 1      0                         1     -1        2

 COOLING
  YESTERDAY       11                         9      2       13
  MONTH TO DATE  155                       178    -23      253
  SINCE JUN 1    732                       727      5      916
  SINCE JAN 1    838                       811     27     1017
..................................................................


WIND (MPH)
  HIGHEST WIND SPEED    22   HIGHEST WIND DIRECTION     W (270)
  HIGHEST GUST SPEED    27   HIGHEST GUST DIRECTION     W (280)
  AVERAGE WIND SPEED    10.2


SKY COVER
  AVERAGE SKY COVER 0.4


WEATHER CONDITIONS
 THE FOLLOWING WEATHER WAS RECORDED YESTERDAY.
  NO SIGNIFICANT WEATHER WAS OBSERVED.


RELATIVE HUMIDITY (PERCENT)
 HIGHEST    97           100 AM
 LOWEST     44           400 PM
 AVERAGE    71

..........................................................


THE INDIANAPOLIS IN CLIMATE NORMALS FOR TODAY
                         NORMAL    RECORD    YEAR
 MAXIMUM TEMPERATURE (F)   84       100      1936
 MINIMUM TEMPERATURE (F)   64        50      1896


SUNRISE AND SUNSET
AUGUST 19 2017........SUNRISE   701 AM EDT   SUNSET   835 PM EDT
AUGUST 20 2017........SUNRISE   702 AM EDT   SUNSET   834 PM EDT


-  INDICATES NEGATIVE NUMBERS.
R  INDICATES RECORD WAS SET OR TIED.
MM INDICATES DATA IS MISSING.
T  INDICATES TRACE AMOUNT.




$$
