000
CDUS43 KIND 300534
CLIIND


CLIMATE REPORT
NATIONAL WEATHER SERVICE INDIANAPOLIS IN
133 AM EDT SAT MAY 30 2015


...................................

...THE INDIANAPOLIS IN CLIMATE SUMMARY FOR MAY 29 2015...

CLIMATE NORMAL PERIOD 1981 TO 2010
CLIMATE RECORD PERIOD 1871 TO 2015


WEATHER ITEM   OBSERVED TIME   RECORD YEAR NORMAL DEPARTURE LAST
                VALUE   (LST)  VALUE       VALUE  FROM      YEAR
                                                  NORMAL
..................................................................
TEMPERATURE (F)
 YESTERDAY
  MAXIMUM         84    452 PM  93    1895  77      7       81
  MINIMUM         65    558 AM  36    1965  57      8       65
  AVERAGE         75                        67      8       73

PRECIPITATION (IN)
  YESTERDAY        T             2.19 1880   0.16  -0.16     0.02
  MONTH TO DATE    1.09                      4.74  -3.65     4.87
  SINCE MAR 1      8.62                     12.11  -3.49    12.64
  SINCE JAN 1     11.77                     17.09  -5.32    17.43

SNOWFALL (IN)
  YESTERDAY        0.0           0.0    MM   0.0    0.0      0.0
  MONTH TO DATE    0.0                       0.0    0.0       T
  SINCE MAR 1      5.9                       2.8    3.1      3.4
  SINCE JUL 1     25.6                      25.9   -0.3     55.7
  SNOW DEPTH       0

DEGREE DAYS
 HEATING
  YESTERDAY        0                         2     -2        0
  MONTH TO DATE   75                       137    -62      153
  SINCE MAR 1   1178                      1216    -38     1409
  SINCE JUL 1   5904                      5359    545     6206

 COOLING
  YESTERDAY       10                         4      6        8
  MONTH TO DATE  132                        61     71       82
  SINCE MAR 1    138                        76     62       86
  SINCE JAN 1    138                        76     62       86
..................................................................


WIND (MPH)
  HIGHEST WIND SPEED    21   HIGHEST WIND DIRECTION     S (200)
  HIGHEST GUST SPEED    25   HIGHEST GUST DIRECTION     S (190)
  AVERAGE WIND SPEED    10.7


SKY COVER
  AVERAGE SKY COVER 0.5


WEATHER CONDITIONS
 THE FOLLOWING WEATHER WAS RECORDED YESTERDAY.
  LIGHT RAIN
  FOG


RELATIVE HUMIDITY (PERCENT)
 HIGHEST    93           500 AM
 LOWEST     51           300 PM
 AVERAGE    72

..........................................................


THE INDIANAPOLIS IN CLIMATE NORMALS FOR TODAY
                         NORMAL    RECORD    YEAR
 MAXIMUM TEMPERATURE (F)   77        94      1895
 MINIMUM TEMPERATURE (F)   57        37      1947
                                             1889


SUNRISE AND SUNSET
MAY 30 2015...........SUNRISE   620 AM EDT   SUNSET   905 PM EDT
MAY 31 2015...........SUNRISE   620 AM EDT   SUNSET   906 PM EDT


-  INDICATES NEGATIVE NUMBERS.
R  INDICATES RECORD WAS SET OR TIED.
MM INDICATES DATA IS MISSING.
T  INDICATES TRACE AMOUNT.




$$
