000
CDUS43 KIND 172333
CLIIND


CLIMATE REPORT
NATIONAL WEATHER SERVICE INDIANAPOLIS IN
733 PM EDT WED SEP 17 2014


...................................

...THE INDIANAPOLIS IN CLIMATE SUMMARY FOR SEPTEMBER 17 2014...
VALID AS OF 0700 PM LOCAL TIME.

CLIMATE NORMAL PERIOD 1981 TO 2010
CLIMATE RECORD PERIOD 1871 TO 2014


WEATHER ITEM   OBSERVED TIME   RECORD YEAR NORMAL DEPARTURE LAST
                VALUE   (LST)  VALUE       VALUE  FROM      YEAR
                                                  NORMAL
..................................................................
TEMPERATURE (F)
 TODAY
  MAXIMUM         67    449 PM  93    1955  77    -10       76
                                      1927
  MINIMUM         45    516 AM  40    1984  56    -11       53
  AVERAGE         56                        66    -10       65

PRECIPITATION (IN)
  TODAY            0.00          1.07 1969   0.10  -0.10     0.00
  MONTH TO DATE    2.47                      1.75   0.72     0.28
  SINCE SEP 1      2.47                      1.75   0.72     0.28
  SINCE JAN 1     32.99                     31.08   1.91    30.21

SNOWFALL (IN)
  TODAY            0.0           0.0    MM   0.0    0.0      0.0
  MONTH TO DATE    0.0                       0.0    0.0      0.0
  SINCE SEP 1      0.0                       0.0    0.0      0.0
  SINCE JUL 1      0.0                       0.0    0.0      0.0
  SNOW DEPTH       0

..................................................................


WIND (MPH)
  HIGHEST WIND SPEED     9   HIGHEST WIND DIRECTION    SE (120)
  HIGHEST GUST SPEED    12   HIGHEST GUST DIRECTION    SE (130)
  AVERAGE WIND SPEED     3.0


SKY COVER
  AVERAGE SKY COVER 0.5


WEATHER CONDITIONS
 THE FOLLOWING WEATHER WAS RECORDED TODAY.
  FOG
  HAZE


RELATIVE HUMIDITY (PERCENT)
 HIGHEST   100           300 AM
 LOWEST     56          1200 PM

..........................................................


THE INDIANAPOLIS IN CLIMATE NORMALS FOR TOMORROW
                         NORMAL    RECORD    YEAR
 MAXIMUM TEMPERATURE (F)   77        95      1953
 MINIMUM TEMPERATURE (F)   55        39      1959
                                             1901


SUNRISE AND SUNSET
SEPTEMBER 17 2014.....SUNRISE   728 AM EDT   SUNSET   750 PM EDT
SEPTEMBER 18 2014.....SUNRISE   729 AM EDT   SUNSET   749 PM EDT


-  INDICATES NEGATIVE NUMBERS.
R  INDICATES RECORD WAS SET OR TIED.
MM INDICATES DATA IS MISSING.
T  INDICATES TRACE AMOUNT.




$$
