000
CDUS43 KDLH 300629
CLIINL


CLIMATE REPORT
NATIONAL WEATHER SERVICE DULUTH MN
128 AM CDT SUN APR 30 2017


...................................

...THE INTERNATIONAL FALLS MN CLIMATE SUMMARY FOR APRIL 29 2017...

CLIMATE NORMAL PERIOD 1981 TO 2010
CLIMATE RECORD PERIOD 1895 TO 2017


WEATHER ITEM   OBSERVED TIME   RECORD YEAR NORMAL DEPARTURE LAST
                VALUE   (LST)  VALUE       VALUE  FROM      YEAR
                                                  NORMAL
..................................................................
TEMPERATURE (F)
 YESTERDAY
  MAXIMUM         55    440 PM  89    1952  59     -4       57
  MINIMUM         20    501 AM  10    1958  33    -13       31
  AVERAGE         38                        46     -8       44

PRECIPITATION (IN)
  YESTERDAY        0.00          1.00 1940   0.07  -0.07     0.00
                                      1925
  MONTH TO DATE    1.58                      1.46   0.12     2.11
  SINCE MAR 1      2.26                      2.41  -0.15     4.82
  SINCE JAN 1      5.01                      3.60   1.41     6.19

SNOWFALL (IN)
  YESTERDAY        0.0           3.1  1990   0.1   -0.1      0.0
  MONTH TO DATE    2.6                       6.3   -3.7      4.9
  SINCE MAR 1      7.1                      13.9   -6.8     14.2
  SINCE JUL 1     70.4                      70.7   -0.3     47.7
  SNOW DEPTH       T

DEGREE DAYS
 HEATING
  YESTERDAY       27                        19      8       21
  MONTH TO DATE  726                       752    -26      803
  SINCE MAR 1   1983                      2035    -52     1906
  SINCE JUL 1   8457                      9618  -1161     8438

 COOLING
  YESTERDAY        0                         0      0        0
  MONTH TO DATE    0                         0      0        0
  SINCE MAR 1      0                         0      0        0
  SINCE JAN 1      0                         0      0        0
..................................................................


WIND (MPH)
  HIGHEST WIND SPEED    13   HIGHEST WIND DIRECTION     E (110)
  HIGHEST GUST SPEED    15   HIGHEST GUST DIRECTION     E (110)
  AVERAGE WIND SPEED     3.5


SKY COVER
  AVERAGE SKY COVER 0.0


WEATHER CONDITIONS
 THE FOLLOWING WEATHER WAS RECORDED YESTERDAY.
  NO SIGNIFICANT WEATHER WAS OBSERVED.


RELATIVE HUMIDITY (PERCENT)
 HIGHEST    92           300 AM
 LOWEST     22           200 PM
 AVERAGE    57

..........................................................


THE INTERNATIONAL FALLS MN CLIMATE NORMALS FOR TODAY
                         NORMAL    RECORD    YEAR
 MAXIMUM TEMPERATURE (F)   59        90      1952
 MINIMUM TEMPERATURE (F)   33        19      2003
                                             1990


SUNRISE AND SUNSET
APRIL 30 2017.........SUNRISE   555 AM CDT   SUNSET   827 PM CDT
MAY  1 2017...........SUNRISE   553 AM CDT   SUNSET   829 PM CDT


-  INDICATES NEGATIVE NUMBERS.
R  INDICATES RECORD WAS SET OR TIED.
MM INDICATES DATA IS MISSING.
T  INDICATES TRACE AMOUNT.




$$
