000
CDUS43 KDLH 282223
CLIINL


CLIMATE REPORT
NATIONAL WEATHER SERVICE DULUTH MN
521 PM CDT SAT MAR 28 2015


...................................

...THE INTERNATIONAL FALLS MN CLIMATE SUMMARY FOR MARCH 28 2015...
VALID TODAY AS OF 0500 PM LOCAL TIME.

CLIMATE NORMAL PERIOD 1981 TO 2010
CLIMATE RECORD PERIOD 1895 TO 2015


WEATHER ITEM   OBSERVED TIME   RECORD YEAR NORMAL DEPARTURE LAST
                VALUE   (LST)  VALUE       VALUE  FROM      YEAR
                                                  NORMAL
..................................................................
TEMPERATURE (F)
 TODAY
  MAXIMUM         45    421 PM  61    1998  41      4       28
  MINIMUM         10    508 AM -11    1970  19     -9       -1
  AVERAGE         28                        30     -2       14

PRECIPITATION (IN)
  TODAY            0.00                      0.03  -0.03     0.00
  MONTH TO DATE    0.32                      0.83  -0.51     1.25
  SINCE MAR 1      0.32                      0.83  -0.51     1.25
  SINCE JAN 1      2.34                      2.02   0.32     3.00

SNOWFALL (IN)
  TODAY            0.0                       0.3   -0.3      0.0
  MONTH TO DATE    3.2                       7.0   -3.8     15.5
  SINCE JUL 1     59.9                      63.8   -3.9     91.9
  SNOW DEPTH       T

DEGREE DAYS
 HEATING
  TODAY           37                        35      2       51
  MONTH TO DATE 1091                      1177    -86     1497
  SINCE MAR 1   1091                      1177    -86     1497
  SINCE JUL 1   8845                      8760     85     9928

 COOLING
  TODAY            0                         0      0        0
  MONTH TO DATE    0                         0      0        0
  SINCE MAR 1      0                         0      0        0
  SINCE JAN 1      0                         0      0        0
..................................................................


WIND (MPH)
  HIGHEST WIND SPEED    21   HIGHEST WIND DIRECTION    SW (210)
  HIGHEST GUST SPEED    27   HIGHEST GUST DIRECTION    SW (210)


SKY COVER
  AVERAGE SKY COVER 0.0


WEATHER CONDITIONS
 THE FOLLOWING WEATHER WAS RECORDED TODAY.
  NO SIGNIFICANT WEATHER WAS OBSERVED.


RELATIVE HUMIDITY (PERCENT)
 HIGHEST    92           100 AM
 LOWEST     24           100 PM
 AVERAGE    58

..........................................................


THE INTERNATIONAL FALLS MN CLIMATE NORMALS FOR TOMORROW
                         NORMAL    RECORD    YEAR
 MAXIMUM TEMPERATURE (F)   42        65      1986
 MINIMUM TEMPERATURE (F)   19       -11      1969


SUNRISE AND SUNSET
MARCH 28 2015.........SUNRISE   700 AM CDT   SUNSET   738 PM CDT
MARCH 29 2015.........SUNRISE   658 AM CDT   SUNSET   740 PM CDT


-  INDICATES NEGATIVE NUMBERS.
R  INDICATES RECORD WAS SET OR TIED.
MM INDICATES DATA IS MISSING.
T  INDICATES TRACE AMOUNT.




$$
