000
CDUS45 KFGZ 200809
CLIINW
CLIMATE REPORT
NATIONAL WEATHER SERVICE FLAGSTAFF, AZ
1253 AM MST SAT JAN 20 2018


...................................

...THE WINSLOW AZ AIRPORT CLIMATE SUMMARY FOR JANUARY 19 2018...

CLIMATE NORMAL PERIOD 1981 TO 2010
CLIMATE RECORD PERIOD 1915 TO 2018


WEATHER ITEM   OBSERVED TIME   RECORD YEAR NORMAL DEPARTURE LAST
                VALUE   (LST)  VALUE       VALUE  FROM      YEAR
                                                  NORMAL
..................................................................
TEMPERATURE (F)
 YESTERDAY
  MAXIMUM         70R   259 PM  70    2012  50     20       50
  MINIMUM         26    356 AM  -6    1968  21      5       31
  AVERAGE         48                        35     13       41

PRECIPITATION (IN)
  YESTERDAY        0.00          0.51 2010   0.02  -0.02      T
  MONTH TO DATE    0.01                      0.33  -0.32     0.63
  SINCE SEP 1      0.24                      2.81  -2.57     3.71
  SINCE JAN 1      0.01                      0.33  -0.32     0.63

DEGREE DAYS
 HEATING
  YESTERDAY       17                        30    -13       24
  MONTH TO DATE  482                       581    -99      421
  SINCE JUL 1   1999                      2459   -460     1920

 COOLING
  YESTERDAY        0                         0      0        0
  MONTH TO DATE    0                         0      0        0
  SINCE JAN 1      0                         0      0        0
..................................................................


WIND (MPH)
  HIGHEST WIND SPEED    23   HIGHEST WIND DIRECTION    SW (240)
  HIGHEST GUST SPEED    29   HIGHEST GUST DIRECTION    SW (240)
  AVERAGE WIND SPEED     8.9


SKY COVER
  POSSIBLE SUNSHINE  MM
  AVERAGE SKY COVER 0.0


WEATHER CONDITIONS
 THE FOLLOWING WEATHER WAS RECORDED YESTERDAY.
  NO SIGNIFICANT WEATHER WAS OBSERVED.


RELATIVE HUMIDITY (PERCENT)
 HIGHEST    58           800 AM
 LOWEST     12           200 PM
 AVERAGE    35

..........................................................


THE WINSLOW AZ AIRPORT CLIMATE NORMALS FOR TODAY
                         NORMAL    RECORD    YEAR
 MAXIMUM TEMPERATURE (F)   50        75      1971
 MINIMUM TEMPERATURE (F)   21        -8      1968


SUNRISE AND SUNSET
JANUARY 20 2018.......SUNRISE   729 AM MST   SUNSET   540 PM MST
JANUARY 21 2018.......SUNRISE   728 AM MST   SUNSET   541 PM MST


-  INDICATES NEGATIVE NUMBERS.
R  INDICATES RECORD WAS SET OR TIED.
MM INDICATES DATA IS MISSING.
T  INDICATES TRACE AMOUNT.




$$
