000
CDUS45 KFGZ 180755
CLIINW
CLIMATE REPORT
NATIONAL WEATHER SERVICE FLAGSTAFF, AZ
1253 AM MST SAT NOV 18 2017


...................................

...THE WINSLOW AZ AIRPORT CLIMATE SUMMARY FOR NOVEMBER 17 2017...

CLIMATE NORMAL PERIOD 1981 TO 2010
CLIMATE RECORD PERIOD 1915 TO 2017


WEATHER ITEM   OBSERVED TIME   RECORD YEAR NORMAL DEPARTURE LAST
                VALUE   (LST)  VALUE       VALUE  FROM      YEAR
                                                  NORMAL
..................................................................
TEMPERATURE (F)
 YESTERDAY
  MAXIMUM         68   1241 PM  76    1981  59      9       57
  MINIMUM         40    308 AM  10    1980  27     13       25
  AVERAGE         54                        43     11       41

PRECIPITATION (IN)
  YESTERDAY        0.00          0.32 1944   0.01  -0.01     0.00
  MONTH TO DATE    0.00                      0.29  -0.29     0.86
  SINCE SEP 1      0.22                      1.70  -1.48     1.84
  SINCE JAN 1      4.25                      6.23  -1.98     5.46

DEGREE DAYS
 HEATING
  YESTERDAY       11                        22    -11       24
  MONTH TO DATE  171                       310   -139      222
  SINCE JUL 1    449                       616   -167      361

 COOLING
  YESTERDAY        0                         0      0        0
  MONTH TO DATE    0                         0      0        0
  SINCE JAN 1   1443                      1208    235     1278
..................................................................


WIND (MPH)
  HIGHEST WIND SPEED    38   HIGHEST WIND DIRECTION    SW (230)
  HIGHEST GUST SPEED    49   HIGHEST GUST DIRECTION    SW (240)
  AVERAGE WIND SPEED    14.8


SKY COVER
  POSSIBLE SUNSHINE  MM
  AVERAGE SKY COVER 0.1


WEATHER CONDITIONS
 THE FOLLOWING WEATHER WAS RECORDED YESTERDAY.
  HAZE


RELATIVE HUMIDITY (PERCENT)
 HIGHEST    61          1100 PM
 LOWEST     32           100 PM
 AVERAGE    47

..........................................................


THE WINSLOW AZ AIRPORT CLIMATE NORMALS FOR TODAY
                         NORMAL    RECORD    YEAR
 MAXIMUM TEMPERATURE (F)   59        74      1942
 MINIMUM TEMPERATURE (F)   27        10      2014
                                             1980


SUNRISE AND SUNSET
NOVEMBER 18 2017......SUNRISE   701 AM MST   SUNSET   515 PM MST
NOVEMBER 19 2017......SUNRISE   702 AM MST   SUNSET   515 PM MST


-  INDICATES NEGATIVE NUMBERS.
R  INDICATES RECORD WAS SET OR TIED.
MM INDICATES DATA IS MISSING.
T  INDICATES TRACE AMOUNT.




$$
