000
CDUS45 KFGZ 260745
CLIINW
CLIMATE REPORT
NATIONAL WEATHER SERVICE FLAGSTAFF, AZ
1245 AM MST TUE SEP 26 2017


...................................

...THE WINSLOW AZ AIRPORT CLIMATE SUMMARY FOR SEPTEMBER 25 2017...

CLIMATE NORMAL PERIOD 1981 TO 2010
CLIMATE RECORD PERIOD 1915 TO 2017


WEATHER ITEM   OBSERVED TIME   RECORD YEAR NORMAL DEPARTURE LAST
                VALUE   (LST)  VALUE       VALUE  FROM      YEAR
                                                  NORMAL
..................................................................
TEMPERATURE (F)
 YESTERDAY
  MAXIMUM         73    436 PM  93    1982  82     -9       79
                                      1953
  MINIMUM         31R   524 AM  36    2000  48    -17       41
  AVERAGE         52                        65    -13       60

PRECIPITATION (IN)
  YESTERDAY        0.00          1.05 1944   0.03  -0.03     0.00
  MONTH TO DATE    0.21                      0.77  -0.56     0.25
  SINCE SEP 1      0.21                      0.77  -0.56     0.25
  SINCE JAN 1      4.24                      5.30  -1.06     3.87

DEGREE DAYS
 HEATING
  YESTERDAY       13                         2     11        5
  MONTH TO DATE   32                        15     17       21
  SINCE JUL 1     32                        15     17       21

 COOLING
  YESTERDAY        0                         2     -2        0
  MONTH TO DATE  179                       135     44      123
  SINCE JAN 1   1429                      1193    236     1269
..................................................................


WIND (MPH)
  HIGHEST WIND SPEED    10   HIGHEST WIND DIRECTION     W (270)
  HIGHEST GUST SPEED    19   HIGHEST GUST DIRECTION    SW (230)
  AVERAGE WIND SPEED     4.0


SKY COVER
  POSSIBLE SUNSHINE  MM
  AVERAGE SKY COVER 0.0


WEATHER CONDITIONS
 THE FOLLOWING WEATHER WAS RECORDED YESTERDAY.
  NO SIGNIFICANT WEATHER WAS OBSERVED.


RELATIVE HUMIDITY (PERCENT)
 HIGHEST    44           700 AM
 LOWEST      9           400 PM
 AVERAGE    27

..........................................................


THE WINSLOW AZ AIRPORT CLIMATE NORMALS FOR TODAY
                         NORMAL    RECORD    YEAR
 MAXIMUM TEMPERATURE (F)   82        92      1956
 MINIMUM TEMPERATURE (F)   48        31      1970


SUNRISE AND SUNSET
SEPTEMBER 26 2017.....SUNRISE   614 AM MST   SUNSET   613 PM MST
SEPTEMBER 27 2017.....SUNRISE   615 AM MST   SUNSET   612 PM MST


-  INDICATES NEGATIVE NUMBERS.
R  INDICATES RECORD WAS SET OR TIED.
MM INDICATES DATA IS MISSING.
T  INDICATES TRACE AMOUNT.




$$
