000
CDUS45 KFGZ 220753
CLIINW
CLIMATE REPORT
NATIONAL WEATHER SERVICE FLAGSTAFF, AZ
1252 AM MST FRI AUG 22 2014


...................................

...THE WINSLOW AZ AIRPORT CLIMATE SUMMARY FOR AUGUST 21 2014...

CLIMATE NORMAL PERIOD 1981 TO 2010
CLIMATE RECORD PERIOD 1898 TO 2014


WEATHER ITEM   OBSERVED TIME   RECORD YEAR NORMAL DEPARTURE LAST
                VALUE   (LST)  VALUE       VALUE  FROM      YEAR
                                                  NORMAL
..................................................................
TEMPERATURE (F)
 YESTERDAY
  MAXIMUM         84    147 PM 104    1928  91     -7       95
  MINIMUM         60    625 AM  46    1980  60      0       65
  AVERAGE         72                        76     -4       80

PRECIPITATION (IN)
  YESTERDAY        T             1.13 1963   0.04  -0.04     0.26
  MONTH TO DATE    2.19                      0.83   1.36     1.16
  SINCE SEP 1      7.50                      6.64   0.86     5.55
  SINCE JAN 1      3.69                      4.16  -0.47     4.28

DEGREE DAYS
 HEATING
  YESTERDAY        0                         0      0        0
  MONTH TO DATE    0                         0      0        0
  SINCE JUL 1      0                         0      0        0

 COOLING
  YESTERDAY        7                        10     -3       15
  MONTH TO DATE  227                       245    -18      234
  SINCE JAN 1   1046                       962     84     1132
..................................................................


WIND (MPH)
  HIGHEST WIND SPEED    26   HIGHEST WIND DIRECTION    SW (220)
  HIGHEST GUST SPEED    32   HIGHEST GUST DIRECTION    SW (220)
  AVERAGE WIND SPEED     4.6


SKY COVER
  POSSIBLE SUNSHINE  MM
  AVERAGE SKY COVER 0.4


WEATHER CONDITIONS
 THE FOLLOWING WEATHER WAS RECORDED YESTERDAY.
  LIGHT RAIN


RELATIVE HUMIDITY (PERCENT)
 HIGHEST    87          1000 PM
 LOWEST     24           300 PM
 AVERAGE    56

..........................................................


THE WINSLOW AZ AIRPORT CLIMATE NORMALS FOR TODAY
                         NORMAL    RECORD    YEAR
 MAXIMUM TEMPERATURE (F)   91       103      1928
 MINIMUM TEMPERATURE (F)   60        46      1926


SUNRISE AND SUNSET
AUGUST 22 2014........SUNRISE   548 AM MST   SUNSET   703 PM MST
AUGUST 23 2014........SUNRISE   549 AM MST   SUNSET   701 PM MST


-  INDICATES NEGATIVE NUMBERS.
R  INDICATES RECORD WAS SET OR TIED.
MM INDICATES DATA IS MISSING.
T  INDICATES TRACE AMOUNT.




$$
