000
CDUS45 KFGZ 040056
CLIINW
CLIMATE REPORT
NATIONAL WEATHER SERVICE FLAGSTAFF, AZ
555 PM MST TUE MAY 3 2016


...................................

...THE WINSLOW AZ AIRPORT CLIMATE SUMMARY FOR MAY 3 2016...
VALID TODAY AS OF 0500 PM LOCAL TIME.

CLIMATE NORMAL PERIOD 1981 TO 2010
CLIMATE RECORD PERIOD 1915 TO 2016


WEATHER ITEM   OBSERVED TIME   RECORD YEAR NORMAL DEPARTURE LAST
                VALUE   (LST)  VALUE       VALUE  FROM      YEAR
                                                  NORMAL
..................................................................
TEMPERATURE (F)
 TODAY
  MAXIMUM         75    322 PM  93    1947  77     -2       76
  MINIMUM         39    507 AM  25    2008  42     -3       49
  AVERAGE         57                        60     -3       63

PRECIPITATION (IN)
  TODAY            0.00          0.28 1935   0.01  -0.01     0.04
  MONTH TO DATE    0.30                      0.03   0.27     0.04
  SINCE SEP 1      5.49                      4.29   1.20     5.48
  SINCE JAN 1      1.47                      1.81  -0.34     2.63

DEGREE DAYS
 HEATING
  TODAY            8                         6      2        2
  MONTH TO DATE   40                        18     22        2
  SINCE JUL 1   4159                      4397   -238     3676

 COOLING
  TODAY            0                         1     -1        0
  MONTH TO DATE    0                         3     -3        3
  SINCE JAN 1      0                         7     -7        3
..................................................................


WIND (MPH)
  HIGHEST WIND SPEED    10   HIGHEST WIND DIRECTION     N (20)
  HIGHEST GUST SPEED    17   HIGHEST GUST DIRECTION     N (10)
  AVERAGE WIND SPEED     2.8


SKY COVER
  POSSIBLE SUNSHINE  MM
  AVERAGE SKY COVER 0.1


WEATHER CONDITIONS
 THE FOLLOWING WEATHER WAS RECORDED TODAY.
  NO SIGNIFICANT WEATHER WAS OBSERVED.


RELATIVE HUMIDITY (PERCENT)
 HIGHEST    92           500 AM
 LOWEST     20           400 PM
 AVERAGE    56

..........................................................


THE WINSLOW AZ AIRPORT CLIMATE NORMALS FOR TOMORROW
                         NORMAL    RECORD    YEAR
 MAXIMUM TEMPERATURE (F)   78        92      1947
 MINIMUM TEMPERATURE (F)   42        30      2001


SUNRISE AND SUNSET
MAY  3 2016...........SUNRISE   529 AM MST   SUNSET   711 PM MST
MAY  4 2016...........SUNRISE   528 AM MST   SUNSET   711 PM MST


-  INDICATES NEGATIVE NUMBERS.
R  INDICATES RECORD WAS SET OR TIED.
MM INDICATES DATA IS MISSING.
T  INDICATES TRACE AMOUNT.




$$
