000
CDUS43 KDVN 262136
CLIIOW


CLIMATE REPORT
NATIONAL WEATHER SERVICE QUAD CITIES IA IL
435 PM CDT THU MAR 26 2015


...................................

...THE IOWA CITY IA CLIMATE SUMMARY FOR MARCH 26 2015...
VALID TODAY AS OF 0400 PM LOCAL TIME.

CLIMATE NORMAL PERIOD 1981 TO 2010
CLIMATE RECORD PERIOD 9999 TO 9999


WEATHER ITEM   OBSERVED TIME   RECORD YEAR NORMAL DEPARTURE LAST
                VALUE   (LST)  VALUE       VALUE  FROM      YEAR
                                                  NORMAL
..................................................................
TEMPERATURE (F)
 TODAY
  MAXIMUM         47    249 PM  MM      MM  54     -7       46
  MINIMUM         29    634 AM  MM      MM  33     -4       13
  AVERAGE         38                        44     -6       30

PRECIPITATION (IN)
  TODAY            0.00         MM      MM   0.07  -0.07     0.03
  MONTH TO DATE    0.48                      1.85  -1.37     0.29
  SINCE MAR 1      0.48                      1.85  -1.37     0.29
  SINCE JAN 1      2.06                      4.01  -1.95     2.12

DEGREE DAYS
 HEATING
  TODAY           27                        22      5       35
  MONTH TO DATE  732                       716     16      940
  SINCE MAR 1    732                       716     16      940
  SINCE JUL 1   6097                      5666    431     6733

 COOLING
  TODAY            0                         0      0        0
  MONTH TO DATE    0                         0      0        0
  SINCE MAR 1      0                         0      0        0
  SINCE JAN 1      0                         0      0        0
..................................................................


WIND (MPH)
  HIGHEST WIND SPEED    26   HIGHEST WIND DIRECTION    NW (330)
  HIGHEST GUST SPEED    37   HIGHEST GUST DIRECTION    NW (320)
  AVERAGE WIND SPEED    14.6


SKY COVER
  POSSIBLE SUNSHINE  MM
  AVERAGE SKY COVER 0.0


WEATHER CONDITIONS
 THE FOLLOWING WEATHER WAS RECORDED TODAY.
  NO SIGNIFICANT WEATHER WAS OBSERVED.


RELATIVE HUMIDITY (PERCENT)
 HIGHEST    85           600 AM
 LOWEST     34           200 PM
 AVERAGE    60

..........................................................


THE IOWA CITY IA CLIMATE NORMALS FOR TOMORROW
                         NORMAL    RECORD    YEAR
 MAXIMUM TEMPERATURE (F)   54        MM        MM
 MINIMUM TEMPERATURE (F)   34        MM        MM


SUNRISE AND SUNSET
MARCH 26 2015.........SUNRISE   700 AM CDT   SUNSET   725 PM CDT
MARCH 27 2015.........SUNRISE   658 AM CDT   SUNSET   726 PM CDT


-  INDICATES NEGATIVE NUMBERS.
R  INDICATES RECORD WAS SET OR TIED.
MM INDICATES DATA IS MISSING.
T  INDICATES TRACE AMOUNT.




$$
