000
CDUS43 KDVN 300925
CLIIOW


CLIMATE REPORT
NATIONAL WEATHER SERVICE QUAD CITIES IA IL
422 AM CDT MON MAY 30 2016


...................................

...THE IOWA CITY IA CLIMATE SUMMARY FOR MAY 29 2016...

CLIMATE NORMAL PERIOD 1981 TO 2010
CLIMATE RECORD PERIOD 9999 TO 9999


WEATHER ITEM   OBSERVED TIME   RECORD YEAR NORMAL DEPARTURE LAST
                VALUE   (LST)  VALUE       VALUE  FROM      YEAR
                                                  NORMAL
..................................................................
TEMPERATURE (F)
 YESTERDAY
  MAXIMUM         81    520 PM  MM      MM  77      4       80
  MINIMUM         62    524 AM  MM      MM  56      6       64
  AVERAGE         72                        66      6       72

PRECIPITATION (IN)
  YESTERDAY        0.00         MM      MM   0.12  -0.12     0.05
  MONTH TO DATE    3.17                      3.96  -0.79     4.64
  SINCE MAR 1      7.37                      9.68  -2.31     8.27
  SINCE JAN 1      8.12                     11.84  -3.72     9.85

DEGREE DAYS
 HEATING
  YESTERDAY        0                         2     -2        0
  MONTH TO DATE  173                       164      9      117
  SINCE MAR 1   1255                      1407   -152     1345
  SINCE JUL 1   5466                      6357   -891     6710

 COOLING
  YESTERDAY        7                         4      3        7
  MONTH TO DATE   50                        49      1       63
  SINCE MAR 1     56                        53      3       63
  SINCE JAN 1     56                        53      3       63
..................................................................


WIND (MPH)
  HIGHEST WIND SPEED    17   HIGHEST WIND DIRECTION     W (250)
  HIGHEST GUST SPEED    24   HIGHEST GUST DIRECTION     W (250)
  AVERAGE WIND SPEED     8.5


SKY COVER
  POSSIBLE SUNSHINE  MM
  AVERAGE SKY COVER 0.2


WEATHER CONDITIONS
 THE FOLLOWING WEATHER WAS RECORDED YESTERDAY.
  NO SIGNIFICANT WEATHER WAS OBSERVED.


RELATIVE HUMIDITY (PERCENT)
 HIGHEST    90           300 AM
 LOWEST     42           500 PM
 AVERAGE    66

..........................................................


THE IOWA CITY IA CLIMATE NORMALS FOR TODAY
                         NORMAL    RECORD    YEAR
 MAXIMUM TEMPERATURE (F)   77        MM        MM
 MINIMUM TEMPERATURE (F)   56        MM        MM


SUNRISE AND SUNSET
MAY 30 2016...........SUNRISE   535 AM CDT   SUNSET   833 PM CDT
MAY 31 2016...........SUNRISE   535 AM CDT   SUNSET   834 PM CDT


-  INDICATES NEGATIVE NUMBERS.
R  INDICATES RECORD WAS SET OR TIED.
MM INDICATES DATA IS MISSING.
T  INDICATES TRACE AMOUNT.




$$
