000
CDUS43 KDVN 270909
CLIIOW


CLIMATE REPORT
NATIONAL WEATHER SERVICE QUAD CITIES IA IL
409 AM CDT WED AUG 27 2014


...................................

...THE IOWA CITY IA CLIMATE SUMMARY FOR AUGUST 26 2014...

CLIMATE NORMAL PERIOD 1981 TO 2010
CLIMATE RECORD PERIOD 9999 TO 9999


WEATHER ITEM   OBSERVED TIME   RECORD YEAR NORMAL DEPARTURE LAST
                VALUE   (LST)  VALUE       VALUE  FROM      YEAR
                                                  NORMAL
..................................................................
TEMPERATURE (F)
 YESTERDAY
  MAXIMUM         82    423 PM  MM      MM  82      0       95
  MINIMUM         67    801 AM  MM      MM  61      6       66
  AVERAGE         75                        71      4       81

PRECIPITATION (IN)
  YESTERDAY        0.15         MM      MM   0.15   0.00     0.00
  MONTH TO DATE    2.64                      3.77  -1.13     0.08
  SINCE JUN 1     15.40                     13.33   2.07     7.02
  SINCE JAN 1     26.45                     25.42   1.03    28.26

DEGREE DAYS
 HEATING
  YESTERDAY        0                         0      0        0
  MONTH TO DATE    0                         0      0        1
  SINCE JUN 1     16                        19     -3       30
  SINCE JUL 1     12                         2     10        9

 COOLING
  YESTERDAY       10                         7      3       16
  MONTH TO DATE  208                       215     -7      203
  SINCE JUN 1    586                       732   -146      685
  SINCE JAN 1    675                       793   -118      772
..................................................................


WIND (MPH)
  HIGHEST WIND SPEED    25   HIGHEST WIND DIRECTION     N (340)
  HIGHEST GUST SPEED    36   HIGHEST GUST DIRECTION     N (340)
  AVERAGE WIND SPEED     7.6


SKY COVER
  POSSIBLE SUNSHINE  MM
  AVERAGE SKY COVER 0.3


WEATHER CONDITIONS
 THE FOLLOWING WEATHER WAS RECORDED YESTERDAY.
  THUNDERSTORM
  HEAVY RAIN
  LIGHT RAIN
  FOG


RELATIVE HUMIDITY (PERCENT)
 HIGHEST    97           100 AM
 LOWEST     58           300 PM
 AVERAGE    78

..........................................................


THE IOWA CITY IA CLIMATE NORMALS FOR TODAY
                         NORMAL    RECORD    YEAR
 MAXIMUM TEMPERATURE (F)   81        MM        MM
 MINIMUM TEMPERATURE (F)   61        MM        MM


SUNRISE AND SUNSET
AUGUST 27 2014........SUNRISE   627 AM CDT   SUNSET   747 PM CDT
AUGUST 28 2014........SUNRISE   628 AM CDT   SUNSET   746 PM CDT


-  INDICATES NEGATIVE NUMBERS.
R  INDICATES RECORD WAS SET OR TIED.
MM INDICATES DATA IS MISSING.
T  INDICATES TRACE AMOUNT.




$$
