000
CDUS43 KDVN 220918
CLIIOW


CLIMATE REPORT
NATIONAL WEATHER SERVICE QUAD CITIES IA IL
417 AM CDT MON MAY 22 2017


...................................

...THE IOWA CITY IA CLIMATE SUMMARY FOR MAY 21 2017...

CLIMATE NORMAL PERIOD 1981 TO 2010
CLIMATE RECORD PERIOD 9999 TO 9999


WEATHER ITEM   OBSERVED TIME   RECORD YEAR NORMAL DEPARTURE LAST
                VALUE   (LST)  VALUE       VALUE  FROM      YEAR
                                                  NORMAL
..................................................................
TEMPERATURE (F)
 YESTERDAY
  MAXIMUM         56   1209 AM  MM      MM  74    -18       79
  MINIMUM         48   1159 PM  MM      MM  53     -5       46
  AVERAGE         52                        63    -11       63

PRECIPITATION (IN)
  YESTERDAY        0.00         MM      MM   0.15  -0.15     0.00
  MONTH TO DATE    2.87                      2.94  -0.07     2.21
  SINCE MAR 1     10.69                      8.66   2.03     6.41
  SINCE JAN 1     13.09                     10.82   2.27     7.16

DEGREE DAYS
 HEATING
  YESTERDAY       13                         4      9        2
  MONTH TO DATE  121                       140    -19      173
  SINCE MAR 1   1184                      1383   -199     1255
  SINCE JUL 1   5079                      6333  -1254     5466

 COOLING
  YESTERDAY        0                         2     -2        0
  MONTH TO DATE   39                        25     14        0
  SINCE MAR 1     50                        29     21        6
  SINCE JAN 1     50                        29     21        6
..................................................................


WIND (MPH)
  HIGHEST WIND SPEED    24   HIGHEST WIND DIRECTION     W (270)
  HIGHEST GUST SPEED    31   HIGHEST GUST DIRECTION     W (270)
  AVERAGE WIND SPEED    12.5


SKY COVER
  POSSIBLE SUNSHINE  MM
  AVERAGE SKY COVER 0.8


WEATHER CONDITIONS
 THE FOLLOWING WEATHER WAS RECORDED YESTERDAY.
  NO SIGNIFICANT WEATHER WAS OBSERVED.


RELATIVE HUMIDITY (PERCENT)
 HIGHEST    83           100 AM
 LOWEST     59           200 PM
 AVERAGE    71

..........................................................


THE IOWA CITY IA CLIMATE NORMALS FOR TODAY
                         NORMAL    RECORD    YEAR
 MAXIMUM TEMPERATURE (F)   74        MM        MM
 MINIMUM TEMPERATURE (F)   53        MM        MM


SUNRISE AND SUNSET
MAY 22 2017...........SUNRISE   540 AM CDT   SUNSET   826 PM CDT
MAY 23 2017...........SUNRISE   540 AM CDT   SUNSET   827 PM CDT


-  INDICATES NEGATIVE NUMBERS.
R  INDICATES RECORD WAS SET OR TIED.
MM INDICATES DATA IS MISSING.
T  INDICATES TRACE AMOUNT.




$$
