000
CDUS43 KDVN 010941
CLIIOW


CLIMATE REPORT
NATIONAL WEATHER SERVICE QUAD CITIES IA IL
440 AM CDT WED OCT 1 2014


...................................

...THE IOWA CITY IA CLIMATE SUMMARY FOR SEPTEMBER 30 2014...

CLIMATE NORMAL PERIOD 1981 TO 2010
CLIMATE RECORD PERIOD 9999 TO 9999


WEATHER ITEM   OBSERVED TIME   RECORD YEAR NORMAL DEPARTURE LAST
                VALUE   (LST)  VALUE       VALUE  FROM      YEAR
                                                  NORMAL
..................................................................
TEMPERATURE (F)
 YESTERDAY
  MAXIMUM         69    312 PM  MM      MM  70     -1       78
  MINIMUM         53   1159 PM  MM      MM  46      7       43
  AVERAGE         61                        58      3       61

PRECIPITATION (IN)
  YESTERDAY        0.00         MM      MM   0.09  -0.09     0.00
  MONTH TO DATE    5.87                      3.39   2.48     1.93
  SINCE SEP 1      5.87                      3.39   2.48     1.93
  SINCE JAN 1     33.30                     29.54   3.76    30.19

DEGREE DAYS
 HEATING
  YESTERDAY        4                         8     -4        4
  MONTH TO DATE  121                       105     16       57
  SINCE SEP 1    121                       104     17       57
  SINCE JUL 1    133                       112     21       66

 COOLING
  YESTERDAY        0                         1     -1        0
  MONTH TO DATE   62                        80    -18      173
  SINCE SEP 1     62                        80    -18      173
  SINCE JAN 1    778                       902   -124     1041
..................................................................


WIND (MPH)
  HIGHEST WIND SPEED    16   HIGHEST WIND DIRECTION    NE (50)
  HIGHEST GUST SPEED    22   HIGHEST GUST DIRECTION    NE (40)
  AVERAGE WIND SPEED     9.8


SKY COVER
  POSSIBLE SUNSHINE  MM
  AVERAGE SKY COVER 0.6


WEATHER CONDITIONS
 THE FOLLOWING WEATHER WAS RECORDED YESTERDAY.
  NO SIGNIFICANT WEATHER WAS OBSERVED.


RELATIVE HUMIDITY (PERCENT)
 HIGHEST    93           300 AM
 LOWEST     59           300 PM
 AVERAGE    76

..........................................................


THE IOWA CITY IA CLIMATE NORMALS FOR TODAY
                         NORMAL    RECORD    YEAR
 MAXIMUM TEMPERATURE (F)   70        MM        MM
 MINIMUM TEMPERATURE (F)   46        MM        MM


SUNRISE AND SUNSET
OCTOBER  1 2014.......SUNRISE   703 AM CDT   SUNSET   648 PM CDT
OCTOBER  2 2014.......SUNRISE   704 AM CDT   SUNSET   646 PM CDT


-  INDICATES NEGATIVE NUMBERS.
R  INDICATES RECORD WAS SET OR TIED.
MM INDICATES DATA IS MISSING.
T  INDICATES TRACE AMOUNT.




$$
