000
CDUS41 KCTP 060640
CLIIPT


CLIMATE REPORT
NATIONAL WEATHER SERVICE STATE COLLEGE PA
240 AM EDT MON JUL 6 2015


...................................

...THE WILLIAMSPORT PA CLIMATE SUMMARY FOR JULY 5 2015...

CLIMATE NORMAL PERIOD 1981 TO 2010
CLIMATE RECORD PERIOD 1895 TO 2015


WEATHER ITEM   OBSERVED TIME   RECORD YEAR NORMAL DEPARTURE LAST
                VALUE   (LST)  VALUE       VALUE  FROM      YEAR
                                                  NORMAL
..................................................................
TEMPERATURE (F)
 YESTERDAY
  MAXIMUM         82    235 PM 100    1955  83     -1       83
  MINIMUM         61   1244 AM  46    1927  62     -1       57
                                      1909
  AVERAGE         72                        72      0       70

PRECIPITATION (IN)
  YESTERDAY        0.00          2.30 2005   0.12  -0.12     0.00
  MONTH TO DATE    1.09                      0.64   0.45     1.60
  SINCE JUN 1      8.90                      4.56   4.34     5.06
  SINCE JAN 1     21.32                     19.47   1.85    19.81

DEGREE DAYS
 HEATING
  YESTERDAY        0                         0      0        0
  MONTH TO DATE    0                         0      0        0
  SINCE JUN 1     21                        37    -16        8
  SINCE JUL 1      0                         0      0        0

 COOLING
  YESTERDAY        7                         8     -1        5
  MONTH TO DATE   18                        37    -19       52
  SINCE JUN 1    190                       183      7      221
  SINCE JAN 1    318                       226     92      273
..................................................................


WIND (MPH)
  HIGHEST WIND SPEED     8   HIGHEST WIND DIRECTION     S (180)
  HIGHEST GUST SPEED    14   HIGHEST GUST DIRECTION     E (90)
  AVERAGE WIND SPEED     1.5


SKY COVER
  POSSIBLE SUNSHINE  MM
  AVERAGE SKY COVER 0.4


WEATHER CONDITIONS
 THE FOLLOWING WEATHER WAS RECORDED YESTERDAY.
  FOG
  FOG W/VISIBILITY <= 1/4 MILE


RELATIVE HUMIDITY (PERCENT)
 HIGHEST    97          1200 AM
 LOWEST     51           200 PM
 AVERAGE    74

..........................................................


THE WILLIAMSPORT PA CLIMATE NORMALS FOR TODAY
                         NORMAL    RECORD    YEAR
 MAXIMUM TEMPERATURE (F)   84       101      1988
 MINIMUM TEMPERATURE (F)   62        47      1979
                                             1940


SUNRISE AND SUNSET
JULY  6 2015..........SUNRISE   541 AM EDT   SUNSET   843 PM EDT
JULY  7 2015..........SUNRISE   542 AM EDT   SUNSET   843 PM EDT


-  INDICATES NEGATIVE NUMBERS.
R  INDICATES RECORD WAS SET OR TIED.
MM INDICATES DATA IS MISSING.
T  INDICATES TRACE AMOUNT.




$$
