046
CDUS41 KCTP 242122
CLIIPT


CLIMATE REPORT
NATIONAL WEATHER SERVICE STATE COLLEGE PA
521 PM EDT SUN SEP 24 2017


...................................

...THE WILLIAMSPORT PA CLIMATE SUMMARY FOR SEPTEMBER 24 2017...
VALID TODAY AS OF 0500 PM LOCAL TIME.

CLIMATE NORMAL PERIOD 1981 TO 2010
CLIMATE RECORD PERIOD 1895 TO 2017


WEATHER ITEM   OBSERVED TIME   RECORD YEAR NORMAL DEPARTURE LAST
                VALUE   (LST)  VALUE       VALUE  FROM      YEAR
                                                  NORMAL
..................................................................
TEMPERATURE (F)
 TODAY
  MAXIMUM         92R   328 PM  90    1961  70     22       74
  MINIMUM         63    636 AM  30    1963  50     13       49
  AVERAGE         78                        60     18       62

PRECIPITATION (IN)
  TODAY            0.00          2.45 1946   0.14  -0.14     0.00
  MONTH TO DATE    1.17                      3.34  -2.17     1.98
  SINCE SEP 1      1.17                      3.34  -2.17     1.98
  SINCE JAN 1     37.20                     30.37   6.83    25.41

DEGREE DAYS
 HEATING
  TODAY            0                         6     -6        3
  MONTH TO DATE   44                        72    -28        5
  SINCE SEP 1     44                        72    -28        5
  SINCE JUL 1     46                        86    -40        5

 COOLING
  TODAY           13                         1     12        0
  MONTH TO DATE  106                        58     48      164
  SINCE SEP 1    106                        58     48      164
  SINCE JAN 1    848                       692    156     1137
..................................................................


WIND (MPH)
  HIGHEST WIND SPEED    14   HIGHEST WIND DIRECTION     N (20)
  HIGHEST GUST SPEED    17   HIGHEST GUST DIRECTION    NE (30)
  AVERAGE WIND SPEED     4.5


SKY COVER
  POSSIBLE SUNSHINE  MM
  AVERAGE SKY COVER 0.0


WEATHER CONDITIONS
 THE FOLLOWING WEATHER WAS RECORDED TODAY.
  NO SIGNIFICANT WEATHER WAS OBSERVED.


RELATIVE HUMIDITY (PERCENT)
 HIGHEST    93          1200 AM
 LOWEST     36           100 PM
 AVERAGE    65

..........................................................


THE WILLIAMSPORT PA CLIMATE NORMALS FOR TOMORROW
                         NORMAL    RECORD    YEAR
 MAXIMUM TEMPERATURE (F)   70        89      1970
 MINIMUM TEMPERATURE (F)   49        31      1963


SUNRISE AND SUNSET
SEPTEMBER 24 2017.....SUNRISE   657 AM EDT   SUNSET   701 PM EDT
SEPTEMBER 25 2017.....SUNRISE   658 AM EDT   SUNSET   659 PM EDT


-  INDICATES NEGATIVE NUMBERS.
R  INDICATES RECORD WAS SET OR TIED.
MM INDICATES DATA IS MISSING.
T  INDICATES TRACE AMOUNT.




$$
