000
CDUS41 KCTP 240613
CLIIPT


CLIMATE REPORT
NATIONAL WEATHER SERVICE STATE COLLEGE PA
212 AM EDT MON JUL 24 2017


...................................

...THE WILLIAMSPORT PA CLIMATE SUMMARY FOR JULY 23 2017...

CLIMATE NORMAL PERIOD 1981 TO 2010
CLIMATE RECORD PERIOD 1895 TO 2017


WEATHER ITEM   OBSERVED TIME   RECORD YEAR NORMAL DEPARTURE LAST
                VALUE   (LST)  VALUE       VALUE  FROM      YEAR
                                                  NORMAL
..................................................................
TEMPERATURE (F)
 YESTERDAY
  MAXIMUM         85    417 PM  99    2016  84      1       99
                                      1955
  MINIMUM         67   1159 PM  47    1983  62      5       69
  AVERAGE         76                        73      3       84

PRECIPITATION (IN)
  YESTERDAY        2.37          3.00 2008   0.14   2.23     0.00
  MONTH TO DATE    6.32                      3.16   3.16     1.19
  SINCE JUN 1     10.02                      7.08   2.94     5.64
  SINCE JAN 1     29.14                     21.99   7.15    16.98

DEGREE DAYS
 HEATING
  YESTERDAY        0                         0      0        0
  MONTH TO DATE    0                         0      0        0
  SINCE JUN 1     21                        37    -16        9
  SINCE JUL 1      0                         0      0        0

 COOLING
  YESTERDAY       11                         8      3       19
  MONTH TO DATE  260                       181     79      258
  SINCE JUN 1    439                       327    112      430
  SINCE JAN 1    489                       370    119      503
..................................................................


WIND (MPH)
  HIGHEST WIND SPEED    23   HIGHEST WIND DIRECTION     N (360)
  HIGHEST GUST SPEED    32   HIGHEST GUST DIRECTION     N (10)
  AVERAGE WIND SPEED     5.8


SKY COVER
  POSSIBLE SUNSHINE  MM
  AVERAGE SKY COVER 0.9


WEATHER CONDITIONS
 THE FOLLOWING WEATHER WAS RECORDED YESTERDAY.
  THUNDERSTORM
  HEAVY RAIN
  RAIN
  LIGHT RAIN
  FOG


RELATIVE HUMIDITY (PERCENT)
 HIGHEST   100          1200 AM
 LOWEST     69           500 PM
 AVERAGE    85

..........................................................


THE WILLIAMSPORT PA CLIMATE NORMALS FOR TODAY
                         NORMAL    RECORD    YEAR
 MAXIMUM TEMPERATURE (F)   84        96      2001
 MINIMUM TEMPERATURE (F)   62        48      1985


SUNRISE AND SUNSET
JULY 24 2017..........SUNRISE   556 AM EDT   SUNSET   832 PM EDT
JULY 25 2017..........SUNRISE   557 AM EDT   SUNSET   831 PM EDT


-  INDICATES NEGATIVE NUMBERS.
R  INDICATES RECORD WAS SET OR TIED.
MM INDICATES DATA IS MISSING.
T  INDICATES TRACE AMOUNT.




$$
