000
CDUS41 KCTP 280618
CLIIPT


CLIMATE REPORT
NATIONAL WEATHER SERVICE STATE COLLEGE PA
218 AM EDT TUE JUL 28 2015


...................................

...THE WILLIAMSPORT PA CLIMATE SUMMARY FOR JULY 27 2015...

CLIMATE NORMAL PERIOD 1981 TO 2010
CLIMATE RECORD PERIOD 1895 TO 2015


WEATHER ITEM   OBSERVED TIME   RECORD YEAR NORMAL DEPARTURE LAST
                VALUE   (LST)  VALUE       VALUE  FROM      YEAR
                                                  NORMAL
..................................................................
TEMPERATURE (F)
 YESTERDAY
  MAXIMUM         85    441 PM  98    1955  84      1       90
                                      1949
                                      1941
  MINIMUM         70   1159 PM  46    1920  62      8       65
  AVERAGE         78                        73      5       78

PRECIPITATION (IN)
  YESTERDAY        0.00          1.97 2003   0.15  -0.15     0.15
  MONTH TO DATE    3.88                      3.76   0.12     3.39
  SINCE JUN 1     11.69                      7.68   4.01     6.85
  SINCE JAN 1     24.11                     22.59   1.52    21.60

DEGREE DAYS
 HEATING
  YESTERDAY        0                         0      0        0
  MONTH TO DATE    2                         0      2        0
  SINCE JUN 1     23                        37    -14        8
  SINCE JUL 1      2                         0      2        0

 COOLING
  YESTERDAY       13                         8      5       13
  MONTH TO DATE  206                       213     -7      226
  SINCE JUN 1    378                       359     19      395
  SINCE JAN 1    506                       402    104      447
..................................................................


WIND (MPH)
  HIGHEST WIND SPEED    13   HIGHEST WIND DIRECTION     S (170)
  HIGHEST GUST SPEED    16   HIGHEST GUST DIRECTION     S (170)
  AVERAGE WIND SPEED     2.3


SKY COVER
  POSSIBLE SUNSHINE  MM
  AVERAGE SKY COVER 0.5


WEATHER CONDITIONS
 THE FOLLOWING WEATHER WAS RECORDED YESTERDAY.
  FOG


RELATIVE HUMIDITY (PERCENT)
 HIGHEST    97          1200 AM
 LOWEST     55           400 PM
 AVERAGE    76

..........................................................


THE WILLIAMSPORT PA CLIMATE NORMALS FOR TODAY
                         NORMAL    RECORD    YEAR
 MAXIMUM TEMPERATURE (F)   84       100      1949
 MINIMUM TEMPERATURE (F)   62        47      1903


SUNRISE AND SUNSET
JULY 28 2015..........SUNRISE   559 AM EDT   SUNSET   829 PM EDT
JULY 29 2015..........SUNRISE   600 AM EDT   SUNSET   828 PM EDT


-  INDICATES NEGATIVE NUMBERS.
R  INDICATES RECORD WAS SET OR TIED.
MM INDICATES DATA IS MISSING.
T  INDICATES TRACE AMOUNT.




$$
