000
CDUS41 KCTP 280626
CLIIPT


CLIMATE REPORT
NATIONAL WEATHER SERVICE STATE COLLEGE PA
226 AM EDT SUN MAY 28 2017


...................................

...THE WILLIAMSPORT PA CLIMATE SUMMARY FOR MAY 27 2017...

CLIMATE NORMAL PERIOD 1981 TO 2010
CLIMATE RECORD PERIOD 1895 TO 2017


WEATHER ITEM   OBSERVED TIME   RECORD YEAR NORMAL DEPARTURE LAST
                VALUE   (LST)  VALUE       VALUE  FROM      YEAR
                                                  NORMAL
..................................................................
TEMPERATURE (F)
 YESTERDAY
  MAXIMUM         74    449 PM  94    1918  75     -1       88
  MINIMUM         50    451 AM  33    1969  52     -2       63
  AVERAGE         62                        63     -1       76

PRECIPITATION (IN)
  YESTERDAY        0.00          4.03 1946   0.12  -0.12     0.00
  MONTH TO DATE    4.25                      3.18   1.07     2.22
  SINCE MAR 1     11.90                      9.39   2.51     4.92
  SINCE JAN 1     17.20                     14.43   2.77    11.34

SNOWFALL (IN)
  YESTERDAY        0.0           0.0  2002   0.0    0.0      0.0
                                      2001
  MONTH TO DATE    0.0                       0.0    0.0       T
  SINCE MAR 1     22.6                       8.0   14.6      2.0
  SINCE JUL 1     41.1                      36.0    5.1      7.7
  SNOW DEPTH       0

DEGREE DAYS
 HEATING
  YESTERDAY        3                         4     -1        0
  MONTH TO DATE  182                       189     -7      207
  SINCE MAR 1   1290                      1477   -187     1264
  SINCE JUL 1   4926                      5944  -1018     4907

 COOLING
  YESTERDAY        0                         2     -2       11
  MONTH TO DATE   29                        28      1       27
  SINCE MAR 1     44                        33     11       27
  SINCE JAN 1     44                        33     11       27
..................................................................


WIND (MPH)
  HIGHEST WIND SPEED    10   HIGHEST WIND DIRECTION    SE (140)
  HIGHEST GUST SPEED    16   HIGHEST GUST DIRECTION    SE (140)
  AVERAGE WIND SPEED     3.2


SKY COVER
  POSSIBLE SUNSHINE  MM
  AVERAGE SKY COVER 0.3


WEATHER CONDITIONS
 THE FOLLOWING WEATHER WAS RECORDED YESTERDAY.
  NO SIGNIFICANT WEATHER WAS OBSERVED.


RELATIVE HUMIDITY (PERCENT)
 HIGHEST    93           300 AM
 LOWEST     49           100 PM
 AVERAGE    71

..........................................................


THE WILLIAMSPORT PA CLIMATE NORMALS FOR TODAY
                         NORMAL    RECORD    YEAR
 MAXIMUM TEMPERATURE (F)   75        94      1941
 MINIMUM TEMPERATURE (F)   52        34      1983


SUNRISE AND SUNSET
MAY 28 2017...........SUNRISE   539 AM EDT   SUNSET   831 PM EDT
MAY 29 2017...........SUNRISE   538 AM EDT   SUNSET   832 PM EDT


-  INDICATES NEGATIVE NUMBERS.
R  INDICATES RECORD WAS SET OR TIED.
MM INDICATES DATA IS MISSING.
T  INDICATES TRACE AMOUNT.




$$
