000
CDUS41 KCTP 020639
CLIIPT


CLIMATE REPORT
NATIONAL WEATHER SERVICE STATE COLLEGE PA
239 AM EDT TUE SEP 2 2014


...................................

...THE WILLIAMSPORT PA CLIMATE SUMMARY FOR SEPTEMBER 1 2014...

CLIMATE NORMAL PERIOD 1981 TO 2010
CLIMATE RECORD PERIOD 1895 TO 2014


WEATHER ITEM   OBSERVED TIME   RECORD YEAR NORMAL DEPARTURE LAST
                VALUE   (LST)  VALUE       VALUE  FROM      YEAR
                                                  NORMAL
..................................................................
TEMPERATURE (F)
 YESTERDAY
  MAXIMUM         83    507 PM 100    1932  79      4       85
  MINIMUM         68    322 AM  45    1946  58     10       68
                                      1915
                                      1896
  AVERAGE         76                        68      8       77

PRECIPITATION (IN)
  YESTERDAY        T             2.06 2003   0.13  -0.13     0.50
  MONTH TO DATE    T                         0.13  -0.13     0.50
  SINCE SEP 1      T                         0.13  -0.13     0.50
  SINCE JAN 1     28.81                     27.16   1.65    22.12

DEGREE DAYS
 HEATING
  YESTERDAY        0                         1     -1        0
  MONTH TO DATE    0                         1     -1        0
  SINCE SEP 1      0                         1     -1        0
  SINCE JUL 1      5                        15    -10        5

 COOLING
  YESTERDAY       11                         4      7       12
  MONTH TO DATE   11                         4      7       12
  SINCE SEP 1     11                         4      7       12
  SINCE JAN 1    628                       638    -10      771
..................................................................


WIND (MPH)
  HIGHEST WIND SPEED     9   HIGHEST WIND DIRECTION    SW (210)
  HIGHEST GUST SPEED    12   HIGHEST GUST DIRECTION    SW (220)
  AVERAGE WIND SPEED     1.8


SKY COVER
  POSSIBLE SUNSHINE  MM
  AVERAGE SKY COVER 0.8


WEATHER CONDITIONS
 THE FOLLOWING WEATHER WAS RECORDED YESTERDAY.
  LIGHT RAIN
  FOG
  FOG W/VISIBILITY <= 1/4 MILE
  HAZE


RELATIVE HUMIDITY (PERCENT)
 HIGHEST    93           200 AM
 LOWEST     65           100 PM
 AVERAGE    79

..........................................................


THE WILLIAMSPORT PA CLIMATE NORMALS FOR TODAY
                         NORMAL    RECORD    YEAR
 MAXIMUM TEMPERATURE (F)   78       101      1953
 MINIMUM TEMPERATURE (F)   58        41      1896


SUNRISE AND SUNSET
SEPTEMBER  2 2014.....SUNRISE   635 AM EDT   SUNSET   739 PM EDT
SEPTEMBER  3 2014.....SUNRISE   636 AM EDT   SUNSET   737 PM EDT


-  INDICATES NEGATIVE NUMBERS.
R  INDICATES RECORD WAS SET OR TIED.
MM INDICATES DATA IS MISSING.
T  INDICATES TRACE AMOUNT.




$$
