000
CDUS43 KEAX 030044
CLIIRK


CLIMATE REPORT
NATIONAL WEATHER SERVICE KANSAS CITY/PLEASANT HILL MO
744 PM CDT TUE JUN 2 2015


...................................

...THE KIRKSVILLE MO CLIMATE SUMMARY FOR JUNE 2 2015...
VALID TODAY AS OF 0700 PM LOCAL TIME.

CLIMATE NORMAL PERIOD 1981 TO 2010
CLIMATE RECORD PERIOD 9999 TO 9999


WEATHER ITEM   OBSERVED TIME   NORMAL DEPARTURE LAST
                VALUE   (LST)  VALUE  FROM      YEAR
                                      NORMAL
......................................................
TEMPERATURE (F)
 TODAY
  MAXIMUM         70    525 PM  78     -8       83
  MINIMUM         48    234 AM  57     -9       64
  AVERAGE         59            68     -9       74

PRECIPITATION (IN)
  TODAY            0.00          0.19  -0.19     0.05
  MONTH TO DATE    0.00          0.37  -0.37     0.05
  SINCE JUN 1      0.00          0.37  -0.37     0.05
  SINCE JAN 1     10.76         14.52  -3.76     9.15

DEGREE DAYS
 HEATING
  TODAY            6             1      5        0
  MONTH TO DATE   14             2     12        0
  SINCE JUN 1     14             2     12        0
  SINCE JUL 1   5779          5842    -63     6428

 COOLING
  TODAY            0             4     -4        9
  MONTH TO DATE    0             8     -8       21
  SINCE JUN 1      0             8     -8       21
  SINCE JAN 1     68            70     -2      143
......................................................


WIND (MPH)
  HIGHEST WIND SPEED    15   HIGHEST WIND DIRECTION    SE (150)
  HIGHEST GUST SPEED    22   HIGHEST GUST DIRECTION    SE (130)
  AVERAGE WIND SPEED     6.1


SKY COVER
  AVERAGE SKY COVER 0.8


WEATHER CONDITIONS
 THE FOLLOWING WEATHER WAS RECORDED TODAY.
  FOG
  FOG W/VISIBILITY <= 1/4 MILE


RELATIVE HUMIDITY (PERCENT)
 HIGHEST   100          1200 AM
 LOWEST     63           600 PM
 AVERAGE    82

..........................................................


THE KIRKSVILLE MO CLIMATE NORMALS FOR TOMORROW
                         NORMAL
 MAXIMUM TEMPERATURE (F)   78
 MINIMUM TEMPERATURE (F)   58


SUNRISE AND SUNSET
JUNE  2 2015..........SUNRISE   543 AM CDT   SUNSET   834 PM CDT
JUNE  3 2015..........SUNRISE   542 AM CDT   SUNSET   835 PM CDT


-  INDICATES NEGATIVE NUMBERS.
R  INDICATES RECORD WAS SET OR TIED.
MM INDICATES DATA IS MISSING.
T  INDICATES TRACE AMOUNT.




$$
