000
CDUS43 KEAX 220031
CLIIRK


CLIMATE REPORT
NATIONAL WEATHER SERVICE KANSAS CITY/PLEASANT HILL MO
731 PM CDT SAT OCT 21 2017


...................................

...THE KIRKSVILLE MO CLIMATE SUMMARY FOR OCTOBER 21 2017...
VALID TODAY AS OF 0700 PM LOCAL TIME.

CLIMATE NORMAL PERIOD 1981 TO 2010
CLIMATE RECORD PERIOD 9999 TO 9999


WEATHER ITEM   OBSERVED TIME   NORMAL DEPARTURE LAST
                VALUE   (LST)  VALUE  FROM      YEAR
                                      NORMAL
......................................................
TEMPERATURE (F)
 TODAY
  MAXIMUM         80    113 PM  62     18       60
  MINIMUM         61    610 AM  41     20       32
  AVERAGE         71            51     20       46

PRECIPITATION (IN)
  TODAY            0.00          0.11  -0.11     0.00
  MONTH TO DATE    5.10          2.34   2.76     1.96
  SINCE SEP 1      5.33          6.45  -1.12     4.08
  SINCE JAN 1     29.60         33.86  -4.26    27.22

DEGREE DAYS
 HEATING
  TODAY            0            14    -14       19
  MONTH TO DATE   79           224   -145      125
  SINCE SEP 1    116           324   -208      154
  SINCE JUL 1    117           331   -214      160

 COOLING
  TODAY            6             0      6        0
  MONTH TO DATE   40            10     30       44
  SINCE SEP 1    196            93    103      220
  SINCE JAN 1   1121           937    184     1298
......................................................


WIND (MPH)
  HIGHEST WIND SPEED    26   HIGHEST WIND DIRECTION     S (190)
  HIGHEST GUST SPEED    37   HIGHEST GUST DIRECTION     S (180)
  AVERAGE WIND SPEED    15.0


SKY COVER
  AVERAGE SKY COVER 0.4


WEATHER CONDITIONS
 THE FOLLOWING WEATHER WAS RECORDED TODAY.
  NO SIGNIFICANT WEATHER WAS OBSERVED.


RELATIVE HUMIDITY (PERCENT)
 HIGHEST    84           300 AM
 LOWEST     58           100 PM
 AVERAGE    71

..........................................................


THE KIRKSVILLE MO CLIMATE NORMALS FOR TOMORROW
                         NORMAL
 MAXIMUM TEMPERATURE (F)   62
 MINIMUM TEMPERATURE (F)   40


SUNRISE AND SUNSET
OCTOBER 21 2017.......SUNRISE   727 AM CDT   SUNSET   621 PM CDT
OCTOBER 22 2017.......SUNRISE   729 AM CDT   SUNSET   620 PM CDT


-  INDICATES NEGATIVE NUMBERS.
R  INDICATES RECORD WAS SET OR TIED.
MM INDICATES DATA IS MISSING.
T  INDICATES TRACE AMOUNT.




$$
