000
CDUS43 KEAX 290632
CLIIRK


CLIMATE REPORT
NATIONAL WEATHER SERVICE KANSAS CITY/PLEASANT HILL MO
132 AM CDT THU JUN 29 2017


...................................

...THE KIRKSVILLE MO CLIMATE SUMMARY FOR JUNE 28 2017...

CLIMATE NORMAL PERIOD 1981 TO 2010
CLIMATE RECORD PERIOD 9999 TO 9999


WEATHER ITEM   OBSERVED TIME   NORMAL DEPARTURE LAST
                VALUE   (LST)  VALUE  FROM      YEAR
                                      NORMAL
......................................................
TEMPERATURE (F)
 YESTERDAY
  MAXIMUM         87    304 PM  84      3       85
  MINIMUM         65   1159 PM  63      2       63
  AVERAGE         76            73      3       74

PRECIPITATION (IN)
  YESTERDAY        1.27          0.12   1.15     0.00
  MONTH TO DATE    4.30          4.58  -0.28     1.49
  SINCE JUN 1      4.30          4.58  -0.28     1.49
  SINCE JAN 1     17.72         18.73  -1.01    13.78

DEGREE DAYS
 HEATING
  YESTERDAY        0             0      0        0
  MONTH TO DATE    7            12     -5        0
  SINCE JUN 1      7            12     -5        0
  SINCE JUL 1   4620          5852  -1232     4738

 COOLING
  YESTERDAY       11             9      2        9
  MONTH TO DATE  231           174     57      308
  SINCE JUN 1    231           174     57      308
  SINCE JAN 1    323           236     87      380
......................................................


WIND (MPH)
  HIGHEST WIND SPEED    30   HIGHEST WIND DIRECTION     N (340)
  HIGHEST GUST SPEED    50   HIGHEST GUST DIRECTION     W (280)
  AVERAGE WIND SPEED    14.2


SKY COVER
  AVERAGE SKY COVER 0.4


WEATHER CONDITIONS
 THE FOLLOWING WEATHER WAS RECORDED YESTERDAY.
  THUNDERSTORM
  HEAVY RAIN
  RAIN
  LIGHT RAIN
  FOG


RELATIVE HUMIDITY (PERCENT)
 HIGHEST   100          1000 PM
 LOWEST     55           300 PM
 AVERAGE    78

..........................................................


THE KIRKSVILLE MO CLIMATE NORMALS FOR TODAY
                         NORMAL
 MAXIMUM TEMPERATURE (F)   84
 MINIMUM TEMPERATURE (F)   63


SUNRISE AND SUNSET
JUNE 29 2017..........SUNRISE   544 AM CDT   SUNSET   843 PM CDT
JUNE 30 2017..........SUNRISE   544 AM CDT   SUNSET   843 PM CDT


-  INDICATES NEGATIVE NUMBERS.
R  INDICATES RECORD WAS SET OR TIED.
MM INDICATES DATA IS MISSING.
T  INDICATES TRACE AMOUNT.




$$
