000
CDUS43 KEAX 230644
CLIIRK


CLIMATE REPORT
NATIONAL WEATHER SERVICE KANSAS CITY/PLEASANT HILL MO
143 AM CDT SAT JUL 23 2016


...................................

...THE KIRKSVILLE MO CLIMATE SUMMARY FOR JULY 22 2016...

CLIMATE NORMAL PERIOD 1981 TO 2010
CLIMATE RECORD PERIOD 9999 TO 9999


WEATHER ITEM   OBSERVED TIME   NORMAL DEPARTURE LAST
                VALUE   (LST)  VALUE  FROM      YEAR
                                      NORMAL
......................................................
TEMPERATURE (F)
 YESTERDAY
  MAXIMUM         90    329 PM  86      4       82
  MINIMUM         70    814 AM  65      5       60
  AVERAGE         80            76      4       71

PRECIPITATION (IN)
  YESTERDAY        0.31          0.17   0.14     0.00
  MONTH TO DATE    2.12          3.21  -1.09     4.80
  SINCE JUN 1      3.61          7.99  -4.38    15.99
  SINCE JAN 1     15.90         22.14  -6.24    26.75

DEGREE DAYS
 HEATING
  YESTERDAY        0             0      0        0
  MONTH TO DATE    6             0      6        5
  SINCE JUN 1      6            16    -10       20
  SINCE JUL 1      6             0      6        5

 COOLING
  YESTERDAY       15            11      4        6
  MONTH TO DATE  250           217     33      216
  SINCE JUN 1    573           409    164      458
  SINCE JAN 1    645           471    174      526
......................................................


WIND (MPH)
  HIGHEST WIND SPEED    25   HIGHEST WIND DIRECTION     E (110)
  HIGHEST GUST SPEED    32   HIGHEST GUST DIRECTION     E (110)
  AVERAGE WIND SPEED     8.9


SKY COVER
  AVERAGE SKY COVER 0.2


WEATHER CONDITIONS
 THE FOLLOWING WEATHER WAS RECORDED YESTERDAY.
  THUNDERSTORM
  HEAVY RAIN
  RAIN
  LIGHT RAIN
  FOG


RELATIVE HUMIDITY (PERCENT)
 HIGHEST    93           900 AM
 LOWEST     59           300 PM
 AVERAGE    76

..........................................................


THE KIRKSVILLE MO CLIMATE NORMALS FOR TODAY
                         NORMAL
 MAXIMUM TEMPERATURE (F)   86
 MINIMUM TEMPERATURE (F)   65


SUNRISE AND SUNSET
JULY 23 2016..........SUNRISE   601 AM CDT   SUNSET   832 PM CDT
JULY 24 2016..........SUNRISE   602 AM CDT   SUNSET   831 PM CDT


-  INDICATES NEGATIVE NUMBERS.
R  INDICATES RECORD WAS SET OR TIED.
MM INDICATES DATA IS MISSING.
T  INDICATES TRACE AMOUNT.




$$
