000
CDUS43 KEAX 190030
CLIIRK


CLIMATE REPORT
NATIONAL WEATHER SERVICE KANSAS CITY/PLEASANT HILL MO
730 PM CDT FRI AUG 18 2017


...................................

...THE KIRKSVILLE MO CLIMATE SUMMARY FOR AUGUST 18 2017...
VALID TODAY AS OF 0700 PM LOCAL TIME.

CLIMATE NORMAL PERIOD 1981 TO 2010
CLIMATE RECORD PERIOD 9999 TO 9999


WEATHER ITEM   OBSERVED TIME   NORMAL DEPARTURE LAST
                VALUE   (LST)  VALUE  FROM      YEAR
                                      NORMAL
......................................................
TEMPERATURE (F)
 TODAY
  MAXIMUM         90    328 PM  85      5       90
  MINIMUM         58    548 AM  63     -5       71
  AVERAGE         74            74      0       81

PRECIPITATION (IN)
  TODAY            0.00          0.12  -0.12     0.00
  MONTH TO DATE    0.46          2.05  -1.59     2.33
  SINCE JUN 1      6.38         11.49  -5.11     6.04
  SINCE JAN 1     19.80         25.64  -5.84    18.33

DEGREE DAYS
 HEATING
  TODAY            0             0      0        0
  MONTH TO DATE    1             0      1        0
  SINCE JUN 1      8            17     -9        6
  SINCE JUL 1      1             1      0        6

 COOLING
  TODAY            9             9      0       16
  MONTH TO DATE  116           177    -61      216
  SINCE JUN 1    769           682     87      898
  SINCE JAN 1    861           744    117      970
......................................................


WIND (MPH)
  HIGHEST WIND SPEED    18   HIGHEST WIND DIRECTION    SW (210)
  HIGHEST GUST SPEED    24   HIGHEST GUST DIRECTION    SW (210)
  AVERAGE WIND SPEED     6.7


SKY COVER
  AVERAGE SKY COVER 0.1


WEATHER CONDITIONS
 THE FOLLOWING WEATHER WAS RECORDED TODAY.
  FOG


RELATIVE HUMIDITY (PERCENT)
 HIGHEST    97           400 AM
 LOWEST     40           400 PM
 AVERAGE    69

..........................................................


THE KIRKSVILLE MO CLIMATE NORMALS FOR TOMORROW
                         NORMAL
 MAXIMUM TEMPERATURE (F)   84
 MINIMUM TEMPERATURE (F)   63


SUNRISE AND SUNSET
AUGUST 18 2017........SUNRISE   625 AM CDT   SUNSET   802 PM CDT
AUGUST 19 2017........SUNRISE   626 AM CDT   SUNSET   801 PM CDT


-  INDICATES NEGATIVE NUMBERS.
R  INDICATES RECORD WAS SET OR TIED.
MM INDICATES DATA IS MISSING.
T  INDICATES TRACE AMOUNT.




$$
