000
CDUS43 KEAX 010635
CLIIRK


CLIMATE REPORT
NATIONAL WEATHER SERVICE KANSAS CITY/PLEASANT HILL MO
133 AM CDT MON MAY 1 2017


...................................

...THE KIRKSVILLE MO CLIMATE SUMMARY FOR APRIL 30 2017...

CLIMATE NORMAL PERIOD 1981 TO 2010
CLIMATE RECORD PERIOD 9999 TO 9999


WEATHER ITEM   OBSERVED TIME   NORMAL DEPARTURE LAST
                VALUE   (LST)  VALUE  FROM      YEAR
                                      NORMAL
......................................................
TEMPERATURE (F)
 YESTERDAY
  MAXIMUM         55    555 PM  67    -12       68
  MINIMUM         41    101 AM  46     -5       48
  AVERAGE         48            56     -8       58

PRECIPITATION (IN)
  YESTERDAY        0.99          0.18   0.81     0.25
  MONTH TO DATE    6.13          3.84   2.29     2.99
  SINCE MAR 1      9.77          6.39   3.38     4.98
  SINCE JAN 1     11.63          9.19   2.44     7.57

DEGREE DAYS
 HEATING
  YESTERDAY       17             9      8        7
  MONTH TO DATE  286           402   -116      335
  SINCE MAR 1    928          1157   -229      861
  SINCE JUL 1   4457          5690  -1233     4568

 COOLING
  YESTERDAY        0             0      0        0
  MONTH TO DATE   24             7     17        8
  SINCE MAR 1     24             7     17        8
  SINCE JAN 1     24             7     17        8
......................................................


WIND (MPH)
  HIGHEST WIND SPEED    36   HIGHEST WIND DIRECTION     E (100)
  HIGHEST GUST SPEED    47   HIGHEST GUST DIRECTION     E (100)
  AVERAGE WIND SPEED    12.8


SKY COVER
  AVERAGE SKY COVER 1.0


WEATHER CONDITIONS
 THE FOLLOWING WEATHER WAS RECORDED YESTERDAY.
  THUNDERSTORM
  HEAVY RAIN
  RAIN
  LIGHT RAIN
  HAZE


RELATIVE HUMIDITY (PERCENT)
 HIGHEST    62          1200 AM
 LOWEST     23           100 AM
 AVERAGE    43

..........................................................


THE KIRKSVILLE MO CLIMATE NORMALS FOR TODAY
                         NORMAL
 MAXIMUM TEMPERATURE (F)   68
 MINIMUM TEMPERATURE (F)   46


SUNRISE AND SUNSET
MAY  1 2017...........SUNRISE   610 AM CDT   SUNSET   805 PM CDT
MAY  2 2017...........SUNRISE   608 AM CDT   SUNSET   806 PM CDT


-  INDICATES NEGATIVE NUMBERS.
R  INDICATES RECORD WAS SET OR TIED.
MM INDICATES DATA IS MISSING.
T  INDICATES TRACE AMOUNT.




$$
