000
CDUS43 KEAX 150040
CLIIRK


CLIMATE REPORT
NATIONAL WEATHER SERVICE KANSAS CITY/PLEASANT HILL MO
640 PM CST THU DEC 14 2017


...................................

...THE KIRKSVILLE MO CLIMATE SUMMARY FOR DECEMBER 14 2017...
VALID TODAY AS OF 0600 PM LOCAL TIME.

CLIMATE NORMAL PERIOD 1981 TO 2010
CLIMATE RECORD PERIOD 9999 TO 9999


WEATHER ITEM   OBSERVED TIME   NORMAL DEPARTURE LAST
                VALUE   (LST)  VALUE  FROM      YEAR
                                      NORMAL
......................................................
TEMPERATURE (F)
 TODAY
  MAXIMUM         34   1221 AM  37     -3       26
  MINIMUM         27    922 AM  21      6        9
  AVERAGE         31            29      2       18

PRECIPITATION (IN)
  TODAY            0.00          0.06  -0.06     0.00
  MONTH TO DATE    0.58          0.89  -0.31     0.56
  SINCE DEC 1      0.58          0.89  -0.31     0.56
  SINCE JAN 1     32.14         38.45  -6.31    30.28

DEGREE DAYS
 HEATING
  TODAY           34            36     -2       47
  MONTH TO DATE  404           478    -74      518
  SINCE DEC 1    404           478    -74      518
  SINCE JUL 1   1423          1699   -276     1240

 COOLING
  TODAY            0             0      0        0
  MONTH TO DATE    0             0      0        0
  SINCE DEC 1      0             0      0        0
  SINCE JAN 1   1121           939    182     1313
......................................................


WIND (MPH)
  HIGHEST WIND SPEED    21   HIGHEST WIND DIRECTION     N (350)
  HIGHEST GUST SPEED    27   HIGHEST GUST DIRECTION     N (350)
  AVERAGE WIND SPEED     8.6


SKY COVER
  AVERAGE SKY COVER 1.0


WEATHER CONDITIONS
 THE FOLLOWING WEATHER WAS RECORDED TODAY.
  NO SIGNIFICANT WEATHER WAS OBSERVED.


RELATIVE HUMIDITY (PERCENT)
 HIGHEST    92           800 AM
 LOWEST     72           300 AM
 AVERAGE    82

..........................................................


THE KIRKSVILLE MO CLIMATE NORMALS FOR TOMORROW
                         NORMAL
 MAXIMUM TEMPERATURE (F)   37
 MINIMUM TEMPERATURE (F)   20


SUNRISE AND SUNSET
DECEMBER 14 2017......SUNRISE   725 AM CST   SUNSET   445 PM CST
DECEMBER 15 2017......SUNRISE   725 AM CST   SUNSET   446 PM CST


-  INDICATES NEGATIVE NUMBERS.
R  INDICATES RECORD WAS SET OR TIED.
MM INDICATES DATA IS MISSING.
T  INDICATES TRACE AMOUNT.




$$
