000
CDUS43 KEAX 250643
CLIIRK


CLIMATE REPORT
NATIONAL WEATHER SERVICE KANSAS CITY/PLEASANT HILL MO
141 AM CDT SAT MAR 25 2017


...................................

...THE KIRKSVILLE MO CLIMATE SUMMARY FOR MARCH 24 2017...

CLIMATE NORMAL PERIOD 1981 TO 2010
CLIMATE RECORD PERIOD 9999 TO 9999


WEATHER ITEM   OBSERVED TIME   NORMAL DEPARTURE LAST
                VALUE   (LST)  VALUE  FROM      YEAR
                                      NORMAL
......................................................
TEMPERATURE (F)
 YESTERDAY
  MAXIMUM         72    934 AM  55     17       58
  MINIMUM         50   1214 AM  33     17       33
  AVERAGE         61            44     17       46

PRECIPITATION (IN)
  YESTERDAY        0.89          0.07   0.82     0.02
  MONTH TO DATE    1.38          2.00  -0.62     1.49
  SINCE MAR 1      1.38          2.00  -0.62     1.49
  SINCE JAN 1      3.24          4.80  -1.56     4.08

DEGREE DAYS
 HEATING
  YESTERDAY        4            21    -17       19
  MONTH TO DATE  523           617    -94      406
  SINCE MAR 1    523           617    -94      406
  SINCE JUL 1   4052          5150  -1098     4113

 COOLING
  YESTERDAY        0             0      0        0
  MONTH TO DATE    0             0      0        0
  SINCE MAR 1      0             0      0        0
  SINCE JAN 1      0             0      0        0
......................................................


WIND (MPH)
  HIGHEST WIND SPEED    23   HIGHEST WIND DIRECTION    SW (210)
  HIGHEST GUST SPEED    32   HIGHEST GUST DIRECTION     S (180)
  AVERAGE WIND SPEED     9.4


SKY COVER
  AVERAGE SKY COVER 0.5


WEATHER CONDITIONS
 THE FOLLOWING WEATHER WAS RECORDED YESTERDAY.
  RAIN
  LIGHT RAIN
  FOG


RELATIVE HUMIDITY (PERCENT)
 HIGHEST   100           300 PM
 LOWEST     93           400 PM
 AVERAGE    97

..........................................................


THE KIRKSVILLE MO CLIMATE NORMALS FOR TODAY
                         NORMAL
 MAXIMUM TEMPERATURE (F)   55
 MINIMUM TEMPERATURE (F)   34


SUNRISE AND SUNSET
MARCH 25 2017.........SUNRISE   705 AM CDT   SUNSET   728 PM CDT
MARCH 26 2017.........SUNRISE   703 AM CDT   SUNSET   729 PM CDT


-  INDICATES NEGATIVE NUMBERS.
R  INDICATES RECORD WAS SET OR TIED.
MM INDICATES DATA IS MISSING.
T  INDICATES TRACE AMOUNT.




$$
