000
CDUS43 KEAX 300640
CLIIRK


CLIMATE REPORT
NATIONAL WEATHER SERVICE KANSAS CITY/PLEASANT HILL MO
1240 AM CST FRI JAN 30 2015


...................................

...THE KIRKSVILLE MO CLIMATE SUMMARY FOR JANUARY 29 2015...

CLIMATE NORMAL PERIOD 1981 TO 2010
CLIMATE RECORD PERIOD 9999 TO 9999


WEATHER ITEM   OBSERVED TIME   NORMAL DEPARTURE LAST
                VALUE   (LST)  VALUE  FROM      YEAR
                                      NORMAL
......................................................
TEMPERATURE (F)
 YESTERDAY
  MAXIMUM         51   1211 AM  36     15       38
  MINIMUM         26   1139 PM  17      9        1
  AVERAGE         39            27     12       20

PRECIPITATION (IN)
  YESTERDAY        T             0.06  -0.06     0.00
  MONTH TO DATE    0.60          1.14  -0.54     0.74
  SINCE DEC 1      1.50          2.89  -1.39     2.05
  SINCE JAN 1      0.60          1.14  -0.54     0.74

DEGREE DAYS
 HEATING
  YESTERDAY       26            38    -12       45
  MONTH TO DATE 1066          1130    -64     1115
  SINCE DEC 1   2036          2252   -216     2339
  SINCE JUL 1   3357          3473   -116     3606

 COOLING
  YESTERDAY        0             0      0        0
  MONTH TO DATE    0             0      0        0
  SINCE DEC 1      0             0      0        0
  SINCE JAN 1      0             0      0        0
......................................................


WIND (MPH)
  HIGHEST WIND SPEED    26   HIGHEST WIND DIRECTION    NW (310)
  HIGHEST GUST SPEED    39   HIGHEST GUST DIRECTION    NW (330)
  AVERAGE WIND SPEED    16.0


SKY COVER
  AVERAGE SKY COVER 0.8


WEATHER CONDITIONS
 THE FOLLOWING WEATHER WAS RECORDED YESTERDAY.
  LIGHT RAIN
  LIGHT SNOW


RELATIVE HUMIDITY (PERCENT)
 HIGHEST    92           800 AM
 LOWEST     59          1200 AM
 AVERAGE    76

..........................................................


THE KIRKSVILLE MO CLIMATE NORMALS FOR TODAY
                         NORMAL
 MAXIMUM TEMPERATURE (F)   36
 MINIMUM TEMPERATURE (F)   17


SUNRISE AND SUNSET
JANUARY 30 2015.......SUNRISE   721 AM CST   SUNSET   526 PM CST
JANUARY 31 2015.......SUNRISE   720 AM CST   SUNSET   528 PM CST


-  INDICATES NEGATIVE NUMBERS.
R  INDICATES RECORD WAS SET OR TIED.
MM INDICATES DATA IS MISSING.
T  INDICATES TRACE AMOUNT.




$$
