000
CDUS43 KBIS 260724
CLIISN


CLIMATE REPORT
NATIONAL WEATHER SERVICE BISMARCK ND
224 AM CDT THU MAY 26 2016


...................................

...THE WILLISTON ND CLIMATE SUMMARY FOR MAY 25 2016...

CLIMATE NORMAL PERIOD 1981 TO 2010
CLIMATE RECORD PERIOD 1894 TO 2016


WEATHER ITEM   OBSERVED TIME   RECORD YEAR NORMAL DEPARTURE LAST
                VALUE   (LST)  VALUE       VALUE  FROM      YEAR
                                                  NORMAL
..................................................................
TEMPERATURE (F)
 YESTERDAY
  MAXIMUM         60    548 PM  93    1931  70    -10       78
  MINIMUM         44   1116 PM  27    1992  44      0       43
  AVERAGE         52                        57     -5       61

PRECIPITATION (IN)
  YESTERDAY        0.35          1.52 1965   0.07   0.28     0.00
  MONTH TO DATE    0.56                      1.47  -0.91     1.44
  SINCE MAR 1      2.69                      3.18  -0.49     2.18
  SINCE JAN 1      3.82                      4.16  -0.34     3.12

SNOWFALL (IN)
  YESTERDAY       MM
  SNOW DEPTH      MM

DEGREE DAYS
 HEATING
  YESTERDAY       13                         9      4        4
  MONTH TO DATE  222                       303    -81      335
  SINCE MAR 1   1689                      2060   -371     1807
  SINCE JUL 1   7299                      8828  -1529     8323

 COOLING
  YESTERDAY        0                         1     -1        0
  MONTH TO DATE   10                         1      9        1
  SINCE MAR 1     10                         2      8        1
  SINCE JAN 1     10                         2      8        1
..................................................................


WIND (MPH)
  HIGHEST WIND SPEED    22   HIGHEST WIND DIRECTION     N (340)
  HIGHEST GUST SPEED    27   HIGHEST GUST DIRECTION    NW (330)
  AVERAGE WIND SPEED    11.1


SKY COVER
  POSSIBLE SUNSHINE  MM
  AVERAGE SKY COVER 0.8


WEATHER CONDITIONS
 THE FOLLOWING WEATHER WAS RECORDED YESTERDAY.
  HEAVY RAIN
  RAIN
  LIGHT RAIN
  FOG


RELATIVE HUMIDITY (PERCENT)
 HIGHEST    93           900 PM
 LOWEST     51           200 AM
 AVERAGE    72

..........................................................


THE WILLISTON ND CLIMATE NORMALS FOR TODAY
                         NORMAL    RECORD    YEAR
 MAXIMUM TEMPERATURE (F)   71        98      1934
 MINIMUM TEMPERATURE (F)   44        26      1907


SUNRISE AND SUNSET
MAY 26 2016...........SUNRISE   603 AM CDT   SUNSET   941 PM CDT
MAY 27 2016...........SUNRISE   602 AM CDT   SUNSET   942 PM CDT


-  INDICATES NEGATIVE NUMBERS.
R  INDICATES RECORD WAS SET OR TIED.
MM INDICATES DATA IS MISSING.
T  INDICATES TRACE AMOUNT.




$$
