000
CDUS43 KBIS 112229
CLIISN


CLIMATE REPORT
NATIONAL WEATHER SERVICE BISMARCK ND
529 PM CDT FRI JUL 11 2014


...................................

...THE WILLISTON ND CLIMATE SUMMARY FOR JULY 11 2014...
VALID TODAY AS OF 0500 PM LOCAL TIME.

CLIMATE NORMAL PERIOD 1981 TO 2010
CLIMATE RECORD PERIOD 1894 TO 2014


WEATHER ITEM   OBSERVED TIME   RECORD YEAR NORMAL DEPARTURE LAST
                VALUE   (LST)  VALUE       VALUE  FROM      YEAR
                                                  NORMAL
..................................................................
TEMPERATURE (F)
 TODAY
  MAXIMUM         82    219 PM 102    1939  84     -2       97
  MINIMUM         57    422 AM  43    1941  55      2       60
  AVERAGE         70                        70      0       79

PRECIPITATION (IN)
  TODAY            T             1.32 1914   0.10  -0.10      T
  MONTH TO DATE    0.07                      1.07  -1.00     0.72
  SINCE JUN 1      1.51                      3.59  -2.08     4.88
  SINCE JAN 1      5.60                      8.20  -2.60    12.69

SNOWFALL (IN)
  TODAY           MM

DEGREE DAYS
 HEATING
  TODAY            0                         1     -1        0
  MONTH TO DATE    8                        13     -5        0
  SINCE JUN 1    118                       133    -15      128
  SINCE JUL 1      8                        13     -5        0

 COOLING
  TODAY            5                         5      0       14
  MONTH TO DATE   68                        51     17       63
  SINCE JUN 1     96                       119    -23       90
  SINCE JAN 1    117                       132    -15       98
..................................................................


WIND (MPH)
  HIGHEST WIND SPEED    18   HIGHEST WIND DIRECTION     N (340)
  HIGHEST GUST SPEED    22   HIGHEST GUST DIRECTION     N (360)
  AVERAGE WIND SPEED    10.0


SKY COVER
  POSSIBLE SUNSHINE  MM
  AVERAGE SKY COVER 0.1


WEATHER CONDITIONS
 THE FOLLOWING WEATHER WAS RECORDED TODAY.
  NO SIGNIFICANT WEATHER WAS OBSERVED.


RELATIVE HUMIDITY (PERCENT)
 HIGHEST    90           200 AM
 LOWEST     35           400 PM
 AVERAGE    63

..........................................................


THE WILLISTON ND CLIMATE NORMALS FOR TOMORROW
                         NORMAL    RECORD    YEAR
 MAXIMUM TEMPERATURE (F)   84       100      2006
                                             1968
 MINIMUM TEMPERATURE (F)   56        41      1993


SUNRISE AND SUNSET
JULY 11 2014..........SUNRISE   606 AM CDT   SUNSET   954 PM CDT
JULY 12 2014..........SUNRISE   607 AM CDT   SUNSET   953 PM CDT


-  INDICATES NEGATIVE NUMBERS.
R  INDICATES RECORD WAS SET OR TIED.
MM INDICATES DATA IS MISSING.
T  INDICATES TRACE AMOUNT.




$$
