000
CDUS43 KBIS 200731
CLIISN


CLIMATE REPORT
NATIONAL WEATHER SERVICE BISMARCK ND
131 AM CST SAT DEC 20 2014


...................................

...THE WILLISTON ND CLIMATE SUMMARY FOR DECEMBER 19 2014...

CLIMATE NORMAL PERIOD 1981 TO 2010
CLIMATE RECORD PERIOD 1894 TO 2014


WEATHER ITEM   OBSERVED TIME   RECORD YEAR NORMAL DEPARTURE LAST
                VALUE   (LST)  VALUE       VALUE  FROM      YEAR
                                                  NORMAL
..................................................................
TEMPERATURE (F)
 YESTERDAY
  MAXIMUM         27    448 PM  51    2004  23      4        2
  MINIMUM         14   1159 PM -40    1983   2     12      -13
  AVERAGE         21                        13      8       -5

PRECIPITATION (IN)
  YESTERDAY        0.00          0.16 1958   0.02  -0.02     0.08
  MONTH TO DATE    0.01                      0.37  -0.36     0.67
  SINCE DEC 1      0.01                      0.37  -0.36     0.67
  SINCE JAN 1     10.66                     14.12  -3.46    20.88

SNOWFALL (IN)
  YESTERDAY        0.0           2.0  1922   0.4   -0.4     MM
  MONTH TO DATE    0.0                       5.1   -5.1     MM
  SINCE DEC 1      0.0                       5.1   -5.1     MM
  SINCE JUL 1      0.0                      14.0  -14.0     MM
  SNOW DEPTH      MM

DEGREE DAYS
 HEATING
  YESTERDAY       44                        52     -8       70
  MONTH TO DATE  819                       942   -123     1094
  SINCE DEC 1    819                       942   -123     1094
  SINCE JUL 1   3012                      3104    -92     3168

 COOLING
  YESTERDAY        0                         0      0        0
  MONTH TO DATE    0                         0      0        0
  SINCE DEC 1      0                         0      0        0
  SINCE JAN 1    425                       456    -31      405
..................................................................


WIND (MPH)
  HIGHEST WIND SPEED     8   HIGHEST WIND DIRECTION     N (360)
  HIGHEST GUST SPEED     9   HIGHEST GUST DIRECTION     N (360)
  AVERAGE WIND SPEED     1.8


SKY COVER
  POSSIBLE SUNSHINE  MM
  AVERAGE SKY COVER 1.0


WEATHER CONDITIONS
 THE FOLLOWING WEATHER WAS RECORDED YESTERDAY.
  FOG
  FOG W/VISIBILITY <= 1/4 MILE


RELATIVE HUMIDITY (PERCENT)
 HIGHEST   100           100 AM
 LOWEST     84          1000 AM
 AVERAGE    92

..........................................................


THE WILLISTON ND CLIMATE NORMALS FOR TODAY
                         NORMAL    RECORD    YEAR
 MAXIMUM TEMPERATURE (F)   23        55      1941
 MINIMUM TEMPERATURE (F)    2       -33      1916


SUNRISE AND SUNSET
DECEMBER 20 2014......SUNRISE   842 AM CST   SUNSET   503 PM CST
DECEMBER 21 2014......SUNRISE   842 AM CST   SUNSET   503 PM CST


-  INDICATES NEGATIVE NUMBERS.
R  INDICATES RECORD WAS SET OR TIED.
MM INDICATES DATA IS MISSING.
T  INDICATES TRACE AMOUNT.




$$
