000
CDUS43 KBIS 280724
CLIISN


CLIMATE REPORT
NATIONAL WEATHER SERVICE BISMARCK ND
223 AM CDT SAT MAR 28 2015


...................................

...THE WILLISTON ND CLIMATE SUMMARY FOR MARCH 27 2015...

CLIMATE NORMAL PERIOD 1981 TO 2010
CLIMATE RECORD PERIOD 1894 TO 2015


WEATHER ITEM   OBSERVED TIME   RECORD YEAR NORMAL DEPARTURE LAST
                VALUE   (LST)  VALUE       VALUE  FROM      YEAR
                                                  NORMAL
..................................................................
TEMPERATURE (F)
 YESTERDAY
  MAXIMUM         64    439 PM  79    1946  47     17       35
  MINIMUM         35   1159 PM -15    1898  23     12       12
  AVERAGE         50                        35     15       24

PRECIPITATION (IN)
  YESTERDAY        0.00          0.52 1975   0.03  -0.03     0.00
  MONTH TO DATE    0.37                      0.61  -0.24     0.19
  SINCE MAR 1      0.37                      0.61  -0.24     0.19
  SINCE JAN 1      1.31                      1.59  -0.28     0.63

SNOWFALL (IN)
  YESTERDAY       MM             7.3  1975   0.2   MM       MM
  MONTH TO DATE   MM                         5.6   MM       MM
  SINCE MAR 1     MM                         5.6   MM       MM
  SINCE JUL 1     MM                        39.7   MM       MM
  SNOW DEPTH      MM

DEGREE DAYS
 HEATING
  YESTERDAY       15                        30    -15       41
  MONTH TO DATE  817                       990   -173     1059
  SINCE MAR 1    817                       990   -173     1059
  SINCE JUL 1   7333                      7758   -425     8008

 COOLING
  YESTERDAY        0                         0      0        0
  MONTH TO DATE    0                         0      0        0
  SINCE MAR 1      0                         0      0        0
  SINCE JAN 1      0                         0      0        0
..................................................................


WIND (MPH)
  HIGHEST WIND SPEED    24   HIGHEST WIND DIRECTION    NW (330)
  HIGHEST GUST SPEED    30   HIGHEST GUST DIRECTION    NW (330)
  AVERAGE WIND SPEED     8.3


SKY COVER
  POSSIBLE SUNSHINE  MM
  AVERAGE SKY COVER 0.3


WEATHER CONDITIONS
 THE FOLLOWING WEATHER WAS RECORDED YESTERDAY.
  NO SIGNIFICANT WEATHER WAS OBSERVED.


RELATIVE HUMIDITY (PERCENT)
 HIGHEST    82           700 AM
 LOWEST     34           400 PM
 AVERAGE    58

..........................................................


THE WILLISTON ND CLIMATE NORMALS FOR TODAY
                         NORMAL    RECORD    YEAR
 MAXIMUM TEMPERATURE (F)   47        74      1986
 MINIMUM TEMPERATURE (F)   23       -17      1898


SUNRISE AND SUNSET
MARCH 28 2015.........SUNRISE   741 AM CDT   SUNSET   819 PM CDT
MARCH 29 2015.........SUNRISE   739 AM CDT   SUNSET   820 PM CDT


-  INDICATES NEGATIVE NUMBERS.
R  INDICATES RECORD WAS SET OR TIED.
MM INDICATES DATA IS MISSING.
T  INDICATES TRACE AMOUNT.




$$
