000
CDUS43 KBIS 250804
CLIISN


CLIMATE REPORT
NATIONAL WEATHER SERVICE BISMARCK ND
259 AM CDT MON MAY 25 2015


...................................

...THE WILLISTON ND CLIMATE SUMMARY FOR MAY 24 2015...

CLIMATE NORMAL PERIOD 1981 TO 2010
CLIMATE RECORD PERIOD 1894 TO 2015


WEATHER ITEM   OBSERVED TIME   RECORD YEAR NORMAL DEPARTURE LAST
                VALUE   (LST)  VALUE       VALUE  FROM      YEAR
                                                  NORMAL
..................................................................
TEMPERATURE (F)
 YESTERDAY
  MAXIMUM         78    422 PM  92    1980  70      8       87
                                      1977
  MINIMUM         44    548 AM  23    2002  43      1       51
  AVERAGE         61                        57      4       69

PRECIPITATION (IN)
  YESTERDAY        0.00          1.72 2010   0.07  -0.07     0.07
  MONTH TO DATE    1.44                      1.40   0.04     1.20
  SINCE MAR 1      2.18                      3.11  -0.93     3.23
  SINCE JAN 1      3.12                      4.09  -0.97     3.67

SNOWFALL (IN)
  YESTERDAY        0.0           0.0  2002   0.1   -0.1     MM
                                      2001
  MONTH TO DATE    0.0                       1.3   -1.3     MM
  SINCE MAR 1      0.0                      11.2  -11.2     MM
  SINCE JUL 1      0.0                      45.3  -45.3     MM
  SNOW DEPTH       0

DEGREE DAYS
 HEATING
  YESTERDAY        4                         9     -5        0
  MONTH TO DATE  331                       294     37      345
  SINCE MAR 1   1803                      2051   -248     2274
  SINCE JUL 1   8319                      8819   -500     9223

 COOLING
  YESTERDAY        0                         0      0        4
  MONTH TO DATE    1                         0      1        6
  SINCE MAR 1      1                         1      0        6
  SINCE JAN 1      1                         1      0        6
..................................................................


WIND (MPH)
  HIGHEST WIND SPEED    22   HIGHEST WIND DIRECTION    SE (120)
  HIGHEST GUST SPEED    27   HIGHEST GUST DIRECTION    SE (130)
  AVERAGE WIND SPEED     6.2


SKY COVER
  POSSIBLE SUNSHINE  MM
  AVERAGE SKY COVER 0.1


WEATHER CONDITIONS
 THE FOLLOWING WEATHER WAS RECORDED YESTERDAY.
  NO SIGNIFICANT WEATHER WAS OBSERVED.


RELATIVE HUMIDITY (PERCENT)
 HIGHEST    89           400 AM
 LOWEST     25           500 PM
 AVERAGE    57

..........................................................


THE WILLISTON ND CLIMATE NORMALS FOR TODAY
                         NORMAL    RECORD    YEAR
 MAXIMUM TEMPERATURE (F)   70        93      1931
 MINIMUM TEMPERATURE (F)   44        27      1992


SUNRISE AND SUNSET
MAY 25 2015...........SUNRISE   604 AM CDT   SUNSET   939 PM CDT
MAY 26 2015...........SUNRISE   603 AM CDT   SUNSET   940 PM CDT


-  INDICATES NEGATIVE NUMBERS.
R  INDICATES RECORD WAS SET OR TIED.
MM INDICATES DATA IS MISSING.
T  INDICATES TRACE AMOUNT.




$$
