000
CDUS43 KBIS 280729
CLIISN


CLIMATE REPORT
NATIONAL WEATHER SERVICE BISMARCK ND
129 AM CST SAT FEB 28 2015


...................................

...THE WILLISTON ND CLIMATE SUMMARY FOR FEBRUARY 27 2015...

CLIMATE NORMAL PERIOD 1981 TO 2010
CLIMATE RECORD PERIOD 1894 TO 2015


WEATHER ITEM   OBSERVED TIME   RECORD YEAR NORMAL DEPARTURE LAST
                VALUE   (LST)  VALUE       VALUE  FROM      YEAR
                                                  NORMAL
..................................................................
TEMPERATURE (F)
 YESTERDAY
  MAXIMUM         26    546 PM  66    1992  32     -6       24
                                      1932
  MINIMUM        -16    431 AM -35    1962  11    -27      -12
  AVERAGE          5                        21    -16        6

PRECIPITATION (IN)
  YESTERDAY        0.00          0.31 1972   0.01  -0.01     0.00
  MONTH TO DATE    0.46                      0.37   0.09     0.26
  SINCE DEC 1      0.97                      1.58  -0.61     1.51
  SINCE JAN 1      0.94                      0.96  -0.02     0.44

SNOWFALL (IN)
  YESTERDAY       MM             3.8  1972   0.3   MM       MM
  MONTH TO DATE   MM                         5.5   MM       MM
  SINCE DEC 1     MM                        25.0   MM       MM
  SINCE JUL 1     MM                        33.9   MM       MM
  SNOW DEPTH      MM

DEGREE DAYS
 HEATING
  YESTERDAY       60                        44     16       59
  MONTH TO DATE 1412                      1303    109     1488
  SINCE DEC 1   4266                      4562   -296     4813
  SINCE JUL 1   6459                      6724   -265     6887

 COOLING
  YESTERDAY        0                         0      0        0
  MONTH TO DATE    0                         0      0        0
  SINCE DEC 1      0                         0      0        0
  SINCE JAN 1      0                         0      0        0
..................................................................


WIND (MPH)
  HIGHEST WIND SPEED    14   HIGHEST WIND DIRECTION    SE (140)
  HIGHEST GUST SPEED    18   HIGHEST GUST DIRECTION    SE (140)
  AVERAGE WIND SPEED     4.4


SKY COVER
  POSSIBLE SUNSHINE  MM
  AVERAGE SKY COVER 0.2


WEATHER CONDITIONS
 THE FOLLOWING WEATHER WAS RECORDED YESTERDAY.
  NO SIGNIFICANT WEATHER WAS OBSERVED.


RELATIVE HUMIDITY (PERCENT)
 HIGHEST    87           800 AM
 LOWEST     37           500 PM
 AVERAGE    62

..........................................................


THE WILLISTON ND CLIMATE NORMALS FOR TODAY
                         NORMAL    RECORD    YEAR
 MAXIMUM TEMPERATURE (F)   32        60      1992
 MINIMUM TEMPERATURE (F)   12       -41      1962


SUNRISE AND SUNSET
FEBRUARY 28 2015......SUNRISE   738 AM CST   SUNSET   637 PM CST
MARCH  1 2015.........SUNRISE   736 AM CST   SUNSET   638 PM CST


-  INDICATES NEGATIVE NUMBERS.
R  INDICATES RECORD WAS SET OR TIED.
MM INDICATES DATA IS MISSING.
T  INDICATES TRACE AMOUNT.




$$
