000
CDUS43 KBIS 180749
CLIISN


CLIMATE REPORT
NATIONAL WEATHER SERVICE BISMARCK ND
249 AM CDT WED OCT 18 2017


...................................

...THE WILLISTON ND CLIMATE SUMMARY FOR OCTOBER 17 2017...

CLIMATE NORMAL PERIOD 1981 TO 2010
CLIMATE RECORD PERIOD 1894 TO 2017


WEATHER ITEM   OBSERVED TIME   RECORD YEAR NORMAL DEPARTURE LAST
                VALUE   (LST)  VALUE       VALUE  FROM      YEAR
                                                  NORMAL
..................................................................
TEMPERATURE (F)
 YESTERDAY
  MAXIMUM         77    400 PM  83    1914  56     21       56
  MINIMUM         36    116 AM  11    1919  30      6       34
  AVERAGE         57                        43     14       45

PRECIPITATION (IN)
  YESTERDAY        0.00          0.82 1938   0.03  -0.03     0.00
  MONTH TO DATE    0.37                      0.53  -0.16     0.49
  SINCE SEP 1      2.20                      1.59   0.61     4.03
  SINCE JAN 1     11.48                     12.71  -1.23    13.78

DEGREE DAYS
 HEATING
  YESTERDAY        8                        22    -14       20
  MONTH TO DATE  328                       319      9      313
  SINCE SEP 1    560                       594    -34      504
  SINCE JUL 1    579                       665    -86      514

 COOLING
  YESTERDAY        0                         0      0        0
  MONTH TO DATE    0                         0      0        0
  SINCE SEP 1     38                        26     12       31
  SINCE JAN 1    643                       455    188      521
..................................................................


WIND (MPH)
  HIGHEST WIND SPEED    24   HIGHEST WIND DIRECTION    SW (230)
  HIGHEST GUST SPEED    31   HIGHEST GUST DIRECTION    SW (230)
  AVERAGE WIND SPEED    11.2


SKY COVER
  POSSIBLE SUNSHINE  MM
  AVERAGE SKY COVER 0.0


WEATHER CONDITIONS
 THE FOLLOWING WEATHER WAS RECORDED YESTERDAY.
  NO SIGNIFICANT WEATHER WAS OBSERVED.


RELATIVE HUMIDITY (PERCENT)
 HIGHEST    82           100 AM
 LOWEST     15           300 PM
 AVERAGE    49

..........................................................


THE WILLISTON ND CLIMATE NORMALS FOR TODAY
                         NORMAL    RECORD    YEAR
 MAXIMUM TEMPERATURE (F)   56        81      2003
 MINIMUM TEMPERATURE (F)   29         4      1972


SUNRISE AND SUNSET
OCTOBER 18 2017.......SUNRISE   819 AM CDT   SUNSET   659 PM CDT
OCTOBER 19 2017.......SUNRISE   820 AM CDT   SUNSET   658 PM CDT


-  INDICATES NEGATIVE NUMBERS.
R  INDICATES RECORD WAS SET OR TIED.
MM INDICATES DATA IS MISSING.
T  INDICATES TRACE AMOUNT.




$$
