000
CDUS41 KOKX 300616
CLIISP


CLIMATE REPORT
NATIONAL WEATHER SERVICE NEW YORK NY
216 AM EDT TUE SEP 30 2014


...................................

...THE ISLIP NY CLIMATE SUMMARY FOR SEPTEMBER 29 2014...

CLIMATE NORMAL PERIOD 1981 TO 2010
CLIMATE RECORD PERIOD 1986 TO 2014


WEATHER ITEM   OBSERVED TIME   RECORD YEAR NORMAL DEPARTURE LAST
                VALUE   (LST)  VALUE       VALUE  FROM      YEAR
                                                  NORMAL
..................................................................
TEMPERATURE (F)
 YESTERDAY
  MAXIMUM         77    139 PM  80    2010  69      8       71
  MINIMUM         63    559 AM  41    2000  52     11       49
  AVERAGE         70                        60     10       60

PRECIPITATION (IN)
  YESTERDAY        0.00          0.98 2004   0.13  -0.13     0.00
  MONTH TO DATE    1.62                      3.45  -1.83     1.83
  SINCE SEP 1      1.62                      3.45  -1.83     1.83
  SINCE JAN 1     42.18                     34.59   7.59    30.39

SNOWFALL (IN)
  YESTERDAY        0.0          MM      MM   0.0    0.0      0.0
  MONTH TO DATE    0.0                       0.0    0.0      0.0
  SINCE OCT 1     63.7                      24.8   38.9     46.9
  SINCE JUL 1      0.0                       0.0    0.0      0.0
  SNOW DEPTH       0

DEGREE DAYS
 HEATING
  YESTERDAY        0                         6     -6        5
  MONTH TO DATE   44                        66    -22       79
  SINCE SEP 1     44                        66    -22       79
  SINCE JUL 1     44                        71    -27       79

 COOLING
  YESTERDAY        5                         1      4        0
  MONTH TO DATE  124                        90     34       84
  SINCE SEP 1    124                        90     34       84
  SINCE JAN 1    871                       776     95      931
..................................................................


WIND (MPH)
  HIGHEST WIND SPEED    12   HIGHEST WIND DIRECTION     S (170)
  HIGHEST GUST SPEED    14   HIGHEST GUST DIRECTION     S (170)
  AVERAGE WIND SPEED     4.0


SKY COVER
  AVERAGE SKY COVER 0.8


WEATHER CONDITIONS
 THE FOLLOWING WEATHER WAS RECORDED YESTERDAY.
  NO SIGNIFICANT WEATHER WAS OBSERVED.


RELATIVE HUMIDITY (PERCENT)
 HIGHEST    93           600 AM
 LOWEST     60          1200 PM
 AVERAGE    77

..........................................................


THE ISLIP NY CLIMATE NORMALS FOR TODAY
                         NORMAL    RECORD    YEAR
 MAXIMUM TEMPERATURE (F)   69        82      1986
 MINIMUM TEMPERATURE (F)   51        40      2000
                                             1992


SUNRISE AND SUNSET
SEPTEMBER 30 2014.....SUNRISE   648 AM EDT   SUNSET   636 PM EDT
OCTOBER  1 2014.......SUNRISE   649 AM EDT   SUNSET   635 PM EDT


-  INDICATES NEGATIVE NUMBERS.
R  INDICATES RECORD WAS SET OR TIED.
MM INDICATES DATA IS MISSING.
T  INDICATES TRACE AMOUNT.




$$
