000
CDUS41 KOKX 170622
CLIISP


CLIMATE REPORT
NATIONAL WEATHER SERVICE NEW YORK NY
222 AM EDT THU APR 17 2014


...................................

...THE ISLIP NY CLIMATE SUMMARY FOR APRIL 16 2014...

CLIMATE NORMAL PERIOD 1981 TO 2010
CLIMATE RECORD PERIOD 1986 TO 2014


WEATHER ITEM   OBSERVED TIME   RECORD YEAR NORMAL DEPARTURE LAST
                VALUE   (LST)  VALUE       VALUE  FROM      YEAR
                                                  NORMAL
..................................................................
TEMPERATURE (F)
 YESTERDAY
  MAXIMUM         46    433 PM  88    2002  58    -12       59
  MINIMUM         32R   608 AM  32    2008  41     -9       41
                                      1997
  AVERAGE         39                        49    -10       50

PRECIPITATION (IN)
  YESTERDAY        0.22          2.31 1996   0.14   0.08     0.00
  MONTH TO DATE    2.08                      2.41  -0.33     1.24
  SINCE MAR 1      7.98                      6.85   1.13     3.88
  SINCE JAN 1     16.32                     13.75   2.57    12.01

SNOWFALL (IN)
  YESTERDAY        T            MM      MM   0.1   -0.1      0.0
  MONTH TO DATE    T                         0.5   -0.5      0.0
  SINCE OCT 1     63.5                      24.7   38.8     46.9
  SINCE JUL 1     63.5                      24.7   38.8     46.9
  SNOW DEPTH       0

DEGREE DAYS
 HEATING
  YESTERDAY       26                        16     10       15
  MONTH TO DATE  259                       291    -32      272
  SINCE MAR 1   1156                      1088     68     1092
  SINCE JUL 1   5109                      4983    126     4705

 COOLING
  YESTERDAY        0                         0      0        0
  MONTH TO DATE    0                         0      0        1
  SINCE MAR 1      0                         0      0        1
  SINCE JAN 1      0                         0      0        1
..................................................................


WIND (MPH)
  HIGHEST WIND SPEED    25   HIGHEST WIND DIRECTION    NW (330)
  HIGHEST GUST SPEED    38   HIGHEST GUST DIRECTION    NW (330)
  AVERAGE WIND SPEED    15.3


SKY COVER
  AVERAGE SKY COVER 0.4


WEATHER CONDITIONS
 THE FOLLOWING WEATHER WAS RECORDED YESTERDAY.
  RAIN
  LIGHT RAIN
  LIGHT SNOW
  SLEET
  FOG


RELATIVE HUMIDITY (PERCENT)
 HIGHEST    89          1200 AM
 LOWEST     26           400 PM
 AVERAGE    58

..........................................................


THE ISLIP NY CLIMATE NORMALS FOR TODAY
                         NORMAL    RECORD    YEAR
 MAXIMUM TEMPERATURE (F)   58        94      2002
 MINIMUM TEMPERATURE (F)   41        30      2005


SUNRISE AND SUNSET
APRIL 17 2014.........SUNRISE   611 AM EDT   SUNSET   734 PM EDT
APRIL 18 2014.........SUNRISE   609 AM EDT   SUNSET   735 PM EDT


-  INDICATES NEGATIVE NUMBERS.
R  INDICATES RECORD WAS SET OR TIED.
MM INDICATES DATA IS MISSING.
T  INDICATES TRACE AMOUNT.




$$
