000
CDUS41 KOKX 300621
CLIISP


CLIMATE REPORT
NATIONAL WEATHER SERVICE NEW YORK NY
121 AM EST FRI JAN 30 2015


...................................

...THE ISLIP NY CLIMATE SUMMARY FOR JANUARY 29 2015...

CLIMATE NORMAL PERIOD 1981 TO 2010
CLIMATE RECORD PERIOD 1986 TO 2015


WEATHER ITEM   OBSERVED TIME   RECORD YEAR NORMAL DEPARTURE LAST
                VALUE   (LST)  VALUE       VALUE  FROM      YEAR
                                                  NORMAL
..................................................................
TEMPERATURE (F)
 YESTERDAY
  MAXIMUM         35   1159 PM  69    2002  38     -3       23
  MINIMUM          8    723 AM   3    2005  23    -15       14
  AVERAGE         22                        31     -9       19

PRECIPITATION (IN)
  YESTERDAY        0.00          1.25 1990   0.11  -0.11     0.11
  MONTH TO DATE    5.24                      3.42   1.82     3.98
  SINCE DEC 1     11.36                      7.48   3.88     9.78
  SINCE JAN 1      5.24                      3.42   1.82     3.98

SNOWFALL (IN)
  YESTERDAY        0.0           1.5  2014   0.3   -0.3      1.5
  MONTH TO DATE   29.8                       6.3   23.5     25.2
  SINCE OCT 1     30.2                      12.2   18.0     33.6
  SINCE JUL 1     30.2                      12.2   18.0     33.6
  SNOW DEPTH      22

DEGREE DAYS
 HEATING
  YESTERDAY       43                        34      9       46
  MONTH TO DATE 1034                       999     35     1070
  SINCE DEC 1   1816                      1910    -94     1928
  SINCE JUL 1   2729                      2926   -197     2892

 COOLING
  YESTERDAY        0                         0      0        0
  MONTH TO DATE    0                         0      0        0
  SINCE DEC 1      0                         0      0        0
  SINCE JAN 1      0                         0      0        0
..................................................................


WIND (MPH)
  HIGHEST WIND SPEED    14   HIGHEST WIND DIRECTION     N (360)
  HIGHEST GUST SPEED    17   HIGHEST GUST DIRECTION     N (350)
  AVERAGE WIND SPEED     5.4


SKY COVER
  AVERAGE SKY COVER 0.6


WEATHER CONDITIONS
 THE FOLLOWING WEATHER WAS RECORDED YESTERDAY.
  NO SIGNIFICANT WEATHER WAS OBSERVED.


RELATIVE HUMIDITY (PERCENT)
 HIGHEST    85           900 PM
 LOWEST     32           100 PM
 AVERAGE    59

..........................................................


THE ISLIP NY CLIMATE NORMALS FOR TODAY
                         NORMAL    RECORD    YEAR
 MAXIMUM TEMPERATURE (F)   38        62      2006
 MINIMUM TEMPERATURE (F)   23         9      2014


SUNRISE AND SUNSET
JANUARY 30 2015.......SUNRISE   705 AM EST   SUNSET   507 PM EST
JANUARY 31 2015.......SUNRISE   704 AM EST   SUNSET   508 PM EST


-  INDICATES NEGATIVE NUMBERS.
R  INDICATES RECORD WAS SET OR TIED.
MM INDICATES DATA IS MISSING.
T  INDICATES TRACE AMOUNT.




$$
