000
CDCA42 TJSJ 290429
CLIIST


CLIMATE REPORT
NATIONAL WEATHER SERVICE SAN JUAN, PR
1229 AM AST SAT APR 29 2017


...................................

...THE CYRIL E. KING AP/ST THOMAS  CLIMATE SUMMARY FOR APRIL 28 2017...

CLIMATE NORMAL PERIOD 1981 TO 2010
CLIMATE RECORD PERIOD 1953 TO 2017


WEATHER ITEM   OBSERVED TIME   RECORD YEAR NORMAL DEPARTURE LAST
                VALUE   (LST)  VALUE       VALUE  FROM      YEAR
                                                  NORMAL
..................................................................
TEMPERATURE (F)
 YESTERDAY
  MAXIMUM         83    259 PM  94    1994  87     -4       87
  MINIMUM         74    128 PM  70    1989  75     -1       80
  AVERAGE         79                        81     -2       84

PRECIPITATION (IN)
  YESTERDAY        0.16          3.05 1986   0.13   0.03     0.04
  MONTH TO DATE    0.82                      2.50  -1.68     2.11
  SINCE MAR 1      6.65                      3.92   2.73     4.54
  SINCE JAN 1      9.33                      7.73   1.60     7.67

SNOWFALL (IN)
  YESTERDAY        0.0                       0.0    0.0      0.0
  MONTH TO DATE    0.0                       0.0    0.0      0.0
  SINCE MAR 1      0.0                       0.0    0.0      0.0
  SINCE JUL 1      0.0                       0.0    0.0      0.0

DEGREE DAYS
 HEATING
  YESTERDAY        0                         0      0        0
  MONTH TO DATE    0                         0      0        0
  SINCE MAR 1      0                         0      0        0
  SINCE JUL 1      0                         0      0        0

 COOLING
  YESTERDAY       14                        16     -2       19
  MONTH TO DATE  414                       437    -23      485
  SINCE MAR 1    825                       882    -57      978
  SINCE JAN 1   1621                      1696    -75     1693
..................................................................


WIND (MPH)
  HIGHEST WIND SPEED    25   HIGHEST WIND DIRECTION    SE (130)
  HIGHEST GUST SPEED    32   HIGHEST GUST DIRECTION    SE (120)
  AVERAGE WIND SPEED    12.7


SKY COVER
  AVERAGE SKY COVER 0.5


WEATHER CONDITIONS
 THE FOLLOWING WEATHER WAS RECORDED YESTERDAY.
  HEAVY RAIN
  RAIN
  LIGHT RAIN
  FOG


RELATIVE HUMIDITY (PERCENT)
 HIGHEST   100
 LOWEST     69
 AVERAGE    85

..........................................................


THE CYRIL E. KING AP/ST THOMAS  CLIMATE NORMALS FOR TODAY
                         NORMAL    RECORD    YEAR
 MAXIMUM TEMPERATURE (F)   87        96      1994
 MINIMUM TEMPERATURE (F)   75        69      1990


SUNRISE AND SUNSET
APRIL 29 2017.........SUNRISE   554 AM AST   SUNSET   641 PM AST
APRIL 30 2017.........SUNRISE   553 AM AST   SUNSET   641 PM AST


-  INDICATES NEGATIVE NUMBERS.
R  INDICATES RECORD WAS SET OR TIED.
MM INDICATES DATA IS MISSING.
T  INDICATES TRACE AMOUNT.




$$
