000
CDCA42 TJSJ 290450
CLIISX


CLIMATE REPORT
NATIONAL WEATHER SERVICE SAN JUAN, PR
1249 AM AST THU JAN 29 2015


...................................

...THE HENRY E. ROHLSEN AIRPORT/USVI CLIMATE SUMMARY FOR JANUARY 28 2015...

CLIMATE NORMAL PERIOD 1981 TO 2010
CLIMATE RECORD PERIOD 1951 TO 2015


WEATHER ITEM   OBSERVED TIME   RECORD YEAR NORMAL DEPARTURE LAST
                VALUE   (LST)  VALUE       VALUE  FROM      YEAR
                                                  NORMAL
..................................................................
TEMPERATURE (F)
 YESTERDAY
  MAXIMUM         85    137 PM  88    1998  84      1       85
  MINIMUM         71    102 AM  63    1979  72     -1       75
  AVERAGE         78                        78      0       80

PRECIPITATION (IN)
  YESTERDAY        0.00          0.48 2002   0.06  -0.06     0.00
  MONTH TO DATE    0.91                      1.97  -1.06     1.06
  SINCE DEC 1      6.54                      4.94   1.60     7.70
  SINCE JAN 1      0.91                      1.97  -1.06     1.06

SNOWFALL (IN)
  YESTERDAY        0.0                       0.0    0.0      0.0
  MONTH TO DATE    0.0                       0.0    0.0      0.0
  SINCE DEC 1      0.0                       0.0    0.0      0.0
  SINCE JUL 1      0.0                       0.0    0.0      0.0

DEGREE DAYS
 HEATING
  YESTERDAY        0                         0      0        0
  MONTH TO DATE    0                         0      0        0
  SINCE DEC 1      0                         0      0        0
  SINCE JUL 1      0                         0      0        0

 COOLING
  YESTERDAY       13                        13      0       15
  MONTH TO DATE  368                       364      4      397
  SINCE DEC 1    777                       800    -23      865
  SINCE JAN 1    368                       364      4      397
..................................................................


WIND (MPH)
  HIGHEST WIND SPEED    16   HIGHEST WIND DIRECTION     E (110)
  HIGHEST GUST SPEED    32   HIGHEST GUST DIRECTION     E (100)
  AVERAGE WIND SPEED     8.3


SKY COVER
  AVERAGE SKY COVER  MM


WEATHER CONDITIONS
 THE FOLLOWING WEATHER WAS RECORDED YESTERDAY.
  NO SIGNIFICANT WEATHER WAS OBSERVED.


RELATIVE HUMIDITY (PERCENT)
 HIGHEST    MM
 LOWEST     MM
 AVERAGE    MM

..........................................................


THE HENRY E. ROHLSEN AIRPORT/USVI CLIMATE NORMALS FOR TODAY
                         NORMAL    RECORD    YEAR
 MAXIMUM TEMPERATURE (F)   84        89      1973
 MINIMUM TEMPERATURE (F)   72        64      1979


SUNRISE AND SUNSET
JANUARY 29 2015.......SUNRISE   652 AM AST   SUNSET   612 PM AST
JANUARY 30 2015.......SUNRISE   652 AM AST   SUNSET   613 PM AST


-  INDICATES NEGATIVE NUMBERS.
R  INDICATES RECORD WAS SET OR TIED.
MM INDICATES DATA IS MISSING.
T  INDICATES TRACE AMOUNT.




$$
