000
CDHW43 PHFO 251245
CLIITO


CLIMATE REPORT
NATIONAL WEATHER SERVICE HONOLULU HI
245 AM HST TUE NOV 25 2014


...................................

...THE HILO HI CLIMATE SUMMARY FOR NOVEMBER 24 2014...

CLIMATE NORMAL PERIOD 1981 TO 2010
CLIMATE RECORD PERIOD 1946 TO 2014


WEATHER ITEM   OBSERVED TIME   RECORD YEAR NORMAL DEPARTURE LAST
                VALUE   (LST)  VALUE       VALUE  FROM      YEAR
                                                  NORMAL
..................................................................
TEMPERATURE (F)
 YESTERDAY
  MAXIMUM         82    306 PM  86    1977  80      2       84
                                      1964
  MINIMUM         62R   626 AM  62    1983  67     -5       68
  AVERAGE         72                        74     -2       76

PRECIPITATION (IN)
  YESTERDAY        0.03          2.30 1971   0.50  -0.47      T
  MONTH TO DATE    7.04                     12.60  -5.56     6.33
  SINCE SEP 1     26.04                     32.31  -6.27    16.77
  SINCE JAN 1    107.15                    112.25  -5.10    81.65

SNOWFALL (IN)
  YESTERDAY        0.0
  MONTH TO DATE    0.0
  SINCE SEP 1      0.0
  SINCE JUL 1      0.0
  SNOW DEPTH       0

DEGREE DAYS
 HEATING
  YESTERDAY        0                         0      0        0
  MONTH TO DATE    0                         0      0        0
  SINCE SEP 1      0                         0      0        0
  SINCE JUL 1      0                         0      0        0

 COOLING
  YESTERDAY        7                         8     -1       11
  MONTH TO DATE  235                       223     12      246
  SINCE SEP 1   1084                       886    198     1005
  SINCE JAN 1   3361                      2958    403     3218
..................................................................


WIND (MPH)
  HIGHEST WIND SPEED    18   HIGHEST WIND DIRECTION     N (340)
  HIGHEST GUST SPEED    23   HIGHEST GUST DIRECTION     N (20)
  AVERAGE WIND SPEED     9.0


SKY COVER
  POSSIBLE SUNSHINE  MM
  AVERAGE SKY COVER 0.3


WEATHER CONDITIONS
 THE FOLLOWING WEATHER WAS RECORDED YESTERDAY.
  RAIN
  LIGHT RAIN
  FOG


RELATIVE HUMIDITY (PERCENT)
 HIGHEST    93           200 AM
 LOWEST     58           900 AM
 AVERAGE    76

..........................................................


THE HILO HI CLIMATE NORMALS FOR TODAY
                         NORMAL    RECORD    YEAR
 MAXIMUM TEMPERATURE (F)   80        87      1977
 MINIMUM TEMPERATURE (F)   67        60      1993


SUNRISE AND SUNSET
NOVEMBER 25 2014......SUNRISE   635 AM HST   SUNSET   540 PM HST
NOVEMBER 26 2014......SUNRISE   635 AM HST   SUNSET   540 PM HST


-  INDICATES NEGATIVE NUMBERS.
R  INDICATES RECORD WAS SET OR TIED.
MM INDICATES DATA IS MISSING.
T  INDICATES TRACE AMOUNT.




$$
