000
CDHW43 PHFO 250227
CLIITO


CLIMATE REPORT
NATIONAL WEATHER SERVICE HONOLULU HI
426 PM HST FRI NOV 24 2017


...................................

...THE HILO HI CLIMATE SUMMARY FOR NOVEMBER 24 2017...
VALID TODAY AS OF 0400 PM LOCAL TIME.

CLIMATE NORMAL PERIOD 1981 TO 2010
CLIMATE RECORD PERIOD 1946 TO 2017


WEATHER ITEM   OBSERVED TIME   RECORD YEAR NORMAL DEPARTURE LAST
                VALUE   (LST)  VALUE       VALUE  FROM      YEAR
                                                  NORMAL
..................................................................
TEMPERATURE (F)
 TODAY
  MAXIMUM         77    302 PM  86    1977  80     -3       80
                                      1964
  MINIMUM         65    343 AM  62    1983  67     -2       67
  AVERAGE         71                        74     -3       74

PRECIPITATION (IN)
  TODAY            0.06          2.30 1971   0.50  -0.44     0.44
  MONTH TO DATE   10.98                     12.60  -1.62     5.60
  SINCE SEP 1     32.08                     32.31  -0.23    35.47
  SINCE JAN 1     85.70                    112.25 -26.55   103.56

SNOWFALL (IN)
  TODAY            0.0
  MONTH TO DATE    0.0
  SINCE SEP 1      0.0
  SINCE JUL 1      0.0
  SNOW DEPTH      MM

DEGREE DAYS
 HEATING
  TODAY            0                         0      0        0
  MONTH TO DATE    0                         0      0        0
  SINCE SEP 1      0                         0      0        0
  SINCE JUL 1      0                         0      0        0

 COOLING
  TODAY            6                         8     -2        9
  MONTH TO DATE  196                       223    -27      233
  SINCE SEP 1    924                       886     38      959
  SINCE JAN 1   3340                      2958    382     3710
..................................................................


WIND (MPH)
  HIGHEST WIND SPEED    18   HIGHEST WIND DIRECTION    NE (40)
  HIGHEST GUST SPEED    24   HIGHEST GUST DIRECTION    NE (40)
  AVERAGE WIND SPEED    MM


SKY COVER
  POSSIBLE SUNSHINE  MM
  AVERAGE SKY COVER  MM


WEATHER CONDITIONS
 THE FOLLOWING WEATHER WAS RECORDED TODAY.
  FOG
  HAZE


RELATIVE HUMIDITY (PERCENT)
 HIGHEST    MM
 LOWEST     MM
 AVERAGE    MM

..........................................................


THE HILO HI CLIMATE NORMALS FOR TOMORROW
                         NORMAL    RECORD    YEAR
 MAXIMUM TEMPERATURE (F)   80        87      1977
 MINIMUM TEMPERATURE (F)   67        60      1993


SUNRISE AND SUNSET
NOVEMBER 24 2017......SUNRISE   634 AM HST   SUNSET   540 PM HST
NOVEMBER 25 2017......SUNRISE   635 AM HST   SUNSET   540 PM HST


-  INDICATES NEGATIVE NUMBERS.
R  INDICATES RECORD WAS SET OR TIED.
MM INDICATES DATA IS MISSING.
T  INDICATES TRACE AMOUNT.




$$
