000
CDHW43 PHFO 291245
CLIITO


CLIMATE REPORT
NATIONAL WEATHER SERVICE HONOLULU HI
245 AM HST SUN MAR 29 2015


...................................

...THE HILO HI CLIMATE SUMMARY FOR MARCH 28 2015...

CLIMATE NORMAL PERIOD 1981 TO 2010
CLIMATE RECORD PERIOD 1946 TO 2015


WEATHER ITEM   OBSERVED TIME   RECORD YEAR NORMAL DEPARTURE LAST
                VALUE   (LST)  VALUE       VALUE  FROM      YEAR
                                                  NORMAL
..................................................................
TEMPERATURE (F)
 YESTERDAY
  MAXIMUM         82    300 PM  87    1974  79      3       82
  MINIMUM         65    432 AM  60    1962  65      0       64
  AVERAGE         74                        72      2       73

PRECIPITATION (IN)
  YESTERDAY        0.18          1.60 2005   0.45  -0.27     1.41
  MONTH TO DATE    8.74                     12.07  -3.33    14.81
  SINCE MAR 1      8.74                     12.07  -3.33    14.81
  SINCE JAN 1     16.83                     30.89 -14.06    23.04

SNOWFALL (IN)
  YESTERDAY        0.0
  MONTH TO DATE    0.0
  SINCE MAR 1      0.0
  SINCE JUL 1      0.0
  SNOW DEPTH       0

DEGREE DAYS
 HEATING
  YESTERDAY        0                         0      0        0
  MONTH TO DATE    0                         0      0        0
  SINCE MAR 1      0                         0      0        0
  SINCE JUL 1      0                         0      0        0

 COOLING
  YESTERDAY        9                         7      2        8
  MONTH TO DATE  210                       193     17      215
  SINCE MAR 1    210                       193     17      215
  SINCE JAN 1    736                       563    173      673
..................................................................


WIND (MPH)
  HIGHEST WIND SPEED    16   HIGHEST WIND DIRECTION     E (110)
  HIGHEST GUST SPEED    20   HIGHEST GUST DIRECTION     E (110)
  AVERAGE WIND SPEED     6.3


SKY COVER
  POSSIBLE SUNSHINE  MM
  AVERAGE SKY COVER 0.7


WEATHER CONDITIONS
 THE FOLLOWING WEATHER WAS RECORDED YESTERDAY.
  LIGHT RAIN
  FOG


RELATIVE HUMIDITY (PERCENT)
 HIGHEST    93           400 AM
 LOWEST     58           300 PM
 AVERAGE    76

..........................................................


THE HILO HI CLIMATE NORMALS FOR TODAY
                         NORMAL    RECORD    YEAR
 MAXIMUM TEMPERATURE (F)   79        86      2002
 MINIMUM TEMPERATURE (F)   65        60      2012


SUNRISE AND SUNSET
MARCH 29 2015.........SUNRISE   617 AM HST   SUNSET   634 PM HST
MARCH 30 2015.........SUNRISE   616 AM HST   SUNSET   634 PM HST


-  INDICATES NEGATIVE NUMBERS.
R  INDICATES RECORD WAS SET OR TIED.
MM INDICATES DATA IS MISSING.
T  INDICATES TRACE AMOUNT.




$$
