000
CDHW43 PHFO 241245
CLIITO


CLIMATE REPORT
NATIONAL WEATHER SERVICE HONOLULU HI
245 AM HST FRI OCT 24 2014


...................................

...THE HILO HI CLIMATE SUMMARY FOR OCTOBER 23 2014...

CLIMATE NORMAL PERIOD 1981 TO 2010
CLIMATE RECORD PERIOD 1946 TO 2014


WEATHER ITEM   OBSERVED TIME   RECORD YEAR NORMAL DEPARTURE LAST
                VALUE   (LST)  VALUE       VALUE  FROM      YEAR
                                                  NORMAL
..................................................................
TEMPERATURE (F)
 YESTERDAY
  MAXIMUM         85    245 PM  87    2003  82      3       84
  MINIMUM         72   1159 PM  64    2008  68      4       69
                                      2001
                                      1998
  AVERAGE         79                        75      4       77

PRECIPITATION (IN)
  YESTERDAY        0.15          5.32 1958   0.32  -0.17     0.19
  MONTH TO DATE    9.86                      6.84   3.02     4.66
  SINCE SEP 1     13.90                     16.78  -2.88     8.30
  SINCE JAN 1     95.01                     96.72  -1.71    73.18

SNOWFALL (IN)
  YESTERDAY        0.0
  MONTH TO DATE    0.0
  SINCE SEP 1      0.0
  SINCE JUL 1      0.0
  SNOW DEPTH       0

DEGREE DAYS
 HEATING
  YESTERDAY        0                         0      0        0
  MONTH TO DATE    0                         0      0        0
  SINCE SEP 1      0                         0      0        0
  SINCE JUL 1      0                         0      0        0

 COOLING
  YESTERDAY       14                        10      4       12
  MONTH TO DATE  307                       248     59      278
  SINCE SEP 1    751                       584    167      661
  SINCE JAN 1   3028                      2656    372     2874
..................................................................


WIND (MPH)
  HIGHEST WIND SPEED    15   HIGHEST WIND DIRECTION    NE (40)
  HIGHEST GUST SPEED    20   HIGHEST GUST DIRECTION    NE (50)
  AVERAGE WIND SPEED     6.4


SKY COVER
  POSSIBLE SUNSHINE  MM
  AVERAGE SKY COVER 0.8


WEATHER CONDITIONS
 THE FOLLOWING WEATHER WAS RECORDED YESTERDAY.
  RAIN
  LIGHT RAIN
  FOG


RELATIVE HUMIDITY (PERCENT)
 HIGHEST    93           100 AM
 LOWEST     61          1200 PM
 AVERAGE    77

..........................................................


THE HILO HI CLIMATE NORMALS FOR TODAY
                         NORMAL    RECORD    YEAR
 MAXIMUM TEMPERATURE (F)   82        86      2003
                                             1994
                                             1993
 MINIMUM TEMPERATURE (F)   68        62      1980


SUNRISE AND SUNSET
OCTOBER 24 2014.......SUNRISE   618 AM HST   SUNSET   550 PM HST
OCTOBER 25 2014.......SUNRISE   618 AM HST   SUNSET   550 PM HST


-  INDICATES NEGATIVE NUMBERS.
R  INDICATES RECORD WAS SET OR TIED.
MM INDICATES DATA IS MISSING.
T  INDICATES TRACE AMOUNT.




$$
