120
CDHW43 PHFO 050248
CLIITO


CLIMATE REPORT
NATIONAL WEATHER SERVICE HONOLULU HI
438 PM HST THU FEB 4 2016


...................................

...THE HILO HI CLIMATE SUMMARY FOR FEBRUARY 4 2016...
VALID TODAY AS OF 0400 PM LOCAL TIME.

CLIMATE NORMAL PERIOD 1981 TO 2010
CLIMATE RECORD PERIOD 1946 TO 2016


WEATHER ITEM   OBSERVED TIME   RECORD YEAR NORMAL DEPARTURE LAST
                VALUE   (LST)  VALUE       VALUE  FROM      YEAR
                                                  NORMAL
..................................................................
TEMPERATURE (F)
 TODAY
  MAXIMUM         86   1216 PM  91    1991  79      7       86
  MINIMUM         63    704 AM  57    1993  63      0       67
                                      1958
  AVERAGE         75                        71      4       77

PRECIPITATION (IN)
  TODAY            0.00          3.50 2008   0.34  -0.34     0.00
  MONTH TO DATE    0.76                      1.36  -0.60      T
  SINCE DEC 1     16.15                     22.19  -6.04     8.90
  SINCE JAN 1      2.05                     10.62  -8.57     2.80

SNOWFALL (IN)
  TODAY            0.0
  MONTH TO DATE    0.0
  SINCE DEC 1      0.0
  SINCE JUL 1      0.0
  SNOW DEPTH       0

DEGREE DAYS
 HEATING
  TODAY            0                         0      0        0
  MONTH TO DATE    0                         0      0        0
  SINCE DEC 1      0                         0      0        0
  SINCE JUL 1      0                         0      0        0

 COOLING
  TODAY           10                         6      4       12
  MONTH TO DATE   40                        24     16       44
  SINCE DEC 1    633                       447    186      543
  SINCE JAN 1    327                       222    105      302
..................................................................


WIND (MPH)
  HIGHEST WIND SPEED    15   HIGHEST WIND DIRECTION     E (80)
  HIGHEST GUST SPEED    19   HIGHEST GUST DIRECTION     E (80)
  AVERAGE WIND SPEED     7.9


SKY COVER
  POSSIBLE SUNSHINE  MM
  AVERAGE SKY COVER 0.2


WEATHER CONDITIONS
 THE FOLLOWING WEATHER WAS RECORDED TODAY.
  NO SIGNIFICANT WEATHER WAS OBSERVED.


RELATIVE HUMIDITY (PERCENT)
 HIGHEST    78          1200 AM
 LOWEST     44          1200 PM
 AVERAGE    61

..........................................................


THE HILO HI CLIMATE NORMALS FOR TOMORROW
                         NORMAL    RECORD    YEAR
 MAXIMUM TEMPERATURE (F)   79        87      1960
 MINIMUM TEMPERATURE (F)   63        57      1958


SUNRISE AND SUNSET
FEBRUARY  4 2016......SUNRISE   654 AM HST   SUNSET   614 PM HST
FEBRUARY  5 2016......SUNRISE   654 AM HST   SUNSET   615 PM HST


-  INDICATES NEGATIVE NUMBERS.
R  INDICATES RECORD WAS SET OR TIED.
MM INDICATES DATA IS MISSING.
T  INDICATES TRACE AMOUNT.




$$
