000
CDUS43 KGLD 270746
CLIITR

CLIMATE REPORT
NATIONAL WEATHER SERVICE GOODLAND
143 AM MDT SAT AUG 27 2016


...................................

...THE BURLINGTON CO CLIMATE SUMMARY FOR AUGUST 26 2016...

CLIMATE NORMAL PERIOD 1981 TO 2010
CLIMATE RECORD PERIOD 1896 TO 2016


WEATHER ITEM   OBSERVED TIME   RECORD YEAR NORMAL DEPARTURE LAST
                VALUE   (LST)  VALUE       VALUE  FROM      YEAR
                                                  NORMAL
..................................................................
TEMPERATURE (F)
 YESTERDAY
  MAXIMUM         77    250 PM 101    1919  84     -7       96
  MINIMUM         51   1159 PM  43    1942  56     -5       57
  AVERAGE         64                        70     -6       77

PRECIPITATION (IN)
  YESTERDAY        0.00                      0.07  -0.07     0.00
  MONTH TO DATE    0.43                      2.03  -1.60     0.81
  SINCE JUN 1      6.59                      8.04  -1.45     8.37
  SINCE JAN 1     14.83                     13.77   1.06    19.39

..................................................................


THE BURLINGTON CO CLIMATE NORMALS FOR TODAY
                         NORMAL    RECORD    YEAR
 MAXIMUM TEMPERATURE (F)   84       100      1926
 MINIMUM TEMPERATURE (F)   56        40      1992



-  INDICATES NEGATIVE NUMBERS.
R  INDICATES RECORD WAS SET OR TIED.
MM INDICATES DATA IS MISSING.
T  INDICATES TRACE AMOUNT.

$$
