000
CDUS43 KGLD 220746
CLIITR

CLIMATE REPORT
NATIONAL WEATHER SERVICE GOODLAND
143 AM MDT THU JUN 22 2017


...................................

...THE BURLINGTON CO CLIMATE SUMMARY FOR JUNE 21 2017...

CLIMATE NORMAL PERIOD 1981 TO 2010
CLIMATE RECORD PERIOD 1896 TO 2017


WEATHER ITEM   OBSERVED TIME   RECORD YEAR NORMAL DEPARTURE LAST
                VALUE   (LST)  VALUE       VALUE  FROM      YEAR
                                                  NORMAL
..................................................................
TEMPERATURE (F)
 YESTERDAY
  MAXIMUM         99    335 PM 104    2016  85     14      104
  MINIMUM         64    458 AM  45    1926  56      8       63
  AVERAGE         82                        70     12       84

PRECIPITATION (IN)
  YESTERDAY        T                         0.10  -0.10     0.00
  MONTH TO DATE    2.95                      2.04   0.91     1.05
  SINCE JUN 1      2.95                      2.04   0.91     1.05
  SINCE JAN 1     14.29                      7.77   6.52     9.29

..................................................................


THE BURLINGTON CO CLIMATE NORMALS FOR TODAY
                         NORMAL    RECORD    YEAR
 MAXIMUM TEMPERATURE (F)   85       102      1937
 MINIMUM TEMPERATURE (F)   56        42      1957



-  INDICATES NEGATIVE NUMBERS.
R  INDICATES RECORD WAS SET OR TIED.
MM INDICATES DATA IS MISSING.
T  INDICATES TRACE AMOUNT.

$$
