000
CDUS43 KGLD 230754 RRA
CLIITR

CLIMATE REPORT
NATIONAL WEATHER SERVICE GOODLAND
1249 AM MST SUN NOV 23 2014


...................................

...THE BURLINGTON CO CLIMATE SUMMARY FOR NOVEMBER 22 2014...

CLIMATE NORMAL PERIOD 1981 TO 2010
CLIMATE RECORD PERIOD 1896 TO 2014


WEATHER ITEM   OBSERVED TIME   RECORD YEAR NORMAL DEPARTURE LAST
                VALUE   (LST)  VALUE       VALUE  FROM      YEAR
                                                  NORMAL
..................................................................
TEMPERATURE (F)
 YESTERDAY
  MAXIMUM         66    208 PM  80    1998  49     17       31
  MINIMUM         29   1203 AM  -7    1929  21      8       13
  AVERAGE         48                        35     13       22

PRECIPITATION (IN)
  YESTERDAY        0.00                      0.02  -0.02     0.00
  MONTH TO DATE    T                         0.50  -0.50     0.19
  SINCE SEP 1      1.76                      2.79  -1.03     6.26
  SINCE JAN 1     11.66                     16.94  -5.28    16.71

..................................................................


THE BURLINGTON CO CLIMATE NORMALS FOR TODAY
                         NORMAL    RECORD    YEAR
 MAXIMUM TEMPERATURE (F)   49        72      1925
 MINIMUM TEMPERATURE (F)   21         2      2003
                                             1941


-  INDICATES NEGATIVE NUMBERS.
R  INDICATES RECORD WAS SET OR TIED.
MM INDICATES DATA IS MISSING.
T  INDICATES TRACE AMOUNT.

$$
