000
CDUS44 KJAN 172207
CLIJAN


CLIMATE REPORT
NATIONAL WEATHER SERVICE JACKSON MS
507 PM CDT THU AUG 17 2017


...................................

...THE JACKSON CLIMATE SUMMARY FOR AUGUST 17 2017...
VALID AS OF 0500 PM LOCAL TIME.

CLIMATE NORMAL PERIOD 1981 TO 2010
CLIMATE RECORD PERIOD 1896 TO 2017


WEATHER ITEM   OBSERVED TIME   RECORD YEAR NORMAL DEPARTURE LAST
                VALUE   (LST)  VALUE       VALUE  FROM      YEAR
                                                  NORMAL
..................................................................
TEMPERATURE (F)
 TODAY
  MAXIMUM         93    159 PM 104    1952  92      1       92
  MINIMUM         72    127 AM  56    2004  71      1       72
  AVERAGE         83                        81      2       82

PRECIPITATION (IN)
  TODAY            T             2.18 2012   0.14  -0.14     0.00
  MONTH TO DATE    5.22                      2.56   2.66     5.77
  SINCE JUN 1     20.90                     11.49   9.41    17.10
  SINCE JAN 1     52.39                     35.60  16.79    49.55

SNOWFALL (IN)
  TODAY            0.0           0.0  2002   0.0    0.0      0.0
                                      2001
  MONTH TO DATE    0.0                       0.0    0.0      0.0
  SINCE JUN 1      0.0                       0.0    0.0      0.0
  SINCE JUL 1      0.0                       0.0    0.0      0.0

DEGREE DAYS
 HEATING
  TODAY            0                         0      0        0
  MONTH TO DATE    0                         0      0        0
  SINCE JUN 1      0                         0      0        0
  SINCE JUL 1      0                         0      0        0

 COOLING
  TODAY           18                        16      2       17
  MONTH TO DATE  279                       287     -8      317
  SINCE JUN 1   1214                      1224    -10     1426
  SINCE JAN 1   1710                      1582    128     1814
..................................................................


WIND (MPH)
  HIGHEST WIND SPEED    17   HIGHEST WIND DIRECTION    SW (230)
  HIGHEST GUST SPEED    24   HIGHEST GUST DIRECTION    NW (310)
  AVERAGE WIND SPEED     7.3


SKY COVER
  POSSIBLE SUNSHINE  MM
  AVERAGE SKY COVER 0.4


WEATHER CONDITIONS
 THE FOLLOWING WEATHER WAS RECORDED TODAY.
  THUNDERSTORM


RELATIVE HUMIDITY (PERCENT)
 HIGHEST   100           400 AM
 LOWEST     64          1200 PM
 AVERAGE    82

..........................................................


THE JACKSON CLIMATE NORMALS FOR TOMORROW
                         NORMAL    RECORD    YEAR
 MAXIMUM TEMPERATURE (F)   92       105      1909
                                             1902
 MINIMUM TEMPERATURE (F)   71        60      1992


SUNRISE AND SUNSET
AUGUST 17 2017........SUNRISE   626 AM CDT   SUNSET   742 PM CDT
AUGUST 18 2017........SUNRISE   627 AM CDT   SUNSET   741 PM CDT


-  INDICATES NEGATIVE NUMBERS.
R  INDICATES RECORD WAS SET OR TIED.
MM INDICATES DATA IS MISSING.
T  INDICATES TRACE AMOUNT.




$$
