000
CDUS44 KJAN 240714
CLIJAN


CLIMATE REPORT
NATIONAL WEATHER SERVICE JACKSON MS
209 AM CDT THU APR 24 2014


...................................

...THE JACKSON CLIMATE SUMMARY FOR APRIL 23 2014...

CLIMATE NORMAL PERIOD 1981 TO 2010
CLIMATE RECORD PERIOD 1896 TO 2014


WEATHER ITEM   OBSERVED TIME   RECORD YEAR NORMAL DEPARTURE LAST
                VALUE   (LST)  VALUE       VALUE  FROM      YEAR
                                                  NORMAL
..................................................................
TEMPERATURE (F)
 YESTERDAY
  MAXIMUM         82    353 PM  93    1925  78      4       81
  MINIMUM         49    545 AM  35    1903  54     -5       61
  AVERAGE         66                        66      0       71

PRECIPITATION (IN)
  YESTERDAY        0.00          2.03 1988   0.14  -0.14     0.00
  MONTH TO DATE   10.42                      3.97   6.45     3.41
  SINCE MAR 1     16.07                      9.01   7.06     9.00
  SINCE JAN 1     23.12                     18.74   4.38    26.44

SNOWFALL (IN)
  YESTERDAY        0.0           0.0    MM   0.0    0.0      0.0
  MONTH TO DATE    0.0                       0.0    0.0      0.0
  SINCE MAR 1      T                         0.1   -0.1       T
  SINCE JUL 1      0.8                       0.8    0.0      1.7

DEGREE DAYS
 HEATING
  YESTERDAY        0                         2     -2        0
  MONTH TO DATE  108                        96     12      101
  SINCE MAR 1    451                       374     77      493
  SINCE JUL 1   2717                      2366    351     2244

 COOLING
  YESTERDAY        1                         3     -2        6
  MONTH TO DATE   42                        54    -12       71
  SINCE MAR 1     46                        81    -35       74
  SINCE JAN 1     52                        91    -39       88
..................................................................


WIND (MPH)
  HIGHEST WIND SPEED    12   HIGHEST WIND DIRECTION     N (10)
  HIGHEST GUST SPEED    17   HIGHEST GUST DIRECTION     N (20)
  AVERAGE WIND SPEED     2.5


SKY COVER
  POSSIBLE SUNSHINE  MM
  AVERAGE SKY COVER 0.1


WEATHER CONDITIONS
 THE FOLLOWING WEATHER WAS RECORDED YESTERDAY.
  FOG
  FOG W/VISIBILITY <= 1/4 MILE


RELATIVE HUMIDITY (PERCENT)
 HIGHEST   100           200 AM
 LOWEST     30           200 PM
 AVERAGE    65

..........................................................


THE JACKSON CLIMATE NORMALS FOR TODAY
                         NORMAL    RECORD    YEAR
 MAXIMUM TEMPERATURE (F)   78        93      1925
 MINIMUM TEMPERATURE (F)   55        39      1910


SUNRISE AND SUNSET
APRIL 24 2014.........SUNRISE   621 AM CDT   SUNSET   736 PM CDT
APRIL 25 2014.........SUNRISE   620 AM CDT   SUNSET   737 PM CDT


-  INDICATES NEGATIVE NUMBERS.
R  INDICATES RECORD WAS SET OR TIED.
MM INDICATES DATA IS MISSING.
T  INDICATES TRACE AMOUNT.

&&

AT 4 AM:

THE PEARL RIVER STAGE AT JACKSON WAS 24.5 FEET. THE RIVER HAS
FALLEN 2.5 FEET OVER THE PAST 24 HOURS.

THE MISSISSIPPI RIVER STAGE AT VICKSBURG WAS 37.3 FEET. THE RIVER
HAS FALLEN 0.7 FEET OVER THE PAST 24 HOURS.

$$
