000
CDUS44 KJAN 192107
CLIJAN


CLIMATE REPORT
NATIONAL WEATHER SERVICE JACKSON MS
406 PM CDT SUN OCT 19 2014


...................................

...THE JACKSON CLIMATE SUMMARY FOR OCTOBER 19 2014...
VALID TODAY AS OF 0400 PM LOCAL TIME.

CLIMATE NORMAL PERIOD 1981 TO 2010
CLIMATE RECORD PERIOD 1896 TO 2014


WEATHER ITEM   OBSERVED TIME   RECORD YEAR NORMAL DEPARTURE LAST
                VALUE   (LST)  VALUE       VALUE  FROM      YEAR
                                                  NORMAL
..................................................................
TEMPERATURE (F)
 TODAY
  MAXIMUM         73    236 PM  93    1921  76     -3       73
  MINIMUM         50    636 AM  31    1948  52     -2       48
  AVERAGE         62                        64     -2       61

PRECIPITATION (IN)
  TODAY            0.00          2.36 1970   0.13  -0.13      T
  MONTH TO DATE    2.98                      2.35   0.63     0.51
  SINCE SEP 1      4.70                      5.38  -0.68     7.88
  SINCE JAN 1     48.38                     42.66   5.72    51.54

SNOWFALL (IN)
  TODAY            0.0           0.0  2002   0.0    0.0      0.0
                                      2001
  MONTH TO DATE    0.0                       0.0    0.0      0.0
  SINCE SEP 1      0.0                       0.0    0.0      0.0
  SINCE JUL 1      0.0                       0.0    0.0      0.0

DEGREE DAYS
 HEATING
  TODAY            3                         4     -1        4
  MONTH TO DATE   17                        40    -23       20
  SINCE SEP 1     17                        47    -30       20
  SINCE JUL 1     17                        47    -30       20

 COOLING
  TODAY            0                         3     -3        0
  MONTH TO DATE  136                        80     56      127
  SINCE SEP 1    535                       407    128      550
  SINCE JAN 1   2265                      2206     59     2314
..................................................................


WIND (MPH)
  HIGHEST WIND SPEED    13   HIGHEST WIND DIRECTION     E (70)
  HIGHEST GUST SPEED    17   HIGHEST GUST DIRECTION     E (70)
  AVERAGE WIND SPEED     6.7


SKY COVER
  POSSIBLE SUNSHINE  MM
  AVERAGE SKY COVER 0.0


WEATHER CONDITIONS
 THE FOLLOWING WEATHER WAS RECORDED TODAY.
  NO SIGNIFICANT WEATHER WAS OBSERVED.


RELATIVE HUMIDITY (PERCENT)
 HIGHEST    89           700 AM
 LOWEST     38           200 PM
 AVERAGE    64

..........................................................


THE JACKSON CLIMATE NORMALS FOR TOMORROW
                         NORMAL    RECORD    YEAR
 MAXIMUM TEMPERATURE (F)   76        90      1941
                                             1939
 MINIMUM TEMPERATURE (F)   52        29      1989


SUNRISE AND SUNSET
OCTOBER 19 2014.......SUNRISE   707 AM CDT   SUNSET   623 PM CDT
OCTOBER 20 2014.......SUNRISE   708 AM CDT   SUNSET   622 PM CDT


-  INDICATES NEGATIVE NUMBERS.
R  INDICATES RECORD WAS SET OR TIED.
MM INDICATES DATA IS MISSING.
T  INDICATES TRACE AMOUNT.

&&

AT 4 PM:

THE PEARL RIVER STAGE AT JACKSON WAS 3.8 FEET. THE RIVER STAGE HAS
REMAINED STEADY OVER THE PAST 24 HOURS.

THE MISSISSIPPI RIVER STAGE AT VICKSBURG WAS 22.3 FEET. THE RIVER STAGE
HAS RISEN 0.5 FEET OVER THE PAST 24 HOURS.

THE AIR QUALITY INDEX AT JACKSON WAS 27...WHICH IS GOOD.


$$
