000
CDUS44 KJAN 190753
CLIJAN


CLIMATE REPORT
NATIONAL WEATHER SERVICE JACKSON MS
250 AM CDT THU OCT 19 2017


...................................

...THE JACKSON CLIMATE SUMMARY FOR OCTOBER 18 2017...

CLIMATE NORMAL PERIOD 1981 TO 2010
CLIMATE RECORD PERIOD 1896 TO 2017


WEATHER ITEM   OBSERVED TIME   RECORD YEAR NORMAL DEPARTURE LAST
                VALUE   (LST)  VALUE       VALUE  FROM      YEAR
                                                  NORMAL
..................................................................
TEMPERATURE (F)
 YESTERDAY
  MAXIMUM         80    300 PM  93    1926  77      3       91
  MINIMUM         49    601 AM  30    1948  52     -3       70
  AVERAGE         65                        64      1       81

PRECIPITATION (IN)
  YESTERDAY        0.00          1.38 1941   0.13  -0.13     0.00
  MONTH TO DATE    0.99                      2.22  -1.23      T
  SINCE SEP 1      2.16                      5.25  -3.09     0.33
  SINCE JAN 1     56.05                     42.53  13.52    53.53

SNOWFALL (IN)
  YESTERDAY        0.0           0.0  2002   0.0    0.0      0.0
                                      2001
  MONTH TO DATE    0.0                       0.0    0.0      0.0
  SINCE SEP 1      0.0                       0.0    0.0      0.0
  SINCE JUL 1      0.0                       0.0    0.0      0.0

DEGREE DAYS
 HEATING
  YESTERDAY        0                         3     -3        0
  MONTH TO DATE    1                        36    -35        0
  SINCE SEP 1      3                        43    -40        0
  SINCE JUL 1      3                        43    -40        0

 COOLING
  YESTERDAY        0                         3     -3       16
  MONTH TO DATE  177                        77    100      163
  SINCE SEP 1    521                       404    117      636
  SINCE JAN 1   2446                      2203    243     2710
..................................................................


WIND (MPH)
  HIGHEST WIND SPEED    15   HIGHEST WIND DIRECTION    SE (130)
  HIGHEST GUST SPEED    18   HIGHEST GUST DIRECTION    SE (120)
  AVERAGE WIND SPEED     4.3


SKY COVER
  POSSIBLE SUNSHINE  MM
  AVERAGE SKY COVER 0.0


WEATHER CONDITIONS
 THE FOLLOWING WEATHER WAS RECORDED YESTERDAY.
  NO SIGNIFICANT WEATHER WAS OBSERVED.


RELATIVE HUMIDITY (PERCENT)
 HIGHEST    86           200 AM
 LOWEST     35           200 PM
 AVERAGE    61

..........................................................


THE JACKSON CLIMATE NORMALS FOR TODAY
                         NORMAL    RECORD    YEAR
 MAXIMUM TEMPERATURE (F)   76        93      1921
 MINIMUM TEMPERATURE (F)   52        31      1948


SUNRISE AND SUNSET
OCTOBER 19 2017.......SUNRISE   707 AM CDT   SUNSET   623 PM CDT
OCTOBER 20 2017.......SUNRISE   708 AM CDT   SUNSET   622 PM CDT


-  INDICATES NEGATIVE NUMBERS.
R  INDICATES RECORD WAS SET OR TIED.
MM INDICATES DATA IS MISSING.
T  INDICATES TRACE AMOUNT.

&&

AT 2 AM:

THE PEARL RIVER STAGE AT JACKSON WAS 3.6 FEET. THE RIVER LEVEL
REMAINED STEADY OVER THE PAST 24 HOURS.

THE MISSISSIPPI RIVER STAGE AT VICKSBURG WAS 12.7 FEET. THE RIVER
LEVEL ROSE BY 1.0 FEET OVER THE PAST 24 HOURS.

$$
