000
CDUS44 KJAN 260859 CCA
CLIJAN

CLIMATE REPORT...CORRECTED
NATIONAL WEATHER SERVICE JACKSON MS
358 AM CDT WED APR 26 2017

CORRECTED TO INCLUDE RIVER STAGE DATA.

...................................

...THE JACKSON CLIMATE SUMMARY FOR APRIL 25 2017...

CLIMATE NORMAL PERIOD 1981 TO 2010
CLIMATE RECORD PERIOD 1896 TO 2017


WEATHER ITEM   OBSERVED TIME   RECORD YEAR NORMAL DEPARTURE LAST
                VALUE   (LST)  VALUE       VALUE  FROM      YEAR
                                                  NORMAL
..................................................................
TEMPERATURE (F)
 YESTERDAY
  MAXIMUM         83    308 PM  90    1925  78      5       83
  MINIMUM         51    528 AM  31    1910  55     -4       58
  AVERAGE         67                        66      1       71

PRECIPITATION (IN)
  YESTERDAY        0.00          3.48 1929   0.15  -0.15     0.00
  MONTH TO DATE    8.83                      4.27   4.56     6.78
  SINCE MAR 1     13.35                      9.31   4.04    19.02
  SINCE JAN 1     23.56                     19.04   4.52    30.62

SNOWFALL (IN)
  YESTERDAY        0.0           0.0         0.0    0.0      0.0
  MONTH TO DATE    0.0                       0.0    0.0      0.0
  SINCE MAR 1      0.0                       0.1   -0.1      0.0
  SINCE JUL 1      0.8                       0.8    0.0       T

DEGREE DAYS
 HEATING
  YESTERDAY        0                         2     -2        0
  MONTH TO DATE   33                       100    -67       45
  SINCE MAR 1    197                       378   -181      189
  SINCE JUL 1   1315                      2370  -1055     1580

 COOLING
  YESTERDAY        2                         3     -1        6
  MONTH TO DATE  104                        60     44       50
  SINCE MAR 1    189                        87    102      102
  SINCE JAN 1    247                        97    150      111
..................................................................


WIND (MPH)
  HIGHEST WIND SPEED    18   HIGHEST WIND DIRECTION    SE (150)
  HIGHEST GUST SPEED    25   HIGHEST GUST DIRECTION     S (200)
  AVERAGE WIND SPEED     8.1


SKY COVER
  POSSIBLE SUNSHINE  MM
  AVERAGE SKY COVER 0.0


WEATHER CONDITIONS
 THE FOLLOWING WEATHER WAS RECORDED YESTERDAY.
  NO SIGNIFICANT WEATHER WAS OBSERVED.


RELATIVE HUMIDITY (PERCENT)
 HIGHEST    93           300 AM
 LOWEST     39           400 PM
 AVERAGE    66

..........................................................


THE JACKSON CLIMATE NORMALS FOR TODAY
                         NORMAL    RECORD    YEAR
 MAXIMUM TEMPERATURE (F)   78        90      1989
                                             1925
 MINIMUM TEMPERATURE (F)   55        36      1910


SUNRISE AND SUNSET
APRIL 26 2017.........SUNRISE   619 AM CDT   SUNSET   738 PM CDT
APRIL 27 2017.........SUNRISE   618 AM CDT   SUNSET   739 PM CDT


-  INDICATES NEGATIVE NUMBERS.
R  INDICATES RECORD WAS SET OR TIED.
MM INDICATES DATA IS MISSING.
T  INDICATES TRACE AMOUNT.

&&

AT 1 AM:

THE PEARL RIVER STAGE AT JACKSON WAS 7.9 FEET. THE RIVER HAS
FALLEN 2.1 FEET OVER THE PAST 24 HOURS.

THE MISSISSIPPI RIVER STAGE AT VICKSBURG WAS 32.3 FEET. THE RIVER
HAS FALLEN 0.4 FEET OVER THE PAST 24 HOURS.

$$

NF
