000
CDUS44 KJAN 270657
CLIJAN


CLIMATE REPORT
NATIONAL WEATHER SERVICE JACKSON MS
1254 AM CST THU NOV 27 2014


...................................

...THE JACKSON CLIMATE SUMMARY FOR NOVEMBER 26 2014...

CLIMATE NORMAL PERIOD 1981 TO 2010
CLIMATE RECORD PERIOD 1896 TO 2014


WEATHER ITEM   OBSERVED TIME   RECORD YEAR NORMAL DEPARTURE LAST
                VALUE   (LST)  VALUE       VALUE  FROM      YEAR
                                                  NORMAL
..................................................................
TEMPERATURE (F)
 YESTERDAY
  MAXIMUM         67    353 PM  84    1985  64      3       45
                                      1973
                                      1965
  MINIMUM         27    211 AM  21    1900  41    -14       37
  AVERAGE         47                        52     -5       41

PRECIPITATION (IN)
  YESTERDAY        0.00          3.64 1948   0.18  -0.18     1.09
  MONTH TO DATE    3.88                      4.01  -0.13     6.63
  SINCE SEP 1      8.58                     10.96  -2.38    16.10
  SINCE JAN 1     52.26                     48.24   4.02    59.76

SNOWFALL (IN)
  YESTERDAY        0.0           0.0    MM   0.0    0.0      0.0
  MONTH TO DATE    0.0                       0.0    0.0      0.0
  SINCE SEP 1      0.0                       0.0    0.0      0.0
  SINCE JUL 1      0.0                       0.0    0.0      0.0

DEGREE DAYS
 HEATING
  YESTERDAY       18                        13      5       24
  MONTH TO DATE  387                       247    140      277
  SINCE SEP 1    450                       354     96      359
  SINCE JUL 1    450                       354     96      359

 COOLING
  YESTERDAY        0                         0      0        0
  MONTH TO DATE    3                        21    -18       15
  SINCE SEP 1    551                       453     98      583
  SINCE JAN 1   2281                      2252     29     2347
..................................................................


WIND (MPH)
  HIGHEST WIND SPEED    25   HIGHEST WIND DIRECTION    SW (230)
  HIGHEST GUST SPEED    MM   HIGHEST GUST DIRECTION    MM
  AVERAGE WIND SPEED     7.6


SKY COVER
  POSSIBLE SUNSHINE  MM
  AVERAGE SKY COVER 0.1


WEATHER CONDITIONS
 THE FOLLOWING WEATHER WAS RECORDED YESTERDAY.
  NO SIGNIFICANT WEATHER WAS OBSERVED.


RELATIVE HUMIDITY (PERCENT)
 HIGHEST    92           200 AM
 LOWEST     28           100 PM
 AVERAGE    60

..........................................................


THE JACKSON CLIMATE NORMALS FOR TODAY
                         NORMAL    RECORD    YEAR
 MAXIMUM TEMPERATURE (F)   63        83      1989
                                             1985
 MINIMUM TEMPERATURE (F)   41        15      1903


SUNRISE AND SUNSET
NOVEMBER 27 2014......SUNRISE   640 AM CST   SUNSET   456 PM CST
NOVEMBER 28 2014......SUNRISE   641 AM CST   SUNSET   455 PM CST


-  INDICATES NEGATIVE NUMBERS.
R  INDICATES RECORD WAS SET OR TIED.
MM INDICATES DATA IS MISSING.
T  INDICATES TRACE AMOUNT.

&&

THIS MORNING:

THE PEARL RIVER STAGE AT JACKSON WAS 4.2 FEET. THE RIVER HAS FALLEN
0.5 FEET OVER THE PAST 24 HOURS.

THE MISSISSIPPI RIVER STAGE AT VICKSBURG WAS 13.0 FEET. THE RIVER
HAS RISEN 0.8 FEET OVER THE PAST 24 HOURS.



$$
