000
CDUS44 KJAN 012223
CLIJAN


CLIMATE REPORT
NATIONAL WEATHER SERVICE JACKSON MS
417 PM CST SUN MAR 1 2015


...................................

...THE JACKSON CLIMATE SUMMARY FOR MARCH 1 2015...
VALID TODAY AS OF 0400 PM LOCAL TIME.

CLIMATE NORMAL PERIOD 1981 TO 2010
CLIMATE RECORD PERIOD 1896 TO 2015


WEATHER ITEM   OBSERVED TIME   RECORD YEAR NORMAL DEPARTURE LAST
                VALUE   (LST)  VALUE       VALUE  FROM      YEAR
                                                  NORMAL
..................................................................
TEMPERATURE (F)
 TODAY
  MAXIMUM         58    359 PM  83    2012  64     -6       78
                                      1972
  MINIMUM         46    232 AM  18    1968  42      4       51
  AVERAGE         52                        53     -1       65

PRECIPITATION (IN)
  TODAY            0.73          2.19 1994   0.17   0.56     0.00
  MONTH TO DATE    0.73                      0.17   0.56     0.00
  SINCE MAR 1      0.73                      0.17   0.56     0.00
  SINCE JAN 1     10.93                      9.90   1.03     7.05

SNOWFALL (IN)
  TODAY            0.0           0.2  2009   0.0    0.0      0.0
  MONTH TO DATE    0.0                       0.0    0.0      0.0
  SINCE MAR 1      0.0                       0.0    0.0      0.0
  SINCE JUL 1      T                         0.7   -0.7      0.8

DEGREE DAYS
 HEATING
  TODAY           13                        12      1        0
  MONTH TO DATE   13                        12      1        0
  SINCE MAR 1     13                        12      1        0
  SINCE JUL 1   2139                      2004    135     2266

 COOLING
  TODAY            0                         0      0        0
  MONTH TO DATE    0                         0      0        0
  SINCE MAR 1      0                         0      0        0
  SINCE JAN 1      0                        10    -10        6
..................................................................


WIND (MPH)
  HIGHEST WIND SPEED    20   HIGHEST WIND DIRECTION    SE (130)
  HIGHEST GUST SPEED    23   HIGHEST GUST DIRECTION    SE (130)
  AVERAGE WIND SPEED     7.4


SKY COVER
  POSSIBLE SUNSHINE  MM
  AVERAGE SKY COVER 0.8


WEATHER CONDITIONS
 THE FOLLOWING WEATHER WAS RECORDED TODAY.
  HEAVY RAIN
  RAIN
  FOG


RELATIVE HUMIDITY (PERCENT)
 HIGHEST   100           400 PM
 LOWEST     71          1200 AM
 AVERAGE    86

..........................................................


THE JACKSON CLIMATE NORMALS FOR TOMORROW
                         NORMAL    RECORD    YEAR
 MAXIMUM TEMPERATURE (F)   65        86      1918
 MINIMUM TEMPERATURE (F)   42        19      1980


SUNRISE AND SUNSET
MARCH  1 2015.........SUNRISE   628 AM CST   SUNSET   558 PM CST
MARCH  2 2015.........SUNRISE   627 AM CST   SUNSET   559 PM CST


-  INDICATES NEGATIVE NUMBERS.
R  INDICATES RECORD WAS SET OR TIED.
MM INDICATES DATA IS MISSING.
T  INDICATES TRACE AMOUNT.

&&

AT 4 PM:

THE PEARL RIVER STAGE AT JACKSON WAS 26.1 FEET. THE RIVER HAS
FALLEN 0.2 FEET OVER THE PAST 24 HOURS.

THE MISSISSIPPI RIVER STAGE AT VICKSBURG WAS 21.3 FEET. THE
RIVER HAS RISEN 1.5 FEET OVER THE PAST 24 HOURS.

THE AIR QUALITY INDEX AT JACKSON WAS 41...WHICH IS GOOD.

$$
