365
CDUS44 KJAN 210633
CLIJAN


CLIMATE REPORT
NATIONAL WEATHER SERVICE JACKSON MS
1232 AM CST WED FEB 21 2018


...................................

...THE JACKSON CLIMATE SUMMARY FOR FEBRUARY 20 2018...

CLIMATE NORMAL PERIOD 1981 TO 2010
CLIMATE RECORD PERIOD 1896 TO 2018


WEATHER ITEM   OBSERVED TIME   RECORD YEAR NORMAL DEPARTURE LAST
                VALUE   (LST)  VALUE       VALUE  FROM      YEAR
                                                  NORMAL
..................................................................
TEMPERATURE (F)
 YESTERDAY
  MAXIMUM         84R   252 PM  83    2017  62     22       83
                                      1986
  MINIMUM         65    608 AM  20    1978  40     25       55
  AVERAGE         75                        51     24       69

PRECIPITATION (IN)
  YESTERDAY        0.00          1.89 1953   0.17  -0.17     0.13
  MONTH TO DATE    6.08                      3.44   2.64     0.73
  SINCE DEC 1     12.83                     13.56  -0.73    14.37
  SINCE JAN 1      9.16                      8.41   0.75     8.63

SNOWFALL (IN)
  YESTERDAY        0.0           T    1978   0.0    0.0      0.0
                                      1959
  MONTH TO DATE    0.0                       0.1   -0.1      0.0
  SINCE DEC 1      5.9                       0.7    5.2      0.8
  SINCE JUL 1      5.9                       0.7    5.2      0.8

DEGREE DAYS
 HEATING
  YESTERDAY        0                        14    -14        0
  MONTH TO DATE  201                       331   -130      148
  SINCE DEC 1   1399                      1475    -76      872
  SINCE JUL 1   1658                      1883   -225     1076

 COOLING
  YESTERDAY       10                         0     10        4
  MONTH TO DATE   22                         0     22       22
  SINCE DEC 1     33                        12     21       75
  SINCE JAN 1     22                         4     18       45
..................................................................


WIND (MPH)
  HIGHEST WIND SPEED    25   HIGHEST WIND DIRECTION     S (160)
  HIGHEST GUST SPEED    32   HIGHEST GUST DIRECTION     S (180)
  AVERAGE WIND SPEED    13.1


SKY COVER
  POSSIBLE SUNSHINE  MM
  AVERAGE SKY COVER 0.5


WEATHER CONDITIONS
 THE FOLLOWING WEATHER WAS RECORDED YESTERDAY.
  NO SIGNIFICANT WEATHER WAS OBSERVED.


RELATIVE HUMIDITY (PERCENT)
 HIGHEST    93           500 AM
 LOWEST     55           200 PM
 AVERAGE    74

..........................................................


THE JACKSON CLIMATE NORMALS FOR TODAY
                         NORMAL    RECORD    YEAR
 MAXIMUM TEMPERATURE (F)   62        83      1909
 MINIMUM TEMPERATURE (F)   40        18      1978


SUNRISE AND SUNSET
FEBRUARY 21 2018......SUNRISE   637 AM CST   SUNSET   552 PM CST
FEBRUARY 22 2018......SUNRISE   636 AM CST   SUNSET   552 PM CST


-  INDICATES NEGATIVE NUMBERS.
R  INDICATES RECORD WAS SET OR TIED.
MM INDICATES DATA IS MISSING.
T  INDICATES TRACE AMOUNT.

&&

AT 1 AM:

THE PEARL RIVER STAGE AT JACKSON WAS 13.4 FEET. THE RIVER FELL 1.8
FEET OVER THE PAST 24 HOURS.

THE MISSISSIPPI RIVER STAGE AT VICKSBURG WAS 32.2 FEET. THE RIVER
ROSE 0.8 FOOT OVER THE PAST 24 HOURS.

$$
