000
CDUS44 KJAN 292116
CLIJAN


CLIMATE REPORT
NATIONAL WEATHER SERVICE JACKSON MS
414 PM CDT SAT AUG 29 2015


...................................

...THE JACKSON CLIMATE SUMMARY FOR AUGUST 29 2015...
VALID TODAY AS OF 0400 PM LOCAL TIME.

CLIMATE NORMAL PERIOD 1981 TO 2010
CLIMATE RECORD PERIOD 1896 TO 2015


WEATHER ITEM   OBSERVED TIME   RECORD YEAR NORMAL DEPARTURE LAST
                VALUE   (LST)  VALUE       VALUE  FROM      YEAR
                                                  NORMAL
..................................................................
TEMPERATURE (F)
 TODAY
  MAXIMUM         94    217 PM 104    2000  91      3       94
                                      1924
  MINIMUM         68    547 AM  55    1992  70     -2       73
  AVERAGE         81                        80      1       84

PRECIPITATION (IN)
  TODAY            0.00          3.90 2005   0.11  -0.11     0.00
  MONTH TO DATE    0.40                      4.02  -3.62     3.20
  SINCE JUN 1      8.33                     12.95  -4.62    11.77
  SINCE JAN 1     36.61                     37.06  -0.45    43.37

SNOWFALL (IN)
  TODAY            0.0           0.0  2002   0.0    0.0      0.0
                                      2001
  MONTH TO DATE    0.0                       0.0    0.0      0.0
  SINCE JUN 1      0.0                       0.0    0.0      0.0
  SINCE JUL 1      0.0                       0.0    0.0      0.0

DEGREE DAYS
 HEATING
  TODAY            0                         0      0        0
  MONTH TO DATE    0                         0      0        0
  SINCE JUN 1      0                         0      0        0
  SINCE JUL 1      0                         0      0        0

 COOLING
  TODAY           16                        15      1       19
  MONTH TO DATE  541                       477     64      486
  SINCE JUN 1   1641                      1414    227     1369
  SINCE JAN 1   2094                      1772    322     1700
..................................................................


WIND (MPH)
  HIGHEST WIND SPEED    16   HIGHEST WIND DIRECTION     S (170)
  HIGHEST GUST SPEED    28   HIGHEST GUST DIRECTION    SE (120)
  AVERAGE WIND SPEED     4.7


SKY COVER
  POSSIBLE SUNSHINE  MM
  AVERAGE SKY COVER 0.4


WEATHER CONDITIONS
 THE FOLLOWING WEATHER WAS RECORDED TODAY.
  NO SIGNIFICANT WEATHER WAS OBSERVED.


RELATIVE HUMIDITY (PERCENT)
 HIGHEST    90           400 AM
 LOWEST     28           300 PM
 AVERAGE    59

..........................................................


THE JACKSON CLIMATE NORMALS FOR TOMORROW
                         NORMAL    RECORD    YEAR
 MAXIMUM TEMPERATURE (F)   91       107      2000
 MINIMUM TEMPERATURE (F)   70        56      1992
                                             1986


SUNRISE AND SUNSET
AUGUST 29 2015........SUNRISE   633 AM CDT   SUNSET   729 PM CDT
AUGUST 30 2015........SUNRISE   634 AM CDT   SUNSET   727 PM CDT


-  INDICATES NEGATIVE NUMBERS.
R  INDICATES RECORD WAS SET OR TIED.
MM INDICATES DATA IS MISSING.
T  INDICATES TRACE AMOUNT.

&&

AT 4 PM:

THE PEARL RIVER STAGE AT JACKSON WAS 3.3 FEET. THE RIVER HAS
REMAINED STEADY OVER THE PAST 24 HOURS.

THE MISSISSIPPI RIVER STAGE AT VICKSBURG WAS 17.4 FEET. THE RIVER
HAS FALLEN 0.5 FEET OVER THE PAST 24 HOURS.

THE AIR QUALITY INDEX AT JACKSON WAS MODERATE.




$$
