000
CDUS42 KJAX 202137
CLIJAX


CLIMATE REPORT
NATIONAL WEATHER SERVICE JACKSONVILLE FL
536 PM EDT MON OCT 20 2014


...................................

...THE JACKSONVILLE CLIMATE SUMMARY FOR OCTOBER 20 2014...
VALID TODAY AS OF 0500 PM LOCAL TIME.

CLIMATE NORMAL PERIOD 1981 TO 2010
CLIMATE RECORD PERIOD 1871 TO 2014


WEATHER ITEM   OBSERVED TIME   RECORD YEAR NORMAL DEPARTURE LAST
                VALUE   (LST)  VALUE       VALUE  FROM      YEAR
                                                  NORMAL
..................................................................
TEMPERATURE (F)
 TODAY
  MAXIMUM         82    211 PM  89    2006  80      2       78
  MINIMUM         56    358 AM  40    1989  59     -3       65
                                      1981
  AVERAGE         69                        69      0       72

PRECIPITATION (IN)
  TODAY            0.00          3.87 1941   0.09  -0.09      T
  MONTH TO DATE    1.87                      3.06  -1.19     1.11
  SINCE SEP 1     11.67                     11.25   0.42     4.69
  SINCE JAN 1     47.76                     46.61   1.15    41.05

SNOWFALL (IN)
  TODAY            0.0           0.0  2002   0.0    0.0      0.0
                                      2001
  MONTH TO DATE    0.0                       0.0    0.0      0.0
  SINCE SEP 1      0.0                       0.0    0.0      0.0
  SINCE JUL 1      0.0                       0.0    0.0      0.0
  SNOW DEPTH       0

DEGREE DAYS
 HEATING
  TODAY            0                         1     -1        0
  MONTH TO DATE    6                         8     -2        0
  SINCE SEP 1      6                         8     -2        0
  SINCE JUL 1      6                         8     -2        0

 COOLING
  TODAY            4                         5     -1        7
  MONTH TO DATE  140                       151    -11      174
  SINCE SEP 1    531                       547    -16      584
  SINCE JAN 1   2519                      2537    -18     2513
..................................................................


WIND (MPH)
  HIGHEST WIND SPEED    14   HIGHEST WIND DIRECTION     E (100)
  HIGHEST GUST SPEED    17   HIGHEST GUST DIRECTION    SE (120)
  AVERAGE WIND SPEED     3.7


SKY COVER
  POSSIBLE SUNSHINE  MM
  AVERAGE SKY COVER 0.5


WEATHER CONDITIONS
 THE FOLLOWING WEATHER WAS RECORDED TODAY.
  NO SIGNIFICANT WEATHER WAS OBSERVED.


RELATIVE HUMIDITY (PERCENT)
 HIGHEST   100           200 AM
 LOWEST     54          1200 PM
 AVERAGE    77

..........................................................


THE JACKSONVILLE CLIMATE NORMALS FOR TOMORROW
                         NORMAL    RECORD    YEAR
 MAXIMUM TEMPERATURE (F)   79        89      2005
                                             1993
 MINIMUM TEMPERATURE (F)   59        36      1989


SUNRISE AND SUNSET
OCTOBER 20 2014.......SUNRISE   732 AM EDT   SUNSET   650 PM EDT
OCTOBER 21 2014.......SUNRISE   733 AM EDT   SUNSET   649 PM EDT


-  INDICATES NEGATIVE NUMBERS.
R  INDICATES RECORD WAS SET OR TIED.
MM INDICATES DATA IS MISSING.
T  INDICATES TRACE AMOUNT.




$$
