000
CDUS42 KJAX 240627
CLIJAX


CLIMATE REPORT
NATIONAL WEATHER SERVICE JACKSONVILLE FL
126 AM EST FRI NOV 24 2017


...................................

...THE JACKSONVILLE CLIMATE SUMMARY FOR NOVEMBER 23 2017...

CLIMATE NORMAL PERIOD 1981 TO 2010
CLIMATE RECORD PERIOD 1871 TO 2017


WEATHER ITEM   OBSERVED TIME   RECORD YEAR NORMAL DEPARTURE LAST
                VALUE   (LST)  VALUE       VALUE  FROM      YEAR
                                                  NORMAL
..................................................................
TEMPERATURE (F)
 YESTERDAY
  MAXIMUM         65    420 PM  84    1992  72     -7       75
                                      1941
  MINIMUM         56   1159 PM  28    2000  49      7       50
  AVERAGE         61                        60      1       63

PRECIPITATION (IN)
  YESTERDAY        0.74          2.01 1998   0.06   0.68     0.00
  MONTH TO DATE    2.61                      1.61   0.00     0.02
  SINCE SEP 1     19.95                     13.73   6.22    13.89
  SINCE JAN 1     67.69                     49.09  18.60    36.23

SNOWFALL (IN)
  YESTERDAY        0.0           0.0  2001   0.0    0.0      0.0
  MONTH TO DATE    0.0                       0.0    0.0      0.0
  SINCE SEP 1      0.0                       0.0    0.0      0.0
  SINCE JUL 1      0.0                       0.0    0.0      0.0
  SNOW DEPTH       0

DEGREE DAYS
 HEATING
  YESTERDAY        4                         6     -2        2
  MONTH TO DATE   47                        97    -50       97
  SINCE SEP 1     79                       125    -46      112
  SINCE JUL 1     79                       125    -46      112

 COOLING
  YESTERDAY        0                         1     -1        0
  MONTH TO DATE   66                        52     14       33
  SINCE SEP 1    809                       645    164      690
  SINCE JAN 1   3010                      2635    375     2926
..................................................................


WIND (MPH)
  HIGHEST WIND SPEED    21   HIGHEST WIND DIRECTION    NE (40)
  HIGHEST GUST SPEED    26   HIGHEST GUST DIRECTION    NE (40)
  AVERAGE WIND SPEED    11.5


SKY COVER
  POSSIBLE SUNSHINE  MM
  AVERAGE SKY COVER 1.0


WEATHER CONDITIONS
 THE FOLLOWING WEATHER WAS RECORDED YESTERDAY.
  RAIN
  LIGHT RAIN
  FOG


RELATIVE HUMIDITY (PERCENT)
 HIGHEST   100          1200 AM
 LOWEST     87           500 PM
 AVERAGE    94

..........................................................


THE JACKSONVILLE CLIMATE NORMALS FOR TODAY
                         NORMAL    RECORD    YEAR
 MAXIMUM TEMPERATURE (F)   72        86      2014
 MINIMUM TEMPERATURE (F)   49        25      1970


SUNRISE AND SUNSET
NOVEMBER 24 2017......SUNRISE   701 AM EST   SUNSET   526 PM EST
NOVEMBER 25 2017......SUNRISE   701 AM EST   SUNSET   526 PM EST


-  INDICATES NEGATIVE NUMBERS.
R  INDICATES RECORD WAS SET OR TIED.
MM INDICATES DATA IS MISSING.
T  INDICATES TRACE AMOUNT.




$$
