000
CDUS42 KJAX 262128
CLIJAX


CLIMATE REPORT
NATIONAL WEATHER SERVICE JACKSONVILLE FL
528 PM EDT THU MAY 26 2016


...................................

...THE JACKSONVILLE CLIMATE SUMMARY FOR MAY 26 2016...
VALID TODAY AS OF 0500 PM LOCAL TIME.

CLIMATE NORMAL PERIOD 1981 TO 2010
CLIMATE RECORD PERIOD 1871 TO 2016


WEATHER ITEM   OBSERVED TIME   RECORD YEAR NORMAL DEPARTURE LAST
                VALUE   (LST)  VALUE       VALUE  FROM      YEAR
                                                  NORMAL
..................................................................
TEMPERATURE (F)
 TODAY
  MAXIMUM         85   1256 PM  99    1953  87     -2       88
  MINIMUM         62    548 AM  47    1979  66     -4       71
  AVERAGE         74                        77     -3       80

PRECIPITATION (IN)
  TODAY            0.00          2.40 1875   0.10  -0.10     0.00
  MONTH TO DATE    2.26                      1.91   0.35     0.14
  SINCE MAR 1      6.78                      8.50  -1.72     5.10
  SINCE JAN 1     14.43                     14.99  -0.56    11.50

SNOWFALL (IN)
  TODAY            0.0           0.0  2002   0.0    0.0      0.0
                                      2001
  MONTH TO DATE    0.0                       0.0    0.0      0.0
  SINCE MAR 1      0.0                       T      0.0      0.0
  SINCE JUL 1      0.0                       T      0.0       T
  SNOW DEPTH       0

DEGREE DAYS
 HEATING
  TODAY            0                         0      0        0
  MONTH TO DATE    6                         3      3        2
  SINCE MAR 1    101                       214   -113       89
  SINCE JUL 1    949                      1347   -398     1337

 COOLING
  TODAY            9                        12     -3       15
  MONTH TO DATE  244                       227     17      259
  SINCE MAR 1    496                       394    102      582
  SINCE JAN 1    520                       423     97      595
..................................................................


WIND (MPH)
  HIGHEST WIND SPEED    15   HIGHEST WIND DIRECTION     E (100)
  HIGHEST GUST SPEED    20   HIGHEST GUST DIRECTION     E (80)
  AVERAGE WIND SPEED     5.1


SKY COVER
  POSSIBLE SUNSHINE  MM
  AVERAGE SKY COVER 0.2


WEATHER CONDITIONS
 THE FOLLOWING WEATHER WAS RECORDED TODAY.
  NO SIGNIFICANT WEATHER WAS OBSERVED.


RELATIVE HUMIDITY (PERCENT)
 HIGHEST   100           100 AM
 LOWEST     34           100 PM
 AVERAGE    67

..........................................................


THE JACKSONVILLE CLIMATE NORMALS FOR TOMORROW
                         NORMAL    RECORD    YEAR
 MAXIMUM TEMPERATURE (F)   88        98      1989
                                             1962
                                             1874
 MINIMUM TEMPERATURE (F)   66        49      1979


SUNRISE AND SUNSET
MAY 26 2016...........SUNRISE   627 AM EDT   SUNSET   821 PM EDT
MAY 27 2016...........SUNRISE   626 AM EDT   SUNSET   822 PM EDT


-  INDICATES NEGATIVE NUMBERS.
R  INDICATES RECORD WAS SET OR TIED.
MM INDICATES DATA IS MISSING.
T  INDICATES TRACE AMOUNT.




$$
