000
CDUS42 KJAX 270531
CLIJAX


CLIMATE REPORT
NATIONAL WEATHER SERVICE JACKSONVILLE FL
1231 AM EST SAT DEC 27 2014


...................................

...THE JACKSONVILLE CLIMATE SUMMARY FOR DECEMBER 26 2014...

CLIMATE NORMAL PERIOD 1981 TO 2010
CLIMATE RECORD PERIOD 1871 TO 2014


WEATHER ITEM   OBSERVED TIME   RECORD YEAR NORMAL DEPARTURE LAST
                VALUE   (LST)  VALUE       VALUE  FROM      YEAR
                                                  NORMAL
..................................................................
TEMPERATURE (F)
 YESTERDAY
  MAXIMUM         67    226 PM  83    1987  65      2       56
  MINIMUM         38    429 AM  13    1983  42     -4       47
  AVERAGE         53                        54     -1       52

PRECIPITATION (IN)
  YESTERDAY        0.00          1.59 1878   0.10  -0.10      T
  MONTH TO DATE    3.72                      2.37   1.35     0.68
  SINCE DEC 1      3.72                      2.37   1.35     0.68
  SINCE JAN 1     55.44                     51.96   3.48    45.04

SNOWFALL (IN)
  YESTERDAY        0.0           T    2010   0.0    0.0      0.0
  MONTH TO DATE    0.0                       0.0    0.0      0.0
  SINCE DEC 1      0.0                       0.0    0.0      0.0
  SINCE JUL 1      0.0                       0.0    0.0      0.0
  SNOW DEPTH       0

DEGREE DAYS
 HEATING
  YESTERDAY       12                        12      0       13
  MONTH TO DATE  212                       262    -50      169
  SINCE DEC 1    212                       262    -50      169
  SINCE JUL 1    496                       435     61      325

 COOLING
  YESTERDAY        0                         0      0        0
  MONTH TO DATE   17                        23     -6       50
  SINCE DEC 1     17                        23     -6       50
  SINCE JAN 1   2596                      2667    -71     2649
..................................................................


WIND (MPH)
  HIGHEST WIND SPEED    12   HIGHEST WIND DIRECTION    NE (50)
  HIGHEST GUST SPEED    14   HIGHEST GUST DIRECTION     E (80)
  AVERAGE WIND SPEED     3.7


SKY COVER
  POSSIBLE SUNSHINE  MM
  AVERAGE SKY COVER 0.3


WEATHER CONDITIONS
 THE FOLLOWING WEATHER WAS RECORDED YESTERDAY.
  FOG


RELATIVE HUMIDITY (PERCENT)
 HIGHEST   100          1200 AM
 LOWEST     58           100 PM
 AVERAGE    79

..........................................................


THE JACKSONVILLE CLIMATE NORMALS FOR TODAY
                         NORMAL    RECORD    YEAR
 MAXIMUM TEMPERATURE (F)   65        81      2008
                                             1875
 MINIMUM TEMPERATURE (F)   42        23      1935


SUNRISE AND SUNSET
DECEMBER 27 2014......SUNRISE   722 AM EST   SUNSET   534 PM EST
DECEMBER 28 2014......SUNRISE   723 AM EST   SUNSET   534 PM EST


-  INDICATES NEGATIVE NUMBERS.
R  INDICATES RECORD WAS SET OR TIED.
MM INDICATES DATA IS MISSING.
T  INDICATES TRACE AMOUNT.




$$
