000
CDUS42 KJAX 240531
CLIJAX


CLIMATE REPORT
NATIONAL WEATHER SERVICE JACKSONVILLE FL
130 AM EDT FRI OCT 24 2014


...................................

...THE JACKSONVILLE CLIMATE SUMMARY FOR OCTOBER 23 2014...

CLIMATE NORMAL PERIOD 1981 TO 2010
CLIMATE RECORD PERIOD 1871 TO 2014


WEATHER ITEM   OBSERVED TIME   RECORD YEAR NORMAL DEPARTURE LAST
                VALUE   (LST)  VALUE       VALUE  FROM      YEAR
                                                  NORMAL
..................................................................
TEMPERATURE (F)
 YESTERDAY
  MAXIMUM         73    320 PM  88    2007  79     -6       76
                                      1981
  MINIMUM         49   1159 PM  40    1976  58     -9       53
  AVERAGE         61                        68     -7       65

PRECIPITATION (IN)
  YESTERDAY        0.00          3.60 1938   0.08  -0.08     0.26
  MONTH TO DATE    1.87                      3.32  -1.45     1.58
  SINCE SEP 1     11.67                     11.51   0.16     5.16
  SINCE JAN 1     47.76                     46.87   0.89    41.52

SNOWFALL (IN)
  YESTERDAY        0.0           0.0  2002   0.0    0.0      0.0
                                      2001
  MONTH TO DATE    0.0                       0.0    0.0      0.0
  SINCE SEP 1      0.0                       0.0    0.0      0.0
  SINCE JUL 1      0.0                       0.0    0.0      0.0
  SNOW DEPTH       0

DEGREE DAYS
 HEATING
  YESTERDAY        4                         1      3        0
  MONTH TO DATE   12                        11      1        0
  SINCE SEP 1     12                        11      1        0
  SINCE JUL 1     12                        11      1        0

 COOLING
  YESTERDAY        0                         5     -5        0
  MONTH TO DATE  146                       166    -20      189
  SINCE SEP 1    537                       562    -25      599
  SINCE JAN 1   2525                      2552    -27     2528
..................................................................


WIND (MPH)
  HIGHEST WIND SPEED    15   HIGHEST WIND DIRECTION    NE (30)
  HIGHEST GUST SPEED    17   HIGHEST GUST DIRECTION     N (20)
  AVERAGE WIND SPEED     5.5


SKY COVER
  POSSIBLE SUNSHINE  MM
  AVERAGE SKY COVER 0.1


WEATHER CONDITIONS
 THE FOLLOWING WEATHER WAS RECORDED YESTERDAY.
  NO SIGNIFICANT WEATHER WAS OBSERVED.


RELATIVE HUMIDITY (PERCENT)
 HIGHEST    96          1200 AM
 LOWEST     38           400 PM
 AVERAGE    67

..........................................................


THE JACKSONVILLE CLIMATE NORMALS FOR TODAY
                         NORMAL    RECORD    YEAR
 MAXIMUM TEMPERATURE (F)   79        87      1927
 MINIMUM TEMPERATURE (F)   58        37      2006


SUNRISE AND SUNSET
OCTOBER 24 2014.......SUNRISE   735 AM EDT   SUNSET   646 PM EDT
OCTOBER 25 2014.......SUNRISE   736 AM EDT   SUNSET   645 PM EDT


-  INDICATES NEGATIVE NUMBERS.
R  INDICATES RECORD WAS SET OR TIED.
MM INDICATES DATA IS MISSING.
T  INDICATES TRACE AMOUNT.




$$
