000
CDUS42 KJAX 020531
CLIJAX


CLIMATE REPORT
NATIONAL WEATHER SERVICE JACKSONVILLE FL
1230 AM EST MON MAR 2 2015


...................................

...THE JACKSONVILLE CLIMATE SUMMARY FOR MARCH 1 2015...

CLIMATE NORMAL PERIOD 1981 TO 2010
CLIMATE RECORD PERIOD 1871 TO 2015


WEATHER ITEM   OBSERVED TIME   RECORD YEAR NORMAL DEPARTURE LAST
                VALUE   (LST)  VALUE       VALUE  FROM      YEAR
                                                  NORMAL
..................................................................
TEMPERATURE (F)
 YESTERDAY
  MAXIMUM         63    408 PM  87    1997  71     -8       70
  MINIMUM         49    822 AM  28    1941  47      2       45
  AVERAGE         56                        59     -3       58

PRECIPITATION (IN)
  YESTERDAY        0.20          4.36 2003   0.14   0.06     0.00
  MONTH TO DATE    0.20                      0.14   0.06     0.00
  SINCE MAR 1      0.20                      0.14   0.06     0.00
  SINCE JAN 1      6.60                      6.63  -0.03     9.71

SNOWFALL (IN)
  YESTERDAY        0.0           0.5  1986   0.0    0.0      0.0
  MONTH TO DATE    0.0                       0.0    0.0      0.0
  SINCE MAR 1      0.0                       0.0    0.0      0.0
  SINCE JUL 1      T                         T      0.0      0.0
  SNOW DEPTH       0

DEGREE DAYS
 HEATING
  YESTERDAY        9                         7      2        7
  MONTH TO DATE    9                         7      2        7
  SINCE MAR 1      9                         7      2        7
  SINCE JUL 1   1257                      1140    117     1084

 COOLING
  YESTERDAY        0                         1     -1        0
  MONTH TO DATE    0                         1     -1        0
  SINCE MAR 1      0                         1     -1        0
  SINCE JAN 1     13                        30    -17       30
..................................................................


WIND (MPH)
  HIGHEST WIND SPEED    15   HIGHEST WIND DIRECTION    NE (30)
  HIGHEST GUST SPEED    18   HIGHEST GUST DIRECTION    NE (30)
  AVERAGE WIND SPEED     6.9


SKY COVER
  POSSIBLE SUNSHINE  MM
  AVERAGE SKY COVER 1.0


WEATHER CONDITIONS
 THE FOLLOWING WEATHER WAS RECORDED YESTERDAY.
  RAIN
  LIGHT RAIN
  FOG
  FOG W/VISIBILITY <= 1/4 MILE


RELATIVE HUMIDITY (PERCENT)
 HIGHEST   100          1200 AM
 LOWEST     84           300 PM
 AVERAGE    92

..........................................................


THE JACKSONVILLE CLIMATE NORMALS FOR TODAY
                         NORMAL    RECORD    YEAR
 MAXIMUM TEMPERATURE (F)   71        86      1997
                                             1971
                                             1953
 MINIMUM TEMPERATURE (F)   47        27      1890


SUNRISE AND SUNSET
MARCH  2 2015.........SUNRISE   652 AM EST   SUNSET   626 PM EST
MARCH  3 2015.........SUNRISE   651 AM EST   SUNSET   627 PM EST


-  INDICATES NEGATIVE NUMBERS.
R  INDICATES RECORD WAS SET OR TIED.
MM INDICATES DATA IS MISSING.
T  INDICATES TRACE AMOUNT.




$$
